-- Table structure for table `orders`
--

CREATE TABLE `orders` (
  `id` bigint UNSIGNED NOT NULL,
  `order_group_id` int NOT NULL,
  `user_id` int DEFAULT NULL,
  `guest_user_id` int DEFAULT NULL,
  `location_id` int DEFAULT NULL,
  `delivery_status` varchar(191) COLLATE utf8mb4_unicode_ci NOT NULL DEFAULT 'order_placed',
  `payment_status` varchar(191) COLLATE utf8mb4_unicode_ci NOT NULL DEFAULT 'unpaid',
  `applied_coupon_code` varchar(191) COLLATE utf8mb4_unicode_ci DEFAULT NULL,
  `coupon_discount_amount` double NOT NULL DEFAULT '0',
  `admin_earning_percentage` double NOT NULL DEFAULT '0' COMMENT 'how much in percentage seller will pay to admin for each sell',
  `total_admin_earnings` double NOT NULL DEFAULT '0',
  `logistic_id` int DEFAULT NULL,
  `logistic_name` varchar(191) COLLATE utf8mb4_unicode_ci DEFAULT NULL,
  `pickup_or_delivery` varchar(191) COLLATE utf8mb4_unicode_ci NOT NULL DEFAULT 'delivery',
  `pickup_hub_id` int DEFAULT NULL,
  `shipping_cost` double NOT NULL DEFAULT '0',
  `tips_amount` double NOT NULL DEFAULT '0',
  `reward_points` bigint NOT NULL DEFAULT '0',
  `created_at` timestamp NULL DEFAULT NULL,
  `updated_at` timestamp NULL DEFAULT NULL
) ENGINE=InnoDB DEFAULT CHARSET=utf8mb4 COLLATE=utf8mb4_unicode_ci;

--
-- Dumping data for table `orders`
--

INSERT INTO `orders` (`id`, `order_group_id`, `user_id`, `guest_user_id`, `location_id`, `delivery_status`, `payment_status`, `applied_coupon_code`, `coupon_discount_amount`, `admin_earning_percentage`, `total_admin_earnings`, `logistic_id`, `logistic_name`, `pickup_or_delivery`, `pickup_hub_id`, `shipping_cost`, `tips_amount`, `reward_points`, `created_at`, `updated_at`) VALUES
(1, 1, 3, NULL, 1, 'order_placed', 'unpaid', NULL, 0, 0, 25, 3, 'Fedex', 'delivery', NULL, 5, 0, 0, '2024-12-20 08:51:26', '2024-12-20 08:51:26'),
(2, 2, 4, NULL, 1, 'order_placed', 'unpaid', NULL, 0, 0, 25, 3, 'Fedex', 'delivery', NULL, 5, 0, 0, '2024-12-20 08:51:26', '2024-12-20 08:51:26'),
(3, 3, 5, NULL, 1, 'order_placed', 'unpaid', NULL, 0, 0, 25, 3, 'Fedex', 'delivery', NULL, 5, 0, 0, '2024-12-20 08:51:26', '2024-12-20 08:51:26'),
(4, 4, 6, NULL, 1, 'order_placed', 'unpaid', NULL, 0, 0, 25, 3, 'Fedex', 'delivery', NULL, 5, 0, 0, '2024-12-20 08:51:26', '2024-12-20 08:51:26'),
(5, 5, 2, NULL, 1, 'order_placed', 'paid', NULL, 0, 0, 47, 3, 'Fedex', 'delivery', NULL, 5, 0, 0, '2024-12-20 08:51:26', '2024-12-20 08:51:26'),
(6, 6, 7, NULL, 1, 'order_placed', 'paid', NULL, 0, 0, 50, 3, 'Fedex', 'delivery', NULL, 5, 0, 0, '2024-12-20 08:51:26', '2024-12-20 08:51:26'),
(7, 7, 8, NULL, 1, 'order_placed', 'paid', NULL, 0, 0, 73, 3, 'Fedex', 'delivery', NULL, 5, 0, 0, '2024-12-20 08:51:26', '2024-12-20 08:51:27'),
(8, 8, 9, NULL, 1, 'order_placed', 'paid', NULL, 0, 0, 156, 3, 'Fedex', 'delivery', NULL, 5, 0, 0, '2024-12-20 08:51:27', '2024-12-20 08:51:27'),
(9, 9, 10, NULL, 1, 'order_placed', 'paid', NULL, 0, 0, 134, 3, 'Fedex', 'delivery', NULL, 5, 0, 0, '2024-12-20 08:51:27', '2024-12-20 08:51:29');

-- --------------------------------------------------------

--
-- Table structure for table `order_groups`
--

CREATE TABLE `order_groups` (
  `id` bigint UNSIGNED NOT NULL,
  `user_id` int DEFAULT NULL,
  `guest_user_id` int DEFAULT NULL,
  `order_code` bigint NOT NULL,
  `shipping_address_id` int DEFAULT NULL,
  `billing_address_id` int DEFAULT NULL,
  `location_id` int DEFAULT NULL,
  `phone_no` varchar(191) COLLATE utf8mb4_unicode_ci DEFAULT NULL,
  `alternative_phone_no` varchar(191) COLLATE utf8mb4_unicode_ci DEFAULT NULL,
  `sub_total_amount` double NOT NULL DEFAULT '0',
  `total_tax_amount` double NOT NULL DEFAULT '0',
  `total_coupon_discount_amount` double NOT NULL DEFAULT '0',
  `total_shipping_cost` double NOT NULL DEFAULT '0',
  `grand_total_amount` double NOT NULL DEFAULT '0',
  `payment_method` varchar(191) COLLATE utf8mb4_unicode_ci NOT NULL DEFAULT 'cash_on_delivery',
  `payment_status` varchar(191) COLLATE utf8mb4_unicode_ci NOT NULL DEFAULT 'unpaid',
  `payment_details` longtext COLLATE utf8mb4_unicode_ci,
  `is_manual_payment` tinyint(1) NOT NULL DEFAULT '0',
  `manual_payment_details` longtext COLLATE utf8mb4_unicode_ci,
  `pos_order_address` text COLLATE utf8mb4_unicode_ci,
  `additional_discount_value` double NOT NULL DEFAULT '0',
  `additional_discount_type` varchar(191) COLLATE utf8mb4_unicode_ci NOT NULL DEFAULT 'flat',
  `total_discount_amount` double NOT NULL DEFAULT '0',
  `total_tips_amount` double NOT NULL DEFAULT '0',
  `created_at` timestamp NULL DEFAULT NULL,
  `updated_at` timestamp NULL DEFAULT NULL,
  `deleted_at` timestamp NULL DEFAULT NULL
) ENGINE=InnoDB DEFAULT CHARSET=utf8mb4 COLLATE=utf8mb4_unicode_ci;

--
-- Dumping data for table `order_groups`
--

INSERT INTO `order_groups` (`id`, `user_id`, `guest_user_id`, `order_code`, `shipping_address_id`, `billing_address_id`, `location_id`, `phone_no`, `alternative_phone_no`, `sub_total_amount`, `total_tax_amount`, `total_coupon_discount_amount`, `total_shipping_cost`, `grand_total_amount`, `payment_method`, `payment_status`, `payment_details`, `is_manual_payment`, `manual_payment_details`, `pos_order_address`, `additional_discount_value`, `additional_discount_type`, `total_discount_amount`, `total_tips_amount`, `created_at`, `updated_at`, `deleted_at`) VALUES
(1, 3, NULL, 10001, 2, 2, 1, '1-4578952512', '1-4578952512', 20, 0, 0, 5, 25, 'cash', 'unpaid', NULL, 0, NULL, NULL, 0, 'flat', 0, 0, '2024-12-20 08:51:26', '2024-12-20 08:51:26', NULL),
(2, 4, NULL, 10002, 2, 2, 1, '1-7485961545', '1-7485961545', 20, 0, 0, 5, 25, 'cash', 'unpaid', NULL, 0, NULL, NULL, 0, 'flat', 0, 0, '2024-12-20 08:51:26', '2024-12-20 08:51:26', NULL),
(3, 5, NULL, 10003, 2, 2, 1, '1-2563987448', '1-2563987448', 20, 0, 0, 5, 25, 'cash', 'unpaid', NULL, 0, NULL, NULL, 0, 'flat', 0, 0, '2024-12-20 08:51:26', '2024-12-20 08:51:26', NULL),
(4, 6, NULL, 10004, 2, 2, 1, '1-3565478912', '1-3565478912', 20, 0, 0, 5, 25, 'cash', 'unpaid', NULL, 0, NULL, NULL, 0, 'flat', 0, 0, '2024-12-20 08:51:26', '2024-12-20 08:51:26', NULL),
(5, 2, NULL, 10005, 2, 2, 1, '1-3565478912', '1-3565478912', 37, 0, 0, 5, 47, 'cash', 'paid', NULL, 0, NULL, NULL, 0, 'flat', 0, 0, '2024-12-20 08:51:26', '2024-12-20 08:51:26', NULL),
(6, 7, NULL, 10006, 2, 2, 1, '1-3565478912', '1-3565478912', 40, 0, 0, 5, 50, 'cash', 'paid', NULL, 0, NULL, NULL, 0, 'flat', 0, 0, '2024-12-20 08:51:26', '2024-12-20 08:51:26', NULL),
(7, 8, NULL, 10007, 2, 2, 1, '1-3565478912', '1-3565478912', 63, 0, 0, 5, 73, 'cash', 'paid', NULL, 0, NULL, NULL, 0, 'flat', 0, 0, '2024-12-20 08:51:26', '2024-12-20 08:51:27', NULL),
(8, 9, NULL, 10008, 2, 2, 1, '1-3565478912', '1-3565478912', 146, 0, 0, 5, 156, 'cash', 'paid', NULL, 0, NULL, NULL, 0, 'flat', 0, 0, '2024-12-20 08:51:27', '2024-12-20 08:51:27', NULL),
(9, 10, NULL, 10009, 2, 2, 1, '1-3565478912', '1-3565478912', 124, 0, 0, 5, 134, 'cash', 'paid', NULL, 0, NULL, NULL, 0, 'flat', 0, 0, '2024-12-20 08:51:27', '2024-12-20 08:51:28', NULL);

-- --------------------------------------------------------

--
-- Table structure for table `order_items`
--

CREATE TABLE `order_items` (
  `id` bigint UNSIGNED NOT NULL,
  `order_id` int NOT NULL,
  `product_variation_id` int NOT NULL,
  `qty` int NOT NULL DEFAULT '1',
  `location_id` int DEFAULT NULL,
  `unit_price` double NOT NULL DEFAULT '0',
  `total_tax` double NOT NULL DEFAULT '0',
  `total_price` double NOT NULL DEFAULT '0',
  `reward_points` bigint NOT NULL DEFAULT '0',
  `is_refunded` tinyint NOT NULL DEFAULT '0',
  `created_at` timestamp NULL DEFAULT NULL,
  `updated_at` timestamp NULL DEFAULT NULL,
  `vendor_id` bigint UNSIGNED NOT NULL DEFAULT '1',
  `total_shipping_cost` double NOT NULL DEFAULT '0',
  `delivery_status` varchar(191) COLLATE utf8mb4_unicode_ci NOT NULL DEFAULT 'order_placed',
  `payment_status` varchar(191) COLLATE utf8mb4_unicode_ci NOT NULL DEFAULT 'unpaid',
  `delivered_date` datetime DEFAULT NULL,
  `discount_value` double NOT NULL DEFAULT '0',
  `discount_type` varchar(191) COLLATE utf8mb4_unicode_ci DEFAULT NULL,
  `expected_delivery_date` date DEFAULT NULL
) ENGINE=InnoDB DEFAULT CHARSET=utf8mb4 COLLATE=utf8mb4_unicode_ci;

--
-- Dumping data for table `order_items`
--

INSERT INTO `order_items` (`id`, `order_id`, `product_variation_id`, `qty`, `location_id`, `unit_price`, `total_tax`, `total_price`, `reward_points`, `is_refunded`, `created_at`, `updated_at`, `vendor_id`, `total_shipping_cost`, `delivery_status`, `payment_status`, `delivered_date`, `discount_value`, `discount_type`, `expected_delivery_date`) VALUES
(1, 1, 1, 1, 1, 20, 0, 20, 0, 0, '2024-12-20 08:51:26', '2024-12-20 08:51:26', 1, 5, 'order_placed', 'unpaid', NULL, 0, NULL, '2024-12-23'),
(2, 2, 1, 1, 1, 20, 0, 20, 0, 0, '2024-12-20 08:51:26', '2024-12-20 08:51:26', 1, 5, 'order_placed', 'unpaid', NULL, 0, NULL, '2024-12-23'),
(3, 3, 1, 1, 1, 20, 0, 20, 0, 0, '2024-12-20 08:51:26', '2024-12-20 08:51:26', 1, 5, 'order_placed', 'unpaid', NULL, 0, NULL, '2024-12-23'),
(4, 4, 1, 1, 1, 20, 0, 20, 0, 0, '2024-12-20 08:51:26', '2024-12-20 08:51:26', 1, 5, 'order_placed', 'unpaid', NULL, 0, NULL, '2024-12-23'),
(5, 5, 121, 1, 1, 18, 0, 18, 0, 0, '2024-12-20 08:51:26', '2024-12-20 08:51:26', 58, 5, 'delivered', 'paid', '2024-12-20 14:21:26', 0, NULL, '2024-12-23'),
(6, 5, 123, 1, 1, 19, 0, 19, 0, 0, '2024-12-20 08:51:26', '2024-12-20 08:51:26', 58, 5, 'delivered', 'paid', '2024-12-20 14:21:26', 0, NULL, '2024-12-23'),
(7, 6, 131, 1, 1, 15, 0, 15, 0, 0, '2024-12-20 08:51:26', '2024-12-20 08:51:26', 59, 5, 'order_placed', 'paid', NULL, 0, NULL, '2024-12-23'),
(8, 6, 134, 1, 1, 25, 0, 25, 0, 0, '2024-12-20 08:51:26', '2024-12-20 08:51:26', 59, 5, 'order_placed', 'paid', NULL, 0, NULL, '2024-12-23'),
(9, 7, 139, 1, 1, 48, 0, 48, 0, 0, '2024-12-20 08:51:26', '2024-12-20 08:51:26', 60, 5, 'order_placed', 'paid', NULL, 0, NULL, '2024-12-23'),
(10, 7, 142, 1, 1, 15, 0, 15, 0, 0, '2024-12-20 08:51:27', '2024-12-20 08:51:27', 60, 5, 'order_placed', 'paid', NULL, 0, NULL, '2024-12-23'),
(11, 8, 146, 1, 1, 59, 0, 59, 0, 0, '2024-12-20 08:51:27', '2024-12-20 08:51:27', 61, 5, 'order_placed', 'paid', NULL, 0, NULL, '2024-12-23'),
(12, 8, 147, 1, 1, 87, 0, 87, 0, 0, '2024-12-20 08:51:27', '2024-12-20 08:51:27', 61, 5, 'order_placed', 'paid', NULL, 0, NULL, '2024-12-23'),
(13, 9, 149, 1, 1, 82, 0, 82, 0, 0, '2024-12-20 08:51:27', '2024-12-20 08:51:27', 18, 5, 'order_placed', 'paid', NULL, 0, NULL, '2024-12-23'),
(14, 9, 150, 1, 1, 42, 0, 42, 0, 0, '2024-12-20 08:51:27', '2024-12-20 08:51:27', 18, 5, 'order_placed', 'paid', NULL, 0, NULL, '2024-12-23');

-- --------------------------------------------------------

--
-- Table structure for table `order_updates`
--

CREATE TABLE `order_updates` (
  `id` bigint UNSIGNED NOT NULL,
  `order_id` int NOT NULL,
  `user_id` int NOT NULL,
  `note` text COLLATE utf8mb4_unicode_ci NOT NULL,
  `created_at` timestamp NULL DEFAULT NULL,
  `updated_at` timestamp NULL DEFAULT NULL,
  `deleted_at` timestamp NULL DEFAULT NULL
) ENGINE=InnoDB DEFAULT CHARSET=utf8mb4 COLLATE=utf8mb4_unicode_ci;

-- --------------------------------------------------------

--
-- Table structure for table `order_vendor_mapping`
--

CREATE TABLE `order_vendor_mapping` (
  `id` bigint UNSIGNED NOT NULL,
  `product_id` bigint UNSIGNED NOT NULL,
  `order_id` bigint UNSIGNED NOT NULL,
  `vendor_id` bigint UNSIGNED NOT NULL DEFAULT '1',
  `product_total_amount` double NOT NULL DEFAULT '0',
  `created_at` timestamp NULL DEFAULT NULL,
  `updated_at` timestamp NULL DEFAULT NULL
) ENGINE=InnoDB DEFAULT CHARSET=utf8mb4 COLLATE=utf8mb4_unicode_ci;

--
-- Dumping data for table `order_vendor_mapping`
--

INSERT INTO `order_vendor_mapping` (`id`, `product_id`, `order_id`, `vendor_id`, `product_total_amount`, `created_at`, `updated_at`) VALUES
(1, 1, 1, 1, 20, '2024-12-20 08:51:26', '2024-12-20 08:51:26'),
(2, 1, 2, 1, 20, '2024-12-20 08:51:26', '2024-12-20 08:51:26'),
(3, 1, 3, 1, 20, '2024-12-20 08:51:26', '2024-12-20 08:51:26'),
(4, 1, 4, 1, 20, '2024-12-20 08:51:26', '2024-12-20 08:51:26'),
(5, 50, 5, 58, 18, '2024-12-20 08:51:26', '2024-12-20 08:51:26'),
(6, 51, 5, 58, 19, '2024-12-20 08:51:26', '2024-12-20 08:51:26'),
(7, 55, 6, 59, 15, '2024-12-20 08:51:26', '2024-12-20 08:51:26'),
(8, 56, 6, 59, 25, '2024-12-20 08:51:26', '2024-12-20 08:51:26'),
(9, 58, 7, 60, 48, '2024-12-20 08:51:27', '2024-12-20 08:51:27'),
(10, 59, 7, 60, 15, '2024-12-20 08:51:27', '2024-12-20 08:51:27'),
(11, 61, 8, 61, 59, '2024-12-20 08:51:27', '2024-12-20 08:51:27'),
(12, 62, 8, 61, 87, '2024-12-20 08:51:27', '2024-12-20 08:51:27'),
(13, 64, 9, 18, 82, '2024-12-20 08:51:29', '2024-12-20 08:51:29'),
(14, 65, 9, 18, 42, '2024-12-20 08:51:29', '2024-12-20 08:51:29');

-- --------------------------------------------------------

--
-- Table structure for table `package_service_mappings`
--

CREATE TABLE `package_service_mappings` (
  `id` bigint UNSIGNED NOT NULL,
  `service_id` bigint UNSIGNED DEFAULT NULL,
  `service_package_id` bigint UNSIGNED NOT NULL,
  `created_at` timestamp NULL DEFAULT NULL,
  `updated_at` timestamp NULL DEFAULT NULL
) ENGINE=InnoDB DEFAULT CHARSET=utf8mb4 COLLATE=utf8mb4_unicode_ci;

-- --------------------------------------------------------

--
-- Table structure for table `pages`
--

CREATE TABLE `pages` (
  `id` bigint UNSIGNED NOT NULL,
  `name` varchar(191) COLLATE utf8mb4_unicode_ci NOT NULL,
  `slug` varchar(191) COLLATE utf8mb4_unicode_ci DEFAULT NULL,
  `type` varchar(191) COLLATE utf8mb4_unicode_ci DEFAULT NULL,
  `sequence` int DEFAULT NULL,
  `description` longtext COLLATE utf8mb4_unicode_ci,
  `status` tinyint NOT NULL DEFAULT '0',
  `created_by` int UNSIGNED DEFAULT NULL,
  `updated_by` int UNSIGNED DEFAULT NULL,
  `deleted_by` int UNSIGNED DEFAULT NULL,
  `created_at` timestamp NULL DEFAULT NULL,
  `updated_at` timestamp NULL DEFAULT NULL,
  `deleted_at` timestamp NULL DEFAULT NULL
) ENGINE=InnoDB DEFAULT CHARSET=utf8mb4 COLLATE=utf8mb4_unicode_ci;

--
-- Dumping data for table `pages`
--

INSERT INTO `pages` (`id`, `name`, `slug`, `type`, `sequence`, `description`, `status`, `created_by`, `updated_by`, `deleted_by`, `created_at`, `updated_at`, `deleted_at`) VALUES
(1, 'Privacy Policy', 'privacy-policy', 'privacy-policy', 1, '<p>This Privacy Policy is brought by Iqonic Design. Iqonic Design is the sole owner of a number of demo websites containing previews of WordPress website themes. This Privacy Policy shall apply to all Iqonic Design sites where this Privacy Policy is featured. This Privacy Policy describes how the Iqonic Design collects, uses, shares and secures personal information that you provide.</p><p>Iqonic Design does not share personal information of any kind with anyone. We will not sell or rent your name or personal information to any third party. We do not sell, rent or provide outside access to our mailing list or any data we store. Any data that a user stores via our facilities is wholly owned by that user or business. At any time, a user or business is free to take their data and leave, or to simply delete their data from our facilities.</p><p>Iqonic Design only collects specific personal information that is necessary for you to access and use our services. This personal information includes, but is not limited to, first and last name, email address, Country of residence.</p><p>Iqonic Design may release personal information if Iqonic Design is required to by law, search warrant, subpoena, court order or fraud investigation. We may also use personal information in a manner that does not identify you specifically nor allow you to be contacted but does identify certain criteria about our site’s users in general (such as we may inform third parties about the number of registered users, number of unique visitors, and the pages most frequently browsed).</p><p>&nbsp;</p><h5>Use of Information</h5><p><br></p><p>We use the information to enable your use of the site and its features and to assure security of use and prevent any potential abuse. We may use the information that we collect for a variety of purposes including:</p><p><strong>Promotion</strong>&nbsp;— With your consent we send promotional communications, such as providing you with information about products and services, features, surveys, newsletters, offers, promotions, contests and events;</p><p><strong>Safety and security</strong>&nbsp;— We use the information we have to verify accounts and activities, combat harmful conduct, detect and prevent spam and other bad experiences, maintain the integrity of the Platform, and promote safety and security.</p><p><strong>Product research and development</strong>&nbsp;— We use the information we have to develop, test and improve our Platform and Services, by conducting surveys and research, and testing and troubleshooting new products and features.</p><p><strong>Communication with you</strong>&nbsp;— We use the information we have to send you various communications, communicate with you about our products, and let you know about our policies and terms. We also use your information to respond to you when you contact us.</p><p>&nbsp;</p><h5>Amendments</h5><p><br></p><p>We may amend this Privacy Policy from time to time. When we amend this Privacy Policy, we will update this page accordingly and require you to accept the amendments in order to be permitted to continue using our services.</p><h5><br></h5><h5>Contact Us</h5><p>You can learn more about how privacy works within our site by contacting us. If you have questions about this Policy, you can contact us via email address provided. Additionally, we may also resolve any disputes you have with us in connection with our privacy policies and practices through direct contact. Write to us at&nbsp;<em>hello@iqonic.design</em></p><h5><br></h5><h5>Data Deletion Request</h5><p>To ensure the safety and privacy of your data, we offer a streamlined process for requesting its removal from our servers. To initiate the deletion process, kindly send an email from your registered email address to our dedicated email inbox at hello@iqonic.design Upon based on your request, our team will thoroughly examine the provided details and proceed with necessary actions in adherence to our privacy policies and legal obligations.</p>', 1, NULL, NULL, NULL, '2024-12-20 08:48:16', '2024-12-20 08:48:16', NULL),
(2, 'Terms & Conditions', 'terms-conditions', 'terms-conditions', 2, '<p>By accessing products on this site and placing an order from our website, you confirm that you are in agreement with and bound by the terms and conditions presented and outlined here. These terms apply to the entire website and any email or other type of communication between you and Iqonic Design. The Iqonic Design team is not liable for any direct, indirect, incidental or consequential damages, including, but not limited to, loss of data or profit, arising out of the use the materials on this site.</p><p>Iqonic Design will not be responsible for any outcome that may occur during the course of usage of our resources. We reserve the rights to change prices and revise the resources usage policy in any moment.</p><p>&nbsp;</p><h5><strong>Products</strong></h5><p><br></p><p>All products and services offered on this site are produced by Iqonic Design. You can access your download from your respective dashboard. We do not provide support for 3rd party software, plugins or libraries that you might have used with our products.</p><p>&nbsp;</p><h5>Security</h5><p><br></p><p>Iqonic Design does not process any order payments through the website. All payments are processed securely through RazorPay and Stripe, a third party online payment providers.</p><p>&nbsp;</p><h5>Cookie Policy</h5><p><br></p><p>A cookie is a file containing an identifier (a string of letters and numbers) that is sent by a web server to a web browser and is stored by the browser. The identifier is then sent back to the server each time the browser requests a page from the server. Our website uses cookies. By using our website and agreeing to this policy, you consent to our use of cookies in accordance with the terms of this policy.</p><p>We use session cookies to personalize the website for each user.</p><p>We use Google Analytics to analyze the use of our website. Our analytics service provider generates statistical and other information about website use by means of cookies. Deleting cookies will have a negative impact on the usability of the site. If you block cookies, you will not be able to use all the features on our website.</p><p>&nbsp;</p><h5>Refunds</h5><p><br></p><p>You can ask for refund against the item purchased under certain circumstances listed in our Refund Policy. In the event that you meet the applicable mark for receiving refund, Iqonic Design will issue you a refund and ask you to specify how the product turned down your item performance expectations.</p><p>&nbsp;</p><h5>Email</h5><p><br></p><p>By signing up on our website https://iqonic.design you agree to receive emails from us – Transactional as well as promotional (occasional).</p><p>&nbsp;</p><h5>Ownership</h5><p><br></p><p>Ownership of the product is governed by the usage license.</p><p>&nbsp;</p><h5>Changes about terms</h5><p><br></p><p>We may change/update our terms of use without any prior notice. If we change our terms and condition, we will post those changes on this page. Users can check latest version in here.</p>', 1, NULL, NULL, NULL, '2024-12-20 08:48:16', '2024-12-20 08:48:16', NULL);

-- --------------------------------------------------------

--
-- Table structure for table `password_resets`
--

CREATE TABLE `password_resets` (
  `email` varchar(191) COLLATE utf8mb4_unicode_ci NOT NULL,
  `token` varchar(191) COLLATE utf8mb4_unicode_ci NOT NULL,
  `created_at` timestamp NULL DEFAULT NULL
) ENGINE=InnoDB DEFAULT CHARSET=utf8mb4 COLLATE=utf8mb4_unicode_ci;

-- --------------------------------------------------------

--
-- Table structure for table `permissions`
--

CREATE TABLE `permissions` (
  `id` bigint UNSIGNED NOT NULL,
  `name` varchar(125) COLLATE utf8mb4_unicode_ci NOT NULL,
  `guard_name` varchar(125) COLLATE utf8mb4_unicode_ci NOT NULL,
  `is_fixed` tinyint(1) NOT NULL DEFAULT '0',
  `created_at` timestamp NULL DEFAULT NULL,
  `updated_at` timestamp NULL DEFAULT NULL
) ENGINE=InnoDB DEFAULT CHARSET=utf8mb4 COLLATE=utf8mb4_unicode_ci;

--
-- Dumping data for table `permissions`
--

INSERT INTO `permissions` (`id`, `name`, `guard_name`, `is_fixed`, `created_at`, `updated_at`) VALUES
(1, 'edit_settings', 'web', 1, '2024-12-20 08:45:37', '2024-12-20 08:45:37'),
(2, 'view_logs', 'web', 1, '2024-12-20 08:45:37', '2024-12-20 08:45:37'),
(3, 'view_booking', 'web', 1, '2024-12-20 08:45:37', '2024-12-20 08:45:37'),
(4, 'add_booking', 'web', 1, '2024-12-20 08:45:37', '2024-12-20 08:45:37'),
(5, 'edit_booking', 'web', 1, '2024-12-20 08:45:37', '2024-12-20 08:45:37'),
(6, 'delete_booking', 'web', 1, '2024-12-20 08:45:37', '2024-12-20 08:45:37'),
(7, 'view_boarding', 'web', 1, '2024-12-20 08:45:37', '2024-12-20 08:45:37'),
(8, 'add_boarding', 'web', 1, '2024-12-20 08:45:37', '2024-12-20 08:45:37'),
(9, 'edit_boarding', 'web', 1, '2024-12-20 08:45:37', '2024-12-20 08:45:37'),
(10, 'delete_boarding', 'web', 1, '2024-12-20 08:45:37', '2024-12-20 08:45:37'),
(11, 'view_boarding_booking', 'web', 1, '2024-12-20 08:45:37', '2024-12-20 08:45:37'),
(12, 'add_boarding_booking', 'web', 1, '2024-12-20 08:45:37', '2024-12-20 08:45:37'),
(13, 'edit_boarding_booking', 'web', 1, '2024-12-20 08:45:37', '2024-12-20 08:45:37'),
(14, 'delete_boarding_booking', 'web', 1, '2024-12-20 08:45:37', '2024-12-20 08:45:37'),
(15, 'view_boarder', 'web', 1, '2024-12-20 08:45:37', '2024-12-20 08:45:37'),
(16, 'add_boarder', 'web', 1, '2024-12-20 08:45:37', '2024-12-20 08:45:37'),
(17, 'edit_boarder', 'web', 1, '2024-12-20 08:45:37', '2024-12-20 08:45:37'),
(18, 'delete_boarder', 'web', 1, '2024-12-20 08:45:37', '2024-12-20 08:45:37'),
(19, 'view_facility', 'web', 1, '2024-12-20 08:45:37', '2024-12-20 08:45:37'),
(20, 'add_facility', 'web', 1, '2024-12-20 08:45:37', '2024-12-20 08:45:37'),
(21, 'edit_facility', 'web', 1, '2024-12-20 08:45:37', '2024-12-20 08:45:37'),
(22, 'delete_facility', 'web', 1, '2024-12-20 08:45:37', '2024-12-20 08:45:37'),
(23, 'view_veterinary', 'web', 1, '2024-12-20 08:45:37', '2024-12-20 08:45:37'),
(24, 'add_veterinary', 'web', 1, '2024-12-20 08:45:37', '2024-12-20 08:45:37'),
(25, 'edit_veterinary', 'web', 1, '2024-12-20 08:45:37', '2024-12-20 08:45:37'),
(26, 'delete_veterinary', 'web', 1, '2024-12-20 08:45:37', '2024-12-20 08:45:37'),
(27, 'view_veterinary_booking', 'web', 1, '2024-12-20 08:45:37', '2024-12-20 08:45:37'),
(28, 'add_veterinary_booking', 'web', 1, '2024-12-20 08:45:37', '2024-12-20 08:45:37'),
(29, 'edit_veterinary_booking', 'web', 1, '2024-12-20 08:45:37', '2024-12-20 08:45:37'),
(30, 'delete_veterinary_booking', 'web', 1, '2024-12-20 08:45:37', '2024-12-20 08:45:37'),
(31, 'view_veterinarian', 'web', 1, '2024-12-20 08:45:37', '2024-12-20 08:45:37'),
(32, 'add_veterinarian', 'web', 1, '2024-12-20 08:45:37', '2024-12-20 08:45:37'),
(33, 'edit_veterinarian', 'web', 1, '2024-12-20 08:45:37', '2024-12-20 08:45:37'),
(34, 'delete_veterinarian', 'web', 1, '2024-12-20 08:45:37', '2024-12-20 08:45:37'),
(35, 'view_veterinary_category', 'web', 1, '2024-12-20 08:45:37', '2024-12-20 08:45:37'),
(36, 'add_veterinary_category', 'web', 1, '2024-12-20 08:45:37', '2024-12-20 08:45:37'),
(37, 'edit_veterinary_category', 'web', 1, '2024-12-20 08:45:37', '2024-12-20 08:45:37'),
(38, 'delete_veterinary_category', 'web', 1, '2024-12-20 08:45:37', '2024-12-20 08:45:37'),
(39, 'view_veterinary_service', 'web', 1, '2024-12-20 08:45:37', '2024-12-20 08:45:37'),
(40, 'add_veterinary_service', 'web', 1, '2024-12-20 08:45:37', '2024-12-20 08:45:37'),
(41, 'edit_veterinary_service', 'web', 1, '2024-12-20 08:45:37', '2024-12-20 08:45:37'),
(42, 'delete_veterinary_service', 'web', 1, '2024-12-20 08:45:37', '2024-12-20 08:45:37'),
(43, 'view_grooming', 'web', 1, '2024-12-20 08:45:37', '2024-12-20 08:45:37'),
(44, 'add_grooming', 'web', 1, '2024-12-20 08:45:37', '2024-12-20 08:45:37'),
(45, 'edit_grooming', 'web', 1, '2024-12-20 08:45:37', '2024-12-20 08:45:37'),
(46, 'delete_grooming', 'web', 1, '2024-12-20 08:45:37', '2024-12-20 08:45:37'),
(47, 'view_grooming_booking', 'web', 1, '2024-12-20 08:45:37', '2024-12-20 08:45:37'),
(48, 'add_grooming_booking', 'web', 1, '2024-12-20 08:45:37', '2024-12-20 08:45:37'),
(49, 'edit_grooming_booking', 'web', 1, '2024-12-20 08:45:37', '2024-12-20 08:45:37'),
(50, 'delete_grooming_booking', 'web', 1, '2024-12-20 08:45:37', '2024-12-20 08:45:37'),
(51, 'view_groomer', 'web', 1, '2024-12-20 08:45:37', '2024-12-20 08:45:37'),
(52, 'add_groomer', 'web', 1, '2024-12-20 08:45:37', '2024-12-20 08:45:37'),
(53, 'edit_groomer', 'web', 1, '2024-12-20 08:45:37', '2024-12-20 08:45:37'),
(54, 'delete_groomer', 'web', 1, '2024-12-20 08:45:37', '2024-12-20 08:45:37'),
(55, 'view_grooming_category', 'web', 1, '2024-12-20 08:45:37', '2024-12-20 08:45:37'),
(56, 'add_grooming_category', 'web', 1, '2024-12-20 08:45:37', '2024-12-20 08:45:37'),
(57, 'edit_grooming_category', 'web', 1, '2024-12-20 08:45:37', '2024-12-20 08:45:37'),
(58, 'delete_grooming_category', 'web', 1, '2024-12-20 08:45:37', '2024-12-20 08:45:37'),
(59, 'view_grooming_service', 'web', 1, '2024-12-20 08:45:37', '2024-12-20 08:45:37'),
(60, 'add_grooming_service', 'web', 1, '2024-12-20 08:45:37', '2024-12-20 08:45:37'),
(61, 'edit_grooming_service', 'web', 1, '2024-12-20 08:45:37', '2024-12-20 08:45:37'),
(62, 'delete_grooming_service', 'web', 1, '2024-12-20 08:45:37', '2024-12-20 08:45:37'),
(63, 'view_traning', 'web', 1, '2024-12-20 08:45:37', '2024-12-20 08:45:37'),
(64, 'add_traning', 'web', 1, '2024-12-20 08:45:37', '2024-12-20 08:45:37'),
(65, 'edit_traning', 'web', 1, '2024-12-20 08:45:37', '2024-12-20 08:45:37'),
(66, 'delete_traning', 'web', 1, '2024-12-20 08:45:37', '2024-12-20 08:45:37'),
(67, 'view_training_booking', 'web', 1, '2024-12-20 08:45:37', '2024-12-20 08:45:37'),
(68, 'add_training_booking', 'web', 1, '2024-12-20 08:45:37', '2024-12-20 08:45:37'),
(69, 'edit_training_booking', 'web', 1, '2024-12-20 08:45:37', '2024-12-20 08:45:37'),
(70, 'delete_training_booking', 'web', 1, '2024-12-20 08:45:37', '2024-12-20 08:45:37'),
(71, 'view_trainer', 'web', 1, '2024-12-20 08:45:37', '2024-12-20 08:45:37'),
(72, 'add_trainer', 'web', 1, '2024-12-20 08:45:37', '2024-12-20 08:45:37'),
(73, 'edit_trainer', 'web', 1, '2024-12-20 08:45:37', '2024-12-20 08:45:37'),
(74, 'delete_trainer', 'web', 1, '2024-12-20 08:45:37', '2024-12-20 08:45:37'),
(75, 'view_training_type', 'web', 1, '2024-12-20 08:45:37', '2024-12-20 08:45:37'),
(76, 'add_training_type', 'web', 1, '2024-12-20 08:45:37', '2024-12-20 08:45:37'),
(77, 'edit_training_type', 'web', 1, '2024-12-20 08:45:37', '2024-12-20 08:45:37'),
(78, 'delete_training_type', 'web', 1, '2024-12-20 08:45:37', '2024-12-20 08:45:37'),
(79, 'view_traning_duration', 'web', 1, '2024-12-20 08:45:37', '2024-12-20 08:45:37'),
(80, 'add_traning_duration', 'web', 1, '2024-12-20 08:45:37', '2024-12-20 08:45:37'),
(81, 'edit_traning_duration', 'web', 1, '2024-12-20 08:45:37', '2024-12-20 08:45:37'),
(82, 'delete_traning_duration', 'web', 1, '2024-12-20 08:45:37', '2024-12-20 08:45:37'),
(83, 'view_walking', 'web', 1, '2024-12-20 08:45:37', '2024-12-20 08:45:37'),
(84, 'add_walking', 'web', 1, '2024-12-20 08:45:37', '2024-12-20 08:45:37'),
(85, 'edit_walking', 'web', 1, '2024-12-20 08:45:37', '2024-12-20 08:45:37'),
(86, 'delete_walking', 'web', 1, '2024-12-20 08:45:37', '2024-12-20 08:45:37'),
(87, 'view_walking_booking', 'web', 1, '2024-12-20 08:45:37', '2024-12-20 08:45:37'),
(88, 'add_walking_booking', 'web', 1, '2024-12-20 08:45:37', '2024-12-20 08:45:37'),
(89, 'edit_walking_booking', 'web', 1, '2024-12-20 08:45:37', '2024-12-20 08:45:37'),
(90, 'delete_walking_booking', 'web', 1, '2024-12-20 08:45:37', '2024-12-20 08:45:37'),
(91, 'view_booking_request', 'web', 1, '2024-12-20 08:45:37', '2024-12-20 08:45:37'),
(92, 'add_booking_request', 'web', 1, '2024-12-20 08:45:37', '2024-12-20 08:45:37'),
(93, 'edit_booking_request', 'web', 1, '2024-12-20 08:45:37', '2024-12-20 08:45:37'),
(94, 'delete_booking_request', 'web', 1, '2024-12-20 08:45:37', '2024-12-20 08:45:37'),
(95, 'view_walker', 'web', 1, '2024-12-20 08:45:37', '2024-12-20 08:45:37'),
(96, 'add_walker', 'web', 1, '2024-12-20 08:45:37', '2024-12-20 08:45:37'),
(97, 'edit_walker', 'web', 1, '2024-12-20 08:45:37', '2024-12-20 08:45:37'),
(98, 'delete_walker', 'web', 1, '2024-12-20 08:45:37', '2024-12-20 08:45:37'),
(99, 'view_walking_duration', 'web', 1, '2024-12-20 08:45:37', '2024-12-20 08:45:37'),
(100, 'add_walking_duration', 'web', 1, '2024-12-20 08:45:37', '2024-12-20 08:45:37'),
(101, 'edit_walking_duration', 'web', 1, '2024-12-20 08:45:37', '2024-12-20 08:45:37'),
(102, 'delete_walking_duration', 'web', 1, '2024-12-20 08:45:37', '2024-12-20 08:45:37'),
(103, 'view_daycare', 'web', 1, '2024-12-20 08:45:37', '2024-12-20 08:45:37'),
(104, 'add_daycare', 'web', 1, '2024-12-20 08:45:37', '2024-12-20 08:45:37'),
(105, 'edit_daycare', 'web', 1, '2024-12-20 08:45:37', '2024-12-20 08:45:37'),
(106, 'delete_daycare', 'web', 1, '2024-12-20 08:45:37', '2024-12-20 08:45:37'),
(107, 'view_daycare_booking', 'web', 1, '2024-12-20 08:45:37', '2024-12-20 08:45:37'),
(108, 'add_daycare_booking', 'web', 1, '2024-12-20 08:45:37', '2024-12-20 08:45:37'),
(109, 'edit_daycare_booking', 'web', 1, '2024-12-20 08:45:37', '2024-12-20 08:45:37'),
(110, 'delete_daycare_booking', 'web', 1, '2024-12-20 08:45:37', '2024-12-20 08:45:37'),
(111, 'view_care_taker', 'web', 1, '2024-12-20 08:45:37', '2024-12-20 08:45:37'),
(112, 'add_care_taker', 'web', 1, '2024-12-20 08:45:37', '2024-12-20 08:45:37'),
(113, 'edit_care_taker', 'web', 1, '2024-12-20 08:45:37', '2024-12-20 08:45:37'),
(114, 'delete_care_taker', 'web', 1, '2024-12-20 08:45:38', '2024-12-20 08:45:38'),
(115, 'view_pet_sitter', 'web', 1, '2024-12-20 08:45:38', '2024-12-20 08:45:38'),
(116, 'add_pet_sitter', 'web', 1, '2024-12-20 08:45:38', '2024-12-20 08:45:38'),
(117, 'edit_pet_sitter', 'web', 1, '2024-12-20 08:45:38', '2024-12-20 08:45:38'),
(118, 'delete_pet_sitter', 'web', 1, '2024-12-20 08:45:38', '2024-12-20 08:45:38'),
(119, 'view_pet_store', 'web', 1, '2024-12-20 08:45:38', '2024-12-20 08:45:38'),
(120, 'add_pet_store', 'web', 1, '2024-12-20 08:45:38', '2024-12-20 08:45:38'),
(121, 'edit_pet_store', 'web', 1, '2024-12-20 08:45:38', '2024-12-20 08:45:38'),
(122, 'delete_pet_store', 'web', 1, '2024-12-20 08:45:38', '2024-12-20 08:45:38'),
(123, 'view_service', 'web', 1, '2024-12-20 08:45:38', '2024-12-20 08:45:38'),
(124, 'add_service', 'web', 1, '2024-12-20 08:45:38', '2024-12-20 08:45:38'),
(125, 'edit_service', 'web', 1, '2024-12-20 08:45:38', '2024-12-20 08:45:38'),
(126, 'delete_service', 'web', 1, '2024-12-20 08:45:38', '2024-12-20 08:45:38'),
(127, 'add_assign_service', 'web', 1, '2024-12-20 08:45:38', '2024-12-20 08:45:38'),
(128, 'view_category', 'web', 1, '2024-12-20 08:45:38', '2024-12-20 08:45:38'),
(129, 'add_category', 'web', 1, '2024-12-20 08:45:38', '2024-12-20 08:45:38'),
(130, 'edit_category', 'web', 1, '2024-12-20 08:45:38', '2024-12-20 08:45:38'),
(131, 'delete_category', 'web', 1, '2024-12-20 08:45:38', '2024-12-20 08:45:38'),
(132, 'view_subcategory', 'web', 1, '2024-12-20 08:45:38', '2024-12-20 08:45:38'),
(133, 'add_subcategory', 'web', 1, '2024-12-20 08:45:38', '2024-12-20 08:45:38'),
(134, 'edit_subcategory', 'web', 1, '2024-12-20 08:45:38', '2024-12-20 08:45:38'),
(135, 'delete_subcategory', 'web', 1, '2024-12-20 08:45:38', '2024-12-20 08:45:38'),
(136, 'view_employees', 'web', 1, '2024-12-20 08:45:38', '2024-12-20 08:45:38'),
(137, 'add_employees', 'web', 1, '2024-12-20 08:45:38', '2024-12-20 08:45:38'),
(138, 'edit_employees', 'web', 1, '2024-12-20 08:45:38', '2024-12-20 08:45:38'),
(139, 'delete_employees', 'web', 1, '2024-12-20 08:45:38', '2024-12-20 08:45:38'),
(140, 'view_pending_employees', 'web', 1, '2024-12-20 08:45:38', '2024-12-20 08:45:38'),
(141, 'edit_employee_password', 'web', 1, '2024-12-20 08:45:38', '2024-12-20 08:45:38'),
(142, 'view_employee_earning', 'web', 1, '2024-12-20 08:45:38', '2024-12-20 08:45:38'),
(143, 'add_employee_earning', 'web', 1, '2024-12-20 08:45:38', '2024-12-20 08:45:38'),
(144, 'edit_employee_earning', 'web', 1, '2024-12-20 08:45:38', '2024-12-20 08:45:38'),
(145, 'delete_employee_earning', 'web', 1, '2024-12-20 08:45:38', '2024-12-20 08:45:38'),
(146, 'view_employee_payout', 'web', 1, '2024-12-20 08:45:38', '2024-12-20 08:45:38'),
(147, 'add_employee_payout', 'web', 1, '2024-12-20 08:45:38', '2024-12-20 08:45:38'),
(148, 'edit_employee_payout', 'web', 1, '2024-12-20 08:45:38', '2024-12-20 08:45:38'),
(149, 'delete_employee_payout', 'web', 1, '2024-12-20 08:45:38', '2024-12-20 08:45:38'),
(150, 'view_owners', 'web', 1, '2024-12-20 08:45:38', '2024-12-20 08:45:38'),
(151, 'add_owners', 'web', 1, '2024-12-20 08:45:38', '2024-12-20 08:45:38'),
(152, 'edit_owners', 'web', 1, '2024-12-20 08:45:38', '2024-12-20 08:45:38'),
(153, 'delete_owners', 'web', 1, '2024-12-20 08:45:38', '2024-12-20 08:45:38'),
(154, 'view_owner\'s_pet', 'web', 1, '2024-12-20 08:45:38', '2024-12-20 08:45:38'),
(155, 'add_owner\'s_pet', 'web', 1, '2024-12-20 08:45:38', '2024-12-20 08:45:38'),
(156, 'edit_owner\'s_pet', 'web', 1, '2024-12-20 08:45:38', '2024-12-20 08:45:38'),
(157, 'delete_owner\'s_pet', 'web', 1, '2024-12-20 08:45:38', '2024-12-20 08:45:38'),
(158, 'edit_user_password', 'web', 1, '2024-12-20 08:45:38', '2024-12-20 08:45:38'),
(159, 'view_review', 'web', 1, '2024-12-20 08:45:38', '2024-12-20 08:45:38'),
(160, 'add_review', 'web', 1, '2024-12-20 08:45:38', '2024-12-20 08:45:38'),
(161, 'edit_review', 'web', 1, '2024-12-20 08:45:38', '2024-12-20 08:45:38'),
(162, 'delete_review', 'web', 1, '2024-12-20 08:45:38', '2024-12-20 08:45:38'),
(163, 'view_order_review', 'web', 1, '2024-12-20 08:45:38', '2024-12-20 08:45:38'),
(164, 'add_order_review', 'web', 1, '2024-12-20 08:45:38', '2024-12-20 08:45:38'),
(165, 'edit_order_review', 'web', 1, '2024-12-20 08:45:38', '2024-12-20 08:45:38'),
(166, 'delete_order_review', 'web', 1, '2024-12-20 08:45:38', '2024-12-20 08:45:38'),
(167, 'view_tax', 'web', 1, '2024-12-20 08:45:38', '2024-12-20 08:45:38'),
(168, 'add_tax', 'web', 1, '2024-12-20 08:45:38', '2024-12-20 08:45:38'),
(169, 'edit_tax', 'web', 1, '2024-12-20 08:45:38', '2024-12-20 08:45:38'),
(170, 'delete_tax', 'web', 1, '2024-12-20 08:45:38', '2024-12-20 08:45:38'),
(171, 'view_events', 'web', 1, '2024-12-20 08:45:38', '2024-12-20 08:45:38'),
(172, 'add_events', 'web', 1, '2024-12-20 08:45:38', '2024-12-20 08:45:38'),
(173, 'edit_events', 'web', 1, '2024-12-20 08:45:38', '2024-12-20 08:45:38'),
(174, 'delete_events', 'web', 1, '2024-12-20 08:45:38', '2024-12-20 08:45:38'),
(175, 'view_blogs', 'web', 1, '2024-12-20 08:45:38', '2024-12-20 08:45:38'),
(176, 'add_blogs', 'web', 1, '2024-12-20 08:45:38', '2024-12-20 08:45:38'),
(177, 'edit_blogs', 'web', 1, '2024-12-20 08:45:38', '2024-12-20 08:45:38'),
(178, 'delete_blogs', 'web', 1, '2024-12-20 08:45:38', '2024-12-20 08:45:38'),
(179, 'view_syetem_service', 'web', 1, '2024-12-20 08:45:38', '2024-12-20 08:45:38'),
(180, 'add_syetem_service', 'web', 1, '2024-12-20 08:45:38', '2024-12-20 08:45:38'),
(181, 'edit_syetem_service', 'web', 1, '2024-12-20 08:45:38', '2024-12-20 08:45:38'),
(182, 'delete_syetem_service', 'web', 1, '2024-12-20 08:45:38', '2024-12-20 08:45:38'),
(183, 'view_pet', 'web', 1, '2024-12-20 08:45:38', '2024-12-20 08:45:38'),
(184, 'add_pet', 'web', 1, '2024-12-20 08:45:38', '2024-12-20 08:45:38'),
(185, 'edit_pet', 'web', 1, '2024-12-20 08:45:38', '2024-12-20 08:45:38'),
(186, 'delete_pet', 'web', 1, '2024-12-20 08:45:38', '2024-12-20 08:45:38'),
(187, 'view_pet_type', 'web', 1, '2024-12-20 08:45:38', '2024-12-20 08:45:38'),
(188, 'add_pet_type', 'web', 1, '2024-12-20 08:45:38', '2024-12-20 08:45:38'),
(189, 'edit_pet_type', 'web', 1, '2024-12-20 08:45:38', '2024-12-20 08:45:38'),
(190, 'delete_pet_type', 'web', 1, '2024-12-20 08:45:38', '2024-12-20 08:45:38'),
(191, 'view_breed', 'web', 1, '2024-12-20 08:45:38', '2024-12-20 08:45:38'),
(192, 'add_breed', 'web', 1, '2024-12-20 08:45:38', '2024-12-20 08:45:38'),
(193, 'edit_breed', 'web', 1, '2024-12-20 08:45:38', '2024-12-20 08:45:38'),
(194, 'delete_breed', 'web', 1, '2024-12-20 08:45:38', '2024-12-20 08:45:38'),
(195, 'view_reports', 'web', 1, '2024-12-20 08:45:38', '2024-12-20 08:45:38'),
(196, 'add_reports', 'web', 1, '2024-12-20 08:45:38', '2024-12-20 08:45:38'),
(197, 'edit_reports', 'web', 1, '2024-12-20 08:45:38', '2024-12-20 08:45:38'),
(198, 'delete_reports', 'web', 1, '2024-12-20 08:45:38', '2024-12-20 08:45:38'),
(199, 'view_daily_bookings', 'web', 1, '2024-12-20 08:45:38', '2024-12-20 08:45:38'),
(200, 'add_daily_bookings', 'web', 1, '2024-12-20 08:45:38', '2024-12-20 08:45:38'),
(201, 'edit_daily_bookings', 'web', 1, '2024-12-20 08:45:38', '2024-12-20 08:45:38'),
(202, 'delete_daily_bookings', 'web', 1, '2024-12-20 08:45:38', '2024-12-20 08:45:38'),
(203, 'view_overall_bookings', 'web', 1, '2024-12-20 08:45:38', '2024-12-20 08:45:38'),
(204, 'add_overall_bookings', 'web', 1, '2024-12-20 08:45:38', '2024-12-20 08:45:38'),
(205, 'edit_overall_bookings', 'web', 1, '2024-12-20 08:45:38', '2024-12-20 08:45:38'),
(206, 'delete_overall_bookings', 'web', 1, '2024-12-20 08:45:38', '2024-12-20 08:45:38'),
(207, 'view_order_reports', 'web', 1, '2024-12-20 08:45:38', '2024-12-20 08:45:38'),
(208, 'add_order_reports', 'web', 1, '2024-12-20 08:45:38', '2024-12-20 08:45:38'),
(209, 'edit_order_reports', 'web', 1, '2024-12-20 08:45:38', '2024-12-20 08:45:38'),
(210, 'delete_order_reports', 'web', 1, '2024-12-20 08:45:38', '2024-12-20 08:45:38'),
(211, 'view_page', 'web', 1, '2024-12-20 08:45:38', '2024-12-20 08:45:38'),
(212, 'add_page', 'web', 1, '2024-12-20 08:45:38', '2024-12-20 08:45:38'),
(213, 'edit_page', 'web', 1, '2024-12-20 08:45:38', '2024-12-20 08:45:38'),
(214, 'delete_page', 'web', 1, '2024-12-20 08:45:38', '2024-12-20 08:45:38'),
(215, 'view_setting', 'web', 1, '2024-12-20 08:45:38', '2024-12-20 08:45:38'),
(216, 'add_setting', 'web', 1, '2024-12-20 08:45:38', '2024-12-20 08:45:38'),
(217, 'edit_setting', 'web', 1, '2024-12-20 08:45:38', '2024-12-20 08:45:38'),
(218, 'delete_setting', 'web', 1, '2024-12-20 08:45:38', '2024-12-20 08:45:38'),
(219, 'view_notification', 'web', 1, '2024-12-20 08:45:38', '2024-12-20 08:45:38'),
(220, 'add_notification', 'web', 1, '2024-12-20 08:45:38', '2024-12-20 08:45:38'),
(221, 'edit_notification', 'web', 1, '2024-12-20 08:45:38', '2024-12-20 08:45:38'),
(222, 'delete_notification', 'web', 1, '2024-12-20 08:45:39', '2024-12-20 08:45:39'),
(223, 'view_notification_template', 'web', 1, '2024-12-20 08:45:39', '2024-12-20 08:45:39'),
(224, 'add_notification_template', 'web', 1, '2024-12-20 08:45:39', '2024-12-20 08:45:39'),
(225, 'edit_notification_template', 'web', 1, '2024-12-20 08:45:39', '2024-12-20 08:45:39'),
(226, 'delete_notification_template', 'web', 1, '2024-12-20 08:45:39', '2024-12-20 08:45:39'),
(227, 'view_app_banner', 'web', 1, '2024-12-20 08:45:39', '2024-12-20 08:45:39'),
(228, 'add_app_banner', 'web', 1, '2024-12-20 08:45:39', '2024-12-20 08:45:39'),
(229, 'edit_app_banner', 'web', 1, '2024-12-20 08:45:39', '2024-12-20 08:45:39'),
(230, 'delete_app_banner', 'web', 1, '2024-12-20 08:45:39', '2024-12-20 08:45:39'),
(231, 'view_constant', 'web', 1, '2024-12-20 08:45:39', '2024-12-20 08:45:39'),
(232, 'add_constant', 'web', 1, '2024-12-20 08:45:39', '2024-12-20 08:45:39'),
(233, 'edit_constant', 'web', 1, '2024-12-20 08:45:39', '2024-12-20 08:45:39'),
(234, 'delete_constant', 'web', 1, '2024-12-20 08:45:39', '2024-12-20 08:45:39'),
(235, 'view_permission', 'web', 1, '2024-12-20 08:45:39', '2024-12-20 08:45:39'),
(236, 'add_permission', 'web', 1, '2024-12-20 08:45:39', '2024-12-20 08:45:39'),
(237, 'edit_permission', 'web', 1, '2024-12-20 08:45:39', '2024-12-20 08:45:39'),
(238, 'delete_permission', 'web', 1, '2024-12-20 08:45:39', '2024-12-20 08:45:39'),
(239, 'view_modules', 'web', 1, '2024-12-20 08:45:39', '2024-12-20 08:45:39'),
(240, 'add_modules', 'web', 1, '2024-12-20 08:45:39', '2024-12-20 08:45:39'),
(241, 'edit_modules', 'web', 1, '2024-12-20 08:45:39', '2024-12-20 08:45:39'),
(242, 'delete_modules', 'web', 1, '2024-12-20 08:45:39', '2024-12-20 08:45:39'),
(243, 'view_product', 'web', 1, '2024-12-20 08:45:39', '2024-12-20 08:45:39'),
(244, 'add_product', 'web', 1, '2024-12-20 08:45:39', '2024-12-20 08:45:39'),
(245, 'edit_product', 'web', 1, '2024-12-20 08:45:39', '2024-12-20 08:45:39'),
(246, 'delete_product', 'web', 1, '2024-12-20 08:45:39', '2024-12-20 08:45:39'),
(247, 'view_product_category', 'web', 1, '2024-12-20 08:45:39', '2024-12-20 08:45:39'),
(248, 'add_product_category', 'web', 1, '2024-12-20 08:45:39', '2024-12-20 08:45:39'),
(249, 'edit_product_category', 'web', 1, '2024-12-20 08:45:39', '2024-12-20 08:45:39'),
(250, 'delete_product_category', 'web', 1, '2024-12-20 08:45:39', '2024-12-20 08:45:39'),
(251, 'view_product_subcategory', 'web', 1, '2024-12-20 08:45:39', '2024-12-20 08:45:39'),
(252, 'add_product_subcategory', 'web', 1, '2024-12-20 08:45:39', '2024-12-20 08:45:39'),
(253, 'edit_product_subcategory', 'web', 1, '2024-12-20 08:45:39', '2024-12-20 08:45:39'),
(254, 'delete_product_subcategory', 'web', 1, '2024-12-20 08:45:39', '2024-12-20 08:45:39'),
(255, 'view_brand', 'web', 1, '2024-12-20 08:45:39', '2024-12-20 08:45:39'),
(256, 'add_brand', 'web', 1, '2024-12-20 08:45:39', '2024-12-20 08:45:39'),
(257, 'edit_brand', 'web', 1, '2024-12-20 08:45:39', '2024-12-20 08:45:39'),
(258, 'delete_brand', 'web', 1, '2024-12-20 08:45:39', '2024-12-20 08:45:39'),
(259, 'view_unit', 'web', 1, '2024-12-20 08:45:39', '2024-12-20 08:45:39'),
(260, 'add_unit', 'web', 1, '2024-12-20 08:45:39', '2024-12-20 08:45:39'),
(261, 'edit_unit', 'web', 1, '2024-12-20 08:45:39', '2024-12-20 08:45:39'),
(262, 'delete_unit', 'web', 1, '2024-12-20 08:45:39', '2024-12-20 08:45:39'),
(263, 'view_tag', 'web', 1, '2024-12-20 08:45:39', '2024-12-20 08:45:39'),
(264, 'add_tag', 'web', 1, '2024-12-20 08:45:39', '2024-12-20 08:45:39'),
(265, 'edit_tag', 'web', 1, '2024-12-20 08:45:39', '2024-12-20 08:45:39'),
(266, 'delete_tag', 'web', 1, '2024-12-20 08:45:39', '2024-12-20 08:45:39'),
(267, 'view_product_variation', 'web', 1, '2024-12-20 08:45:39', '2024-12-20 08:45:39'),
(268, 'add_product_variation', 'web', 1, '2024-12-20 08:45:39', '2024-12-20 08:45:39'),
(269, 'edit_product_variation', 'web', 1, '2024-12-20 08:45:39', '2024-12-20 08:45:39'),
(270, 'delete_product_variation', 'web', 1, '2024-12-20 08:45:39', '2024-12-20 08:45:39'),
(271, 'view_order', 'web', 1, '2024-12-20 08:45:39', '2024-12-20 08:45:39'),
(272, 'add_order', 'web', 1, '2024-12-20 08:45:39', '2024-12-20 08:45:39'),
(273, 'edit_order', 'web', 1, '2024-12-20 08:45:39', '2024-12-20 08:45:39'),
(274, 'delete_order', 'web', 1, '2024-12-20 08:45:39', '2024-12-20 08:45:39'),
(275, 'view_supply', 'web', 1, '2024-12-20 08:45:39', '2024-12-20 08:45:39'),
(276, 'add_supply', 'web', 1, '2024-12-20 08:45:39', '2024-12-20 08:45:39'),
(277, 'edit_supply', 'web', 1, '2024-12-20 08:45:39', '2024-12-20 08:45:39'),
(278, 'delete_supply', 'web', 1, '2024-12-20 08:45:39', '2024-12-20 08:45:39'),
(279, 'view_logistics', 'web', 1, '2024-12-20 08:45:39', '2024-12-20 08:45:39'),
(280, 'add_logistics', 'web', 1, '2024-12-20 08:45:39', '2024-12-20 08:45:39'),
(281, 'edit_logistics', 'web', 1, '2024-12-20 08:45:39', '2024-12-20 08:45:39'),
(282, 'delete_logistics', 'web', 1, '2024-12-20 08:45:39', '2024-12-20 08:45:39'),
(283, 'view_shipping_zones', 'web', 1, '2024-12-20 08:45:39', '2024-12-20 08:45:39'),
(284, 'add_shipping_zones', 'web', 1, '2024-12-20 08:45:39', '2024-12-20 08:45:39'),
(285, 'edit_shipping_zones', 'web', 1, '2024-12-20 08:45:39', '2024-12-20 08:45:39'),
(286, 'delete_shipping_zones', 'web', 1, '2024-12-20 08:45:39', '2024-12-20 08:45:39'),
(287, 'view_location', 'web', 1, '2024-12-20 08:45:39', '2024-12-20 08:45:39'),
(288, 'add_location', 'web', 1, '2024-12-20 08:45:39', '2024-12-20 08:45:39'),
(289, 'edit_location', 'web', 1, '2024-12-20 08:45:39', '2024-12-20 08:45:39'),
(290, 'delete_location', 'web', 1, '2024-12-20 08:45:39', '2024-12-20 08:45:39'),
(291, 'view_city', 'web', 1, '2024-12-20 08:45:39', '2024-12-20 08:45:39'),
(292, 'add_city', 'web', 1, '2024-12-20 08:45:39', '2024-12-20 08:45:39'),
(293, 'edit_city', 'web', 1, '2024-12-20 08:45:39', '2024-12-20 08:45:39'),
(294, 'delete_city', 'web', 1, '2024-12-20 08:45:39', '2024-12-20 08:45:39'),
(295, 'view_state', 'web', 1, '2024-12-20 08:45:39', '2024-12-20 08:45:39'),
(296, 'add_state', 'web', 1, '2024-12-20 08:45:39', '2024-12-20 08:45:39'),
(297, 'edit_state', 'web', 1, '2024-12-20 08:45:39', '2024-12-20 08:45:39'),
(298, 'delete_state', 'web', 1, '2024-12-20 08:45:39', '2024-12-20 08:45:39'),
(299, 'view_country', 'web', 1, '2024-12-20 08:45:39', '2024-12-20 08:45:39'),
(300, 'add_country', 'web', 1, '2024-12-20 08:45:39', '2024-12-20 08:45:39'),
(301, 'edit_country', 'web', 1, '2024-12-20 08:45:39', '2024-12-20 08:45:39'),
(302, 'delete_country', 'web', 1, '2024-12-20 08:45:39', '2024-12-20 08:45:39');

-- --------------------------------------------------------

--
-- Table structure for table `personal_access_tokens`
--

CREATE TABLE `personal_access_tokens` (
  `id` bigint UNSIGNED NOT NULL,
  `tokenable_type` varchar(191) COLLATE utf8mb4_unicode_ci NOT NULL,
  `tokenable_id` bigint UNSIGNED NOT NULL,
  `name` varchar(191) COLLATE utf8mb4_unicode_ci NOT NULL,
  `token` varchar(64) COLLATE utf8mb4_unicode_ci NOT NULL,
  `abilities` longtext COLLATE utf8mb4_unicode_ci,
  `last_used_at` timestamp NULL DEFAULT NULL,
  `created_at` timestamp NULL DEFAULT NULL,
  `updated_at` timestamp NULL DEFAULT NULL
) ENGINE=InnoDB DEFAULT CHARSET=utf8mb4 COLLATE=utf8mb4_unicode_ci;

-- --------------------------------------------------------

--
-- Table structure for table `pets`
--

CREATE TABLE `pets` (
  `id` bigint UNSIGNED NOT NULL,
  `name` varchar(191) COLLATE utf8mb4_unicode_ci NOT NULL,
  `slug` varchar(191) COLLATE utf8mb4_unicode_ci DEFAULT NULL,
  `pettype_id` bigint UNSIGNED NOT NULL,
  `breed_id` bigint UNSIGNED DEFAULT NULL,
  `size` varchar(191) COLLATE utf8mb4_unicode_ci DEFAULT NULL,
  `date_of_birth` datetime DEFAULT NULL,
  `age` varchar(191) COLLATE utf8mb4_unicode_ci DEFAULT NULL,
  `gender` varchar(191) COLLATE utf8mb4_unicode_ci DEFAULT NULL,
  `weight` double DEFAULT NULL,
  `height` double DEFAULT NULL,
  `weight_unit` varchar(191) COLLATE utf8mb4_unicode_ci DEFAULT NULL,
  `height_unit` varchar(191) COLLATE utf8mb4_unicode_ci DEFAULT NULL,
  `user_id` bigint UNSIGNED NOT NULL,
  `additional_info` longtext COLLATE utf8mb4_unicode_ci,
  `status` tinyint(1) NOT NULL DEFAULT '1',
  `created_by` int UNSIGNED DEFAULT NULL,
  `updated_by` int UNSIGNED DEFAULT NULL,
  `deleted_by` int UNSIGNED DEFAULT NULL,
  `created_at` timestamp NULL DEFAULT NULL,
  `updated_at` timestamp NULL DEFAULT NULL,
  `deleted_at` timestamp NULL DEFAULT NULL
) ENGINE=InnoDB DEFAULT CHARSET=utf8mb4 COLLATE=utf8mb4_unicode_ci;

--
-- Dumping data for table `pets`
--

INSERT INTO `pets` (`id`, `name`, `slug`, `pettype_id`, `breed_id`, `size`, `date_of_birth`, `age`, `gender`, `weight`, `height`, `weight_unit`, `height_unit`, `user_id`, `additional_info`, `status`, `created_by`, `updated_by`, `deleted_by`, `created_at`, `updated_at`, `deleted_at`) VALUES
(1, 'Oliver', 'oliver', 1, 1, NULL, NULL, '2 year', 'male', 4, 22, 'kg', 'cm', 2, NULL, 1, NULL, NULL, NULL, '2024-12-20 08:48:05', '2024-12-20 08:48:05', NULL),
(2, 'Beau', 'beau', 2, 11, NULL, NULL, '13 year', 'male', 31, 60, 'kg', 'cm', 2, NULL, 1, NULL, NULL, NULL, '2024-12-20 08:48:10', '2024-12-20 08:48:10', NULL),
(3, 'Sadie', 'sadie', 2, 20, NULL, NULL, '8 year', 'female', 5, 41, 'kg', 'cm', 2, NULL, 1, NULL, NULL, NULL, '2024-12-20 08:48:10', '2024-12-20 08:48:10', NULL),
(4, 'Thumper', 'thumper', 3, 21, NULL, NULL, '3 year', 'male', 2, 22, 'kg', 'cm', 2, NULL, 1, NULL, NULL, NULL, '2024-12-20 08:48:10', '2024-12-20 08:48:10', NULL),
(5, 'Ace', 'ace', 10, 86, NULL, NULL, '1 year', 'male', 8, 7, 'g', 'cm', 2, NULL, 1, NULL, NULL, NULL, '2024-12-20 08:48:10', '2024-12-20 08:48:10', NULL),
(6, 'Arthur', 'arthur', 5, 40, NULL, NULL, '4 year', 'male', 30, 18, 'g', 'cm', 2, NULL, 1, NULL, NULL, NULL, '2024-12-20 08:48:10', '2024-12-20 08:48:10', NULL),
(7, 'Duchess', 'duchess', 9, 83, NULL, NULL, '10 year', 'male', 420, 4.98, 'kg', 'ft', 2, NULL, 1, NULL, NULL, NULL, '2024-12-20 08:48:10', '2024-12-20 08:48:10', NULL),
(8, 'Luna', 'luna', 1, 9, NULL, NULL, '5 year', 'female', 7, 25, 'kg', 'cm', 3, NULL, 1, NULL, NULL, NULL, '2024-12-20 08:48:10', '2024-12-20 08:48:10', NULL),
(9, 'Daisy', 'daisy', 2, 14, NULL, NULL, '9 year', 'female', 8.9, 21, 'kg', 'cm', 3, NULL, 1, NULL, NULL, NULL, '2024-12-20 08:48:11', '2024-12-20 08:48:11', NULL),
(10, 'Peter', 'peter', 3, 22, NULL, NULL, '2 year', 'male', 700, 14, 'g', 'cm', 3, NULL, 1, NULL, NULL, NULL, '2024-12-20 08:48:11', '2024-12-20 08:48:11', NULL),
(11, 'Ala', 'ala', 5, 45, NULL, NULL, '11 month', 'female', 200, 20, 'g', 'cm', 3, NULL, 1, NULL, NULL, NULL, '2024-12-20 08:48:11', '2024-12-20 08:48:11', NULL),
(12, 'Bianca', 'bianca', 4, 35, NULL, NULL, '4 year', 'female', 30, 18, 'g', 'cm', 3, NULL, 1, NULL, NULL, NULL, '2024-12-20 08:48:11', '2024-12-20 08:48:11', NULL),
(13, 'Bella', 'bella', 1, 10, NULL, NULL, '3 year', 'female', 5.4, 24, 'kg', 'cm', 4, NULL, 1, NULL, NULL, NULL, '2024-12-20 08:48:11', '2024-12-20 08:48:11', NULL),
(14, 'Tucker', 'tucker', 2, 12, NULL, NULL, '7 year', 'male', 30, 65, 'kg', 'cm', 4, NULL, 1, NULL, NULL, NULL, '2024-12-20 08:48:11', '2024-12-20 08:48:11', NULL),
(15, 'Remy', 'remy', 4, 36, NULL, NULL, '2 year', 'male', 20, 10, 'g', 'cm', 4, NULL, 1, NULL, NULL, NULL, '2024-12-20 08:48:11', '2024-12-20 08:48:11', NULL),
(16, 'Dwight', 'dwight', 5, 41, NULL, NULL, '4 year', 'male', 50, 14, 'g', 'cm', 4, NULL, 1, NULL, NULL, NULL, '2024-12-20 08:48:11', '2024-12-20 08:48:11', NULL),
(17, 'Clara', 'clara', 9, 82, NULL, NULL, '6 year', 'female', 430, 4.92, 'kg', 'ft', 4, NULL, 1, NULL, NULL, NULL, '2024-12-20 08:48:11', '2024-12-20 08:48:11', NULL),
(18, 'Angel', 'angel', 1, 10, NULL, NULL, '3 year', 'female', 5.4, 24, 'kg', 'cm', 5, NULL, 1, NULL, NULL, NULL, '2024-12-20 08:48:11', '2024-12-20 08:48:11', NULL),
(19, 'Cooper', 'cooper', 2, 13, NULL, NULL, '5 year', 'male', 31, 60, 'kg', 'cm', 5, NULL, 1, NULL, NULL, NULL, '2024-12-20 08:48:11', '2024-12-20 08:48:11', NULL),
(20, 'Jaws', 'jaws', 6, 54, NULL, NULL, '1 year', 'female', 500, 0.533, 'g', 'm', 5, NULL, 1, NULL, NULL, NULL, '2024-12-20 08:48:12', '2024-12-20 08:48:12', NULL),
(21, 'Achilles', 'achilles', 7, 66, NULL, NULL, '4 year', 'male', 3, 20, 'kg', 'cm', 5, NULL, 1, NULL, NULL, NULL, '2024-12-20 08:48:12', '2024-12-20 08:48:12', NULL),
(22, 'Jack', 'jack', 1, 2, NULL, NULL, '6 year', 'male', 7.1, 25, 'kg', 'cm', 6, NULL, 1, NULL, NULL, NULL, '2024-12-20 08:48:12', '2024-12-20 08:48:12', NULL),
(23, 'Bear', 'bear', 2, 14, NULL, NULL, '4 year', 'male', 19.5, 35, 'kg', 'cm', 6, NULL, 1, NULL, NULL, NULL, '2024-12-20 08:48:12', '2024-12-20 08:48:12', NULL),
(24, 'Beth', 'beth', 8, 75, NULL, NULL, '2 year', 'female', 200, 65, 'g', 'cm', 6, NULL, 1, NULL, NULL, NULL, '2024-12-20 08:48:12', '2024-12-20 08:48:12', NULL),
(25, 'Colt', 'colt', 9, 79, NULL, NULL, '7 year', 'male', 400, 4.59, 'kg', 'ft', 6, NULL, 1, NULL, NULL, NULL, '2024-12-20 08:48:12', '2024-12-20 08:48:12', NULL),
(26, 'Leo', 'leo', 1, 3, NULL, NULL, '5 year', 'male', 6.2, 30, 'kg', 'cm', 7, NULL, 1, NULL, NULL, NULL, '2024-12-20 08:48:12', '2024-12-20 08:48:12', NULL),
(27, 'Bailey', 'bailey', 2, 13, NULL, NULL, '3 year', 'female', 27.5, 55, 'kg', 'cm', 7, NULL, 1, NULL, NULL, NULL, '2024-12-20 08:48:12', '2024-12-20 08:48:12', NULL),
(28, 'Birdie', 'birdie', 5, 46, NULL, NULL, '3 year', 'female', 300, 28, 'g', 'cm', 7, NULL, 1, NULL, NULL, NULL, '2024-12-20 08:48:12', '2024-12-20 08:48:12', NULL),
(29, 'Cookie', 'cookie', 9, 84, NULL, NULL, '6 year', 'female', 500, 5.57, 'kg', 'ft', 7, NULL, 1, NULL, NULL, NULL, '2024-12-20 08:48:12', '2024-12-20 08:48:12', NULL),
(30, 'Coco', 'coco', 1, 7, NULL, NULL, '3 year', 'female', 4, 28, 'kg', 'cm', 8, NULL, 1, NULL, NULL, NULL, '2024-12-20 08:48:13', '2024-12-20 08:48:13', NULL),
(31, 'Sophie', 'sophie', 2, 17, NULL, NULL, '6 year', 'female', 65, 2.82, 'kg', 'ft', 8, NULL, 1, NULL, NULL, NULL, '2024-12-20 08:48:13', '2024-12-20 08:48:13', NULL),
(32, 'Rambo', 'rambo', 6, 50, NULL, NULL, '2 year', 'male', 0.7, 25, 'kg', 'cm', 8, NULL, 1, NULL, NULL, NULL, '2024-12-20 08:48:13', '2024-12-20 08:48:13', NULL),
(33, 'Brooke', 'brooke', 8, 76, NULL, NULL, '1 year', 'male', 100, 60, 'g', 'cm', 8, NULL, 1, NULL, NULL, NULL, '2024-12-20 08:48:13', '2024-12-20 08:48:13', NULL),
(34, 'Milo', 'milo', 1, 4, NULL, NULL, '7 year', 'male', 5, 35, 'kg', 'cm', 9, NULL, 1, NULL, NULL, NULL, '2024-12-20 08:48:13', '2024-12-20 08:48:13', NULL),
(35, 'Buddy', 'buddy', 2, 15, NULL, NULL, '8 year', 'male', 11, 38, 'kg', 'cm', 9, NULL, 1, NULL, NULL, NULL, '2024-12-20 08:48:13', '2024-12-20 08:48:13', NULL),
(36, 'Maximus', 'maximus', 6, 51, NULL, NULL, '3 year', 'male', 450, 22, 'g', 'cm', 9, NULL, 1, NULL, NULL, NULL, '2024-12-20 08:48:13', '2024-12-20 08:48:13', NULL),
(37, 'Cher', 'cher', 5, 47, NULL, NULL, '10 months', 'female', 120, 28, 'g', 'cm', 9, NULL, 1, NULL, NULL, NULL, '2024-12-20 08:48:13', '2024-12-20 08:48:13', NULL),
(38, 'Misty', 'misty', 9, 85, NULL, NULL, '12 years', 'female', 430, 4.73, 'kg', 'ft', 9, NULL, 1, NULL, NULL, NULL, '2024-12-20 08:48:13', '2024-12-20 08:48:13', NULL),
(39, 'Charlie', 'charlie', 1, 6, NULL, NULL, '2 year', 'male', 8.1, 0.406, 'kg', 'm', 10, NULL, 1, NULL, NULL, NULL, '2024-12-20 08:48:14', '2024-12-20 08:48:14', NULL),
(40, 'Rocky', 'rocky', 2, 16, NULL, NULL, '4 year', 'male', 6.2, 37, 'kg', 'cm', 10, NULL, 1, NULL, NULL, NULL, '2024-12-20 08:48:14', '2024-12-20 08:48:14', NULL),
(41, 'Ariel', 'ariel', 10, 89, NULL, NULL, '60 days', 'female', 8000, 5, 'mg', 'cm', 10, NULL, 1, NULL, NULL, NULL, '2024-12-20 08:48:14', '2024-12-20 08:48:14', NULL),
(42, 'Kentucky', 'kentucky', 9, 80, NULL, NULL, '12 years', 'male', 521, 5, 'kg', 'ft', 10, NULL, 1, NULL, NULL, NULL, '2024-12-20 08:48:14', '2024-12-20 08:48:14', NULL),
(43, 'Shinu', 'shinu', 1, 9, NULL, NULL, '3 year', 'female', 4.2, 24, 'kg', 'cm', 11, NULL, 1, NULL, NULL, NULL, '2024-12-20 08:48:14', '2024-12-20 08:48:14', NULL),
(44, 'Max', 'max', 1, 5, NULL, NULL, '8 year', 'male', 5.2, 23, 'kg', 'cm', 11, NULL, 1, NULL, NULL, NULL, '2024-12-20 08:48:14', '2024-12-20 08:48:14', NULL),
(45, 'Roxy', 'roxy', 2, 17, NULL, NULL, '7 year', 'female', 9.8, 30, 'kg', 'cm', 11, NULL, 1, NULL, NULL, NULL, '2024-12-20 08:48:14', '2024-12-20 08:48:14', NULL),
(46, 'Dale', 'dale', 5, 42, NULL, NULL, '6 year', 'male', 900, 22, 'gm', 'cm', 11, NULL, 1, NULL, NULL, NULL, '2024-12-20 08:48:14', '2024-12-20 08:48:14', NULL);

-- --------------------------------------------------------

--
-- Table structure for table `pets_type`
--

CREATE TABLE `pets_type` (
  `id` bigint UNSIGNED NOT NULL,
  `name` varchar(191) COLLATE utf8mb4_unicode_ci DEFAULT NULL,
  `slug` varchar(191) COLLATE utf8mb4_unicode_ci DEFAULT NULL,
  `status` tinyint(1) NOT NULL DEFAULT '1',
  `created_by` int UNSIGNED DEFAULT NULL,
  `updated_by` int UNSIGNED DEFAULT NULL,
  `deleted_by` int UNSIGNED DEFAULT NULL,
  `created_at` timestamp NULL DEFAULT NULL,
  `updated_at` timestamp NULL DEFAULT NULL,
  `deleted_at` timestamp NULL DEFAULT NULL
) ENGINE=InnoDB DEFAULT CHARSET=utf8mb4 COLLATE=utf8mb4_unicode_ci;

--
-- Dumping data for table `pets_type`
--

INSERT INTO `pets_type` (`id`, `name`, `slug`, `status`, `created_by`, `updated_by`, `deleted_by`, `created_at`, `updated_at`, `deleted_at`) VALUES
(1, 'Cat', 'cat', 1, NULL, NULL, NULL, '2024-12-20 08:48:03', '2024-12-20 08:48:03', NULL),
(2, 'Dog', 'dog', 1, NULL, NULL, NULL, '2024-12-20 08:48:03', '2024-12-20 08:48:03', NULL),
(3, 'Rabbit', 'rabbit', 1, NULL, NULL, NULL, '2024-12-20 08:48:03', '2024-12-20 08:48:03', NULL),
(4, 'Mouse', 'mouse', 1, NULL, NULL, NULL, '2024-12-20 08:48:03', '2024-12-20 08:48:03', NULL),
(5, 'Bird', 'bird', 1, NULL, NULL, NULL, '2024-12-20 08:48:04', '2024-12-20 08:48:04', NULL),
(6, 'Squirrel', 'squirrel', 1, NULL, NULL, NULL, '2024-12-20 08:48:04', '2024-12-20 08:48:04', NULL),
(7, 'Turtle', 'turtle', 1, NULL, NULL, NULL, '2024-12-20 08:48:04', '2024-12-20 08:48:04', NULL),
(8, 'Chameleon', 'chameleon', 1, NULL, NULL, NULL, '2024-12-20 08:48:04', '2024-12-20 08:48:04', NULL),
(9, 'Horse', 'horse', 1, NULL, NULL, NULL, '2024-12-20 08:48:04', '2024-12-20 08:48:04', NULL),
(10, 'Fish', 'fish', 1, NULL, NULL, NULL, '2024-12-20 08:48:04', '2024-12-20 08:48:04', NULL);

-- --------------------------------------------------------

--
-- Table structure for table `pet_notes`
--

CREATE TABLE `pet_notes` (
  `id` bigint UNSIGNED NOT NULL,
  `title` varchar(191) COLLATE utf8mb4_unicode_ci DEFAULT NULL,
  `pet_id` bigint UNSIGNED NOT NULL,
  `description` longtext COLLATE utf8mb4_unicode_ci,
  `status` tinyint(1) NOT NULL DEFAULT '1',
  `created_by` int UNSIGNED DEFAULT NULL,
  `updated_by` int UNSIGNED DEFAULT NULL,
  `deleted_by` int UNSIGNED DEFAULT NULL,
  `created_at` timestamp NULL DEFAULT NULL,
  `updated_at` timestamp NULL DEFAULT NULL,
  `deleted_at` timestamp NULL DEFAULT NULL,
  `is_private` bigint UNSIGNED NOT NULL DEFAULT '0'
) ENGINE=InnoDB DEFAULT CHARSET=utf8mb4 COLLATE=utf8mb4_unicode_ci;

-- --------------------------------------------------------

--
-- Table structure for table `plan`
--

CREATE TABLE `plan` (
  `id` bigint UNSIGNED NOT NULL,
  `name` varchar(191) COLLATE utf8mb4_unicode_ci NOT NULL,
  `type` varchar(191) COLLATE utf8mb4_unicode_ci DEFAULT NULL,
  `duration` int NOT NULL DEFAULT '1',
  `amount` int DEFAULT NULL,
  `identifier` varchar(191) COLLATE utf8mb4_unicode_ci DEFAULT NULL,
  `status` tinyint(1) NOT NULL DEFAULT '1',
  `trial_period` int NOT NULL DEFAULT '0',
  `planlimitation` varchar(191) COLLATE utf8mb4_unicode_ci DEFAULT NULL,
  `description` text COLLATE utf8mb4_unicode_ci,
  `created_by` int UNSIGNED DEFAULT NULL,
  `updated_by` int UNSIGNED DEFAULT NULL,
  `deleted_by` int UNSIGNED DEFAULT NULL,
  `deleted_at` timestamp NULL DEFAULT NULL,
  `created_at` timestamp NULL DEFAULT NULL,
  `updated_at` timestamp NULL DEFAULT NULL
) ENGINE=InnoDB DEFAULT CHARSET=utf8mb4 COLLATE=utf8mb4_unicode_ci;

-- --------------------------------------------------------

--
-- Table structure for table `planlimitation`
--

CREATE TABLE `planlimitation` (
  `id` bigint UNSIGNED NOT NULL,
  `name` varchar(191) COLLATE utf8mb4_unicode_ci NOT NULL,
  `limit` bigint NOT NULL DEFAULT '0',
  `status` tinyint(1) NOT NULL DEFAULT '1',
  `created_by` int UNSIGNED DEFAULT NULL,
  `updated_by` int UNSIGNED DEFAULT NULL,
  `deleted_by` int UNSIGNED DEFAULT NULL,
  `created_at` timestamp NULL DEFAULT NULL,
  `updated_at` timestamp NULL DEFAULT NULL,
  `deleted_at` timestamp NULL DEFAULT NULL
) ENGINE=InnoDB DEFAULT CHARSET=utf8mb4 COLLATE=utf8mb4_unicode_ci;

-- --------------------------------------------------------

--
-- Table structure for table `planlimitation_mapping`
--

CREATE TABLE `planlimitation_mapping` (
  `id` bigint UNSIGNED NOT NULL,
  `plan_id` int DEFAULT NULL,
  `planlimitation_id` int DEFAULT NULL,
  `limit` int DEFAULT NULL,
  `created_by` int UNSIGNED DEFAULT NULL,
  `updated_by` int UNSIGNED DEFAULT NULL,
  `deleted_by` int UNSIGNED DEFAULT NULL,
  `deleted_at` timestamp NULL DEFAULT NULL,
  `created_at` timestamp NULL DEFAULT NULL,
  `updated_at` timestamp NULL DEFAULT NULL
) ENGINE=InnoDB DEFAULT CHARSET=utf8mb4 COLLATE=utf8mb4_unicode_ci;

-- --------------------------------------------------------

--
-- Table structure for table `products`
--

CREATE TABLE `products` (
  `id` bigint UNSIGNED NOT NULL,
  `name` varchar(191) COLLATE utf8mb4_unicode_ci NOT NULL,
  `slug` varchar(191) COLLATE utf8mb4_unicode_ci NOT NULL,
  `short_description` text COLLATE utf8mb4_unicode_ci,
  `description` longtext COLLATE utf8mb4_unicode_ci,
  `brand_id` int DEFAULT NULL,
  `unit_id` int DEFAULT NULL,
  `product_tags` longtext COLLATE utf8mb4_unicode_ci,
  `min_price` double NOT NULL DEFAULT '0',
  `max_price` double NOT NULL DEFAULT '0',
  `discount_value` double NOT NULL DEFAULT '0',
  `discount_type` varchar(191) COLLATE utf8mb4_unicode_ci DEFAULT NULL,
  `discount_start_date` int DEFAULT NULL,
  `discount_end_date` int DEFAULT NULL,
  `sell_target` int DEFAULT NULL,
  `stock_qty` int NOT NULL DEFAULT '0',
  `status` tinyint NOT NULL DEFAULT '0',
  `is_featured` tinyint NOT NULL DEFAULT '0',
  `min_purchase_qty` int NOT NULL DEFAULT '1',
  `max_purchase_qty` int NOT NULL DEFAULT '1',
  `has_variation` tinyint NOT NULL DEFAULT '1',
  `has_warranty` tinyint NOT NULL DEFAULT '1',
  `total_sale_count` double NOT NULL DEFAULT '0',
  `standard_delivery_hours` int NOT NULL DEFAULT '24',
  `express_delivery_hours` int NOT NULL DEFAULT '24',
  `size_guide` text COLLATE utf8mb4_unicode_ci,
  `reward_points` bigint NOT NULL DEFAULT '0',
  `updated_by` int UNSIGNED DEFAULT NULL,
  `deleted_by` int UNSIGNED DEFAULT NULL,
  `created_by` int UNSIGNED DEFAULT NULL,
  `created_at` timestamp NULL DEFAULT NULL,
  `updated_at` timestamp NULL DEFAULT NULL,
  `deleted_at` timestamp NULL DEFAULT NULL
) ENGINE=InnoDB DEFAULT CHARSET=utf8mb4 COLLATE=utf8mb4_unicode_ci;

--
-- Dumping data for table `products`
--

INSERT INTO `products` (`id`, `name`, `slug`, `short_description`, `description`, `brand_id`, `unit_id`, `product_tags`, `min_price`, `max_price`, `discount_value`, `discount_type`, `discount_start_date`, `discount_end_date`, `sell_target`, `stock_qty`, `status`, `is_featured`, `min_purchase_qty`, `max_purchase_qty`, `has_variation`, `has_warranty`, `total_sale_count`, `standard_delivery_hours`, `express_delivery_hours`, `size_guide`, `reward_points`, `updated_by`, `deleted_by`, `created_by`, `created_at`, `updated_at`, `deleted_at`) VALUES
(1, 'Sojoss Simply Beef Freeze-Dried Dog Treats, 4-oz bag', 'sojoss-simply-beef-freeze-dried-dog-treats-4-oz-bag-tgtvr', 'Bite Sized Treat, Big sized Flavor: Simply Beef is 100% raw', '<p>Bite Sized Treat, Big sized Flavor: Simply Beef is 100% raw, freeze dried meat is the healthy and flavorful way to train your pup, or simply reward him for being the best dog ever; it’s the perfect treat for every occasion.</p>', 1, 1, NULL, 20, 20, 0, 'percent', 1695168000, 1695168000, NULL, 22, 1, 1, 0, 0, 1, 1, 8, 0, 0, NULL, 0, 1, NULL, 1, '2023-09-20 06:48:47', '2024-12-20 08:51:26', NULL),
(2, 'Droools Adult Wet Dog Food, Real Chicken And Chicken Liver Chunks In Gravy', 'droools-adult-wet-dog-food-real-chicken-and-chicken-liver-chunks-in-gravy-5w3ot', NULL, '<p> A nutritious food that supports your pet\'s joint health.</p><p>Complete Meat, Serve Solo or Mix with Dry Kibble and feed.</p><p>Perfect meal which supports Dogs brain &amp; eye development.</p><p>Real Chicken, Liver and Eggs Keeps your pet active and agile all day.</p><p>Loaf in gravy, which provides all the nutrients required for a healthy life.</p>', 2, 1, NULL, 30, 50, 0, 'percent', 1695168000, 1695168000, NULL, 14, 1, 1, 0, 0, 1, 1, 0, 0, 0, NULL, 0, 1, NULL, 1, '2023-09-20 06:56:30', '2023-09-20 07:24:07', NULL),
(3, 'Loveeabowl Grain Free Chicken & Snow Crab Cat Dry Food', 'loveeabowl-grain-free-chicken-snow-crab-cat-dry-food-dxesw', NULL, '<p> Promotes healthy bones and ideal for cats with allergies</p>', 3, 2, NULL, 40, 55, 0, 'percent', 1695168000, 1695168000, NULL, 11, 1, 1, 0, 0, 1, 1, 0, 0, 0, NULL, 0, 1, NULL, 1, '2023-09-20 07:05:17', '2023-09-20 07:23:05', NULL),
(4, 'HUFFT Cat Mahi Mahi Fish Crunchies', 'hufft-cat-mahi-mahi-fish-crunchies-mctht', NULL, '<p> Dehydrated, slow-cooked, gluten-free cat treats</p>', 4, 1, NULL, 10, 25, 0, 'percent', NULL, NULL, 0, 20, 1, 1, 1, 1, 1, 1, 0, 72, 24, NULL, 0, 1, NULL, 1, '2023-09-20 07:18:03', '2023-09-20 07:18:03', NULL),
(5, 'Pureepet Mackerel Adult Cat Dry Food', 'pureepet-mackerel-adult-cat-dry-food-u8qbt', NULL, '<p> Purepet Mackerel Adult Cat food is formulated with essential ingredients to provide overall wellness to your Cat. Enriched with Mackerel and other essential ingredients helps your feline to maintain a beautiful skin and coat. Taurine, an essential amino acid that keeps heart healthy and promotes growth and development. It is highly palatable and easy to digest.</p>', 5, 1, NULL, 99, 199, 0, 'percent', NULL, NULL, 0, 22, 1, 1, 1, 1, 1, 1, 0, 72, 24, NULL, 0, 1, NULL, 1, '2023-09-20 07:21:46', '2023-09-20 07:21:49', NULL),
(6, 'Feekoo Pet Heating Pad,Large Electric Heating Pad for Dogs and Cats Indoor Adjustable Warming Mat', 'feekoo-pet-heating-padlarge-electric-heating-pad-for-dogs-and-cats-indoor-adjustable-warming-mat-k5rfp', NULL, '<p>Heating Pad with Timer and Auto Power Off: BurgeonNest heating pad for dog has 5 timer option - Always(default setting),4H, 8H, 12H, 24H and adjustable comfortable temperature setting( 86-131/30-55). Equipped with upgrade thermostats, such pet heating pad can precisely control temperature and will be powered off after arrives the setting time</p>', 6, NULL, NULL, 56, 56, 0, 'percent', NULL, NULL, 0, 25, 1, 1, 1, 1, 1, 1, 0, 72, 24, NULL, 0, 1, NULL, 1, '2023-09-20 07:31:03', '2023-09-20 07:31:03', NULL),
(7, 'BirdiesNature All Natural Enriching Treats for Large Birds (Ranch Mix)', 'birdiesnature-all-natural-enriching-treats-for-large-birds-ranch-mix-zrkxi', NULL, '<p>BirdsNature understands that sharing your life with a small pet is not only enjoyable but very enriching. BirdsNature shows our love by ensuring we provide your small pet with the best nutrition for a long and healthy life. it’s no wonder why BirdsNature is at the heart of every healthy feeding routine. </p>', 7, 1, NULL, 29, 59, 0, 'percent', NULL, NULL, 0, 22, 1, 1, 1, 1, 1, 1, 0, 72, 24, NULL, 0, 1, NULL, 1, '2023-09-20 07:35:28', '2023-09-20 22:38:14', NULL),
(8, 'Vitaakraft Yogurt Drops - Rabbit - 5.3 Ounce', 'vitaakraft-yogurt-drops-rabbit-53-ounce-8r2uu', NULL, '<p><span style=\"color: rgb(21, 21, 21);\">VitaKraft\'s Rabbit Yogurt drops are a popular treat containing yogurt, natural whey protein and no artificial colorings. Our yogurt drops are a treat your pet is sure to love. Use our treat as a between meal snack or any time your pet deserves a special reward. Features essential lecithin your pet needs to stay healthy. Resealable bag keeps treats fresh and tasty. Drops are made with yogurt and are a tasty treat your rabbit will love.</span></p>', 8, 1, NULL, 45, 90, 0, 'percent', NULL, NULL, 0, 18, 1, 1, 1, 1, 1, 1, 0, 72, 24, NULL, 0, 1, NULL, 1, '2023-09-20 07:38:04', '2023-09-20 22:38:12', NULL),
(9, 'Pet Heeating Lamp Holder UVB/UVA Bulb Aquarium Lighting Infrared Ceramic Heat Emitter Light Bulb Holder for Reptile Pet Brooder Y200922', 'pet-heeating-lamp-holder-uvbuva-bulb-aquarium-lighting-infrared-ceramic-heat-emitter-light-bulb-holder-for-reptile-pet-brooder-y200922-9hx9r', NULL, '<p>Lamp base: E27</p><p>Voltage: 110-220V</p><p>Length for the electric wire: 150CM</p><p>Maximum load power: Below 200W(Not included 200W)</p><p>Net Weight: 280g</p><p>This item can be rotated 360 degrees in up / down / left / right direction</p><p>Fit E27 light, this is a holder for a screw in light. </p>', 2, NULL, NULL, 100, 100, 0, 'percent', NULL, NULL, 0, 30, 1, 1, 1, 1, 0, 1, 0, 72, 24, NULL, 0, 1, NULL, 1, '2023-09-20 07:42:56', '2023-09-20 07:42:56', NULL),
(10, 'Nylonn Pet Dog Collars Adjustable Dogs Tactics Training Collar Outdoor Medium Large Army Dog Collar Durable Pets Supplies', 'nylonn-pet-dog-collars-adjustable-dogs-tactics-training-collar-outdoor-medium-large-army-dog-collar-durable-pets-supplies-hwkwu', NULL, '<p>Durable Dog Collar Military tactical dog collars is made of 1680D high-quality nylon material.tactical collar set with a soft padded lining to prevent chafing for your dog\'s skin and hair, which is very durable, wear-resisting, highly recommended by military and police equipment fans.</p>', 2, NULL, NULL, 70, 70, 0, 'percent', 1695254400, 1695254400, NULL, 45, 1, 1, 0, 0, 1, 1, 0, 0, 0, NULL, 0, 1, NULL, 1, '2023-09-20 22:42:32', '2023-09-20 22:46:53', NULL),
(11, 'Buuraaq 2 Pcs Reflective Cat Collar - for Indoor & Outdoor Use | Solid & Safe | Reflective Strip | Strong Breakaway Buckle | Bell Included | Adjustable & Durable | for Cats (Colour May Vary)', 'buuraaq-2-pcs-reflective-cat-collar-for-indoor-outdoor-use-solid-safe-reflective-strip-strong-breakaway-buckle-bell-included-adjustable-durable-for-cats-colour-may-vary-sygup', NULL, '<p>A Cat collar is a piece of material put around the Neck of a cat. Cat collars are used for identification, fashion, protection (as from fleas), restraint, or to warn off prey, and may be Worn by Cats that are Indoor-only as well as cats with Outdoor access.</p><p>Includes 2 pcs Cat Collars with bell. The 2 pcs Cat collars with Bell are Come in 4 colors - Orange , Green , Black , Red , Random Colour Will be Sent</p>', 4, NULL, NULL, 59, 59, 0, 'percent', NULL, NULL, 0, 43, 1, 1, 1, 1, 1, 1, 0, 72, 24, NULL, 0, 1, NULL, 1, '2023-09-20 22:45:34', '2023-09-20 22:45:34', NULL),
(12, 'Pet ID Tags - 1 Piece Beautiful Bone Charm Alloy Personalized Dog/Cat Neck Charm for DIY Necklace Making | Best Gift for Your Pets', 'pet-id-tags-1-piece-beautiful-bone-charm-alloy-personalized-dogcat-neck-charm-for-diy-necklace-making-best-gift-for-your-pets-wkipg', NULL, '<p>Cute Shape - It has a sweet design with rhinestone accents, which enhances the beauty and allure of your pet.</p><p>Easy to Wear - The lobster clasp makes it simple to fasten to a pet\'s collar. Your dogs and cats will love having one as an ID tag.</p><p>High quality - The strongest, most corrosion-resistant zinc alloy is used to make our dog name tags.</p><p>Keep Pet Safe - These pet ID tags help keep your pet safe. However, the tag is blank; you must engrave it yourself.</p>', 8, NULL, NULL, 29, 29, 0, 'percent', NULL, NULL, 0, 50, 1, 1, 1, 1, 1, 1, 0, 72, 24, NULL, 0, 1, NULL, 1, '2023-09-20 22:49:45', '2023-09-20 22:49:45', NULL),
(13, 'Hot Sellling Factory Direct Sale LED Flashing Pet Collar Glowing Dog Collar For Safety Walking Pet and Against Pet Lost', 'hot-sellling-factory-direct-sale-led-flashing-pet-collar-glowing-dog-collar-for-safety-walking-pet-and-against-pet-lost-icqtf', NULL, '<p>The creative glowing dog/cat collar is using optical fiber tube, no heat produced after long time light up. Safer and more comfortable for your dog/cat to wear. As the adcanced optical fiber of low light, no flicker or irritation to dog/cat\'s eyes, no affect to dog/cat\'s visual sight. Waterproof design can withstand outdoor weather.</p><p>Powered by USB charging, can be powered by powerbank or connecting any adapter.</p><p>The glowing dog/cat collar allows your dog can be seen by people in dark place, ensuring the safety, especially when the dog doing its night walking.</p>', 7, NULL, NULL, 30, 30, 0, 'percent', NULL, NULL, 0, 35, 1, 1, 1, 1, 1, 1, 0, 72, 24, NULL, 0, 1, NULL, 1, '2023-09-20 22:54:25', '2023-09-20 22:54:25', NULL),
(14, 'Lonng Line Leash 5 meters 10 m The Company Of Animals', 'lonng-line-leash-5-meters-10-m-the-company-of-animals-tczqs', NULL, '<p>The Company of Animals Recall Line gives your dog the freedom to explore while you remain in control, making it a perfect tool for recall training and socialisation. A must-have for recall training, this lead allows you to keep control of your dog while gently encouraging them back to you to reinforce the command. The Recall Line is also ideal for allowing the safe and controlled socialisation of puppies, young or nervous dogs, and those with behavioural issues. The Recall Line is available in a choice of lengths – 5m or 10m. With the longer lead better suited for larger dogs. Soft padded webbing ensures this lead is comfortable for you to hold.</p>', 4, NULL, NULL, 38, 38, 0, 'percent', NULL, NULL, 0, 46, 1, 1, 1, 1, 1, 1, 0, 72, 24, NULL, 0, 1, NULL, 1, '2023-09-20 23:00:15', '2023-09-20 23:00:15', NULL),
(15, 'Puppteck Adjustable Pet Harness Collar and Leash Set for Small Dogs Puppy and Cats Outdoor Training and Running, Soft Mesh Padded Reflective Vest Harness', 'puppteck-adjustable-pet-harness-collar-and-leash-set-for-small-dogs-puppy-and-cats-outdoor-training-and-running-soft-mesh-padded-reflective-vest-harness-uopob', NULL, '<p>Adjustable Pet Harness Collar and Leash Set for Small Dogs Puppy and Cats Outdoor Training and Running with Classic Beige Plaid Pattern.</p><p>The reason why our harness is called a real Daily Harness because it always meets the demands of you and your furry puppy! This Harness has two sides reflective straps, and the middle logo also is reflective, so if you walk with your dog at night, then both of you will be safer!</p><p>The collar is with bell, the leash is equipped with a 360 degree rotation metal hook, the harness is adopted with quick-release buckles and double D-rings which is very heavy duty, all of these advantages will let you be full of confidence to send this gift to your puppy or friends.</p>', 9, NULL, NULL, 70, 70, 0, 'percent', NULL, NULL, 0, 30, 1, 1, 1, 1, 1, 1, 0, 72, 24, NULL, 0, 1, NULL, 1, '2023-09-20 23:04:30', '2023-09-20 23:04:30', NULL),
(16, 'Obeeedience Pet Dog Cat Leash Traction Rope Reflective Adjustable Hand Free Dog Waist Belt Freely Jogging Pull Dog Leash Metal DRing Leashe', 'obeeedience-pet-dog-cat-leash-traction-rope-reflective-adjustable-hand-free-dog-waist-belt-freely-jogging-pull-dog-leash-metal-dring-leashe-zqyqq', NULL, '<p>Hand-free dog/cat leash made of double bungee cords with great flexibility. Effectively reduces stress from pulling and tugging, and absorbs abrupt changes of direction of the dog/cat. With an adjustable waist belt supports your multi-tasking, such as talking on the phone, carrying a drink, and even exercising. Enjoy hands-free dog/cat walking.</p>', 4, NULL, NULL, 86, 86, 0, 'percent', NULL, NULL, 0, 55, 1, 1, 1, 1, 1, 1, 0, 72, 24, NULL, 0, 1, NULL, 1, '2023-09-20 23:08:04', '2023-09-20 23:08:04', NULL),
(17, 'Dog Colllars ATUUBAN Quick Moving Tactical Harness With Handle Reflective In Training Walking K9 Vest No-Pull Front Clip Can Adjust Vests', 'dog-colllars-atuuban-quick-moving-tactical-harness-with-handle-reflective-in-training-walking-k9-vest-no-pull-front-clip-can-adjust-vests-0cf1m', NULL, '<p>Study material: Heavy-duty dog harness is made from 900D nylong, durable and wear-proof. Soft sponge padded and air mesh lining make dogis skin breath freely and wear comfortable. Well-constructed pet harness with tight stitching is a perfect choice for training, travel, working, jogging, hiking and other outdoor activities.</p><p>No-pull &amp; No-choke design: Practical no pull dog harness comes with two rough metal leash attachment rings. The belly ring is used to stop dogs pulling a lot, teach them to walk without pulling. The back ring is for casual walk. This design disperses pulling pressure, prevents your dog from choking.</p>', 8, NULL, NULL, 90, 90, 0, 'percent', NULL, NULL, 0, 56, 1, 1, 1, 1, 1, 1, 0, 72, 24, NULL, 0, 1, NULL, 1, '2023-09-20 23:12:26', '2023-09-20 23:12:26', NULL),
(18, 'Rabbeet Mesh Harness with Leash, Rabbit Mesh Traction Harness Rabbit Harness with Leash Pet Supply Pet Pink Mesh for small Animals', 'rabbeet-mesh-harness-with-leash-rabbit-mesh-traction-harness-rabbit-harness-with-leash-pet-supply-pet-pink-mesh-for-small-animals-wgukj', NULL, '<p>Specially designed for small pets, such as rabbits, guinea pigs, little pigs, dogs and so forth. It is easy to wear and take off, provides a great wearing enjoyment for you pets without pain! This neck is designed with hoop and loop and adjusting buckle, which is suitable for pets of different body types. It is more convenient to adjust the neck circumference by adding the adjusting buckle. Waist hoop and loop can adjust the safty belt more comfortably to prevent pets from breaking free, and can also prevent pets from being strangled. Made of soft mesh, soft and comfortable, with strong air permeability, and it is comfortable for pets to wear.</p>', 5, NULL, NULL, 42, 42, 0, 'percent', NULL, NULL, 0, 49, 1, 1, 1, 1, 1, 1, 0, 72, 24, NULL, 0, 1, NULL, 1, '2023-09-20 23:19:33', '2023-09-20 23:19:33', NULL),
(19, 'Lyyla Adjustable Pet Cat Dog Car Seat Belt Safety Restraint Harness Clip Lead Red Dog & Cat Safety Harness  (Medium, Multicolor)', 'lyyla-adjustable-pet-cat-dog-car-seat-belt-safety-restraint-harness-clip-lead-red-dog-cat-safety-harness-medium-multicolor-hg4iq', NULL, '<p>The pet seat belt prevents your pet from distracting or jumping in the car.Your pet is then restrained to one position in the vehicle and can only move a specified distance designated by you.Helps to keep you and your dog or cat safe during drive.Pet can sit, lay or stand freely yet safely in car.Material: Metal+Nylon, Size: Approx. 2.5x64cm/0.98x25.2 inch (WxL)Package Includes:2 Piece Pet Seat Belt</p>', 8, NULL, NULL, 50, 50, 0, 'percent', NULL, NULL, 0, 46, 1, 1, 1, 1, 1, 1, 0, 72, 24, NULL, 0, 1, NULL, 1, '2023-09-20 23:25:36', '2023-09-20 23:25:36', NULL),
(20, 'Senapatee Small Dog Puppy Harness Adjustable, Belt and Collar Combo Set (Waterproof, Nylon) (Blue, Large)', 'senapatee-small-dog-puppy-harness-adjustable-belt-and-collar-combo-set-waterproof-nylon-blue-large-h34ok', NULL, '<p>The Small dog harness,leash and collar set are made of high quality durable high density nylon material and soft honeycomb mesh. Hook and loop bonding is added to the top, so the harness will not slip easily, no matter how your dog toss.</p><p>Dog harness design in step-in style and come with an adjustable nylon webbing .Dog belt length from 40-80 Inches suitable for any scene, whether it is training or walking. Reinforced Stitching - 360°Rotating Clasp Metal Hook -Reflective Pet Leashes sturdy,good quality can last a long time.</p>', 10, NULL, NULL, 41, 41, 0, 'percent', NULL, NULL, 0, 56, 1, 1, 1, 1, 1, 1, 0, 72, 24, NULL, 0, 1, NULL, 1, '2023-09-20 23:28:37', '2023-09-20 23:28:37', NULL),
(21, 'Dog Necck Tie Dog Bow Tie Cat Tie Pet Grooming Supplies Pet Headdress Flower', 'dog-necck-tie-dog-bow-tie-cat-tie-pet-grooming-supplies-pet-headdress-flower-nd9zg', NULL, '<p>Comes with an attached strap and adjustable, easy-release buckle, washable. The bow tie is attached to the collar. Digitally printed stylish dog bandanas/dog scarves to dress up for your dog for any occasion or everyday mood. Perfect for weddings, holidays, and parties, make your pets gentle and formal</p>', 8, NULL, NULL, 53, 53, 0, 'percent', NULL, NULL, 0, 50, 1, 1, 1, 1, 1, 1, 0, 72, 24, NULL, 0, 1, NULL, 1, '2023-09-21 00:16:10', '2023-09-21 00:16:10', NULL),
(22, 'Coolling Elevated Dog Bed, Portable Durable Summer Frame Raised Pet Cot with Washable & Breathable Mesh | Cot Bed for Extra Large Medium Small Dogs for Camping or Beach (S)', 'coolling-elevated-dog-bed-portable-durable-summer-frame-raised-pet-cot-with-washable-breathable-mesh-cot-bed-for-extra-large-medium-small-dogs-for-camping-or-beach-s-dprez', NULL, '<p>Cooling Comfort: This dog bed\'s elevated design increases airflow for all season comfort, keeping your pet cool even on hot days. The height is just right for dogs of all ages, from puppies to seniors.</p><p>Indoor &amp; Outdoor Use: Weather resistant, the 8\" raised breathable mesh cot works great indoors and outside. Keep your pup dry and comfortable in the backyard, on the patio or porch, next to the pool, or while camping.</p><p>Strong &amp; Durable: Heavy-duty Teslin mesh holds up against scratching and chewing, providing excellent support and even pressure distribution to reduce joint and muscle pain. The strength-tested lightweight metal frame supports dogs up to 65 lbs.</p>', 4, NULL, NULL, 36, 36, 0, 'percent', NULL, NULL, 0, 40, 1, 1, 1, 1, 1, 1, 0, 72, 24, NULL, 0, 1, NULL, 1, '2023-09-21 00:26:23', '2023-09-21 00:26:23', NULL),
(23, 'Waterproof Pet Bed - Durable, Comfortable, and Waterproof', 'waterproof-pet-bed-durable-comfortable-and-waterproof-1ijos', NULL, '<p>Experience the AquaCosy Waterproof Pet Bed, providing exceptional comfort and durability for your beloved pet. This premium bed is designed with key features that ensure your pet\'s satisfaction and convenience:</p><p>-Waterproof design for easy cleaning and maintenance</p><p>-Durable construction that withstands moisture and spills</p><p>-Provides a dry and cozy resting place for your pet</p><p>-High-quality materials for long-lasting use</p><p>-Offers optimal comfort and support for your furry friend</p><p>Invest in the AquaCosy Waterproof Pet Bed to provide your pet with the ultimate comfort and relaxation they deserve. Order now and enjoy a hassle-free and enjoyable resting experience for your beloved companion.</p>', 10, NULL, NULL, 56, 56, 0, 'percent', NULL, NULL, 0, 42, 1, 1, 1, 1, 1, 1, 0, 72, 24, NULL, 0, 1, NULL, 1, '2023-09-21 00:37:37', '2023-09-21 00:37:37', NULL),
(24, 'Knnott Macrame Cat Hammock Macrame Hanging Swing Cat Basket Home Pet Cat Accessories Dog Cat\'s House Puppy Bed Cat Swing Cat Tree Furniture', 'knnott-macrame-cat-hammock-macrame-hanging-swing-cat-basket-home-pet-cat-accessories-dog-cats-house-puppy-bed-cat-swing-cat-tree-furniture-4h163', NULL, '<p>The Top Knott Macrame Cat Hammock Macrame Hanging Swing Cat Basket Home Pet Cat Accessories Dog Cat\'s House Puppy Bed Cat Swing Cat Tree Furniture</p><p>Macrame Cat Hammock | Macrame Hanging Swing Cat Basket | Home Pet Cat Accessories Dog Cat\'s House Puppy Bed | Cat Swing | Cat Tree | Cat furniture</p>', 4, NULL, NULL, 52, 52, 0, 'percent', NULL, NULL, 0, 56, 1, 1, 1, 1, 1, 1, 0, 72, 24, NULL, 0, 1, NULL, 1, '2023-09-21 00:52:50', '2023-09-21 00:52:50', NULL),
(25, 'Careefresh Complete Pet Soft Bedding Material, Natural', 'careefresh-complete-pet-soft-bedding-material-natural-hi9ud', NULL, '<p>CareFRESH is the one that started it all, the first pet bedding made from virgin reclaimed cellulose. You’ll love CareFRESH because it’s absorbent and controls odour. It’s also all natural and biodegradable. The CareFRESH formula is free from contaminants like pine or cedar oils, so it is safe for your small pet. (Aromatic oils in pine and cedar bedding have been shown to have adverse health effects on small pets.) Plus it provides a more natural living environment promoting instinctive burrowing and nesting behaviours of small pets. For odour control and absorbency, choose CareFRESH Ultra bedding for Ultra soft, Ultra Clean and an Ultra absorbent bedding for your pet. </p>', 10, NULL, NULL, 25, 25, 0, 'percent', NULL, NULL, 0, 59, 1, 1, 1, 1, 1, 1, 0, 72, 24, NULL, 0, 1, NULL, 1, '2023-09-21 00:59:32', '2023-09-21 00:59:32', NULL),
(26, 'Thoor Small Bird Toys, Wood Ladder Colorful and Wooden Hanging Chewable Budgies, Cockatiel, Finches, Kannur Birds - 2 Piece', 'thoor-small-bird-toys-wood-ladder-colorful-and-wooden-hanging-chewable-budgies-cockatiel-finches-kannur-birds-2-piece-vewaf', NULL, '<p>WHAT YOU GET :Package include 2 pieces of bird types made with bamboo.</p><p>ALL BIRD TOYS:Thor bird toys are suitable for all breeds of parakeet and parrots; Funny interactive toy, best tool to kill a birds boredom and keep them busy</p><p>MULTI-FUNCTION BIRD TOYS: Thor bird toys are designed to let your bird\'s feet have rest while also offer exercise opportunities for your birds. Provides your little bird an ideal elevated place to swing, chew and climb.</p><p>EASY TO INSTALL: Each perch is fully outfitted with a metal wing nut and a built-in bolt.Fasten easily onto the cage with the screw and disc system. Can be mounted on the inside or outside of the cage for extra living and landing space.</p>', 11, NULL, NULL, 30, 30, 0, 'percent', NULL, NULL, 0, 50, 1, 1, 1, 1, 0, 1, 0, 72, 24, NULL, 0, 1, NULL, 1, '2023-09-21 01:04:42', '2023-09-21 01:04:42', NULL),
(27, 'Small Animal Supplies P8DE Pet Tunnels Tubes Collapsible 234 Way Hideout Colorful Tunnel Toy For Dwarf Kitty5842150', 'small-animal-supplies-p8de-pet-tunnels-tubes-collapsible-234-way-hideout-colorful-tunnel-toy-for-dwarf-kitty5842150-spe7v', NULL, '<p>Features: 100% brand new and high quality</p><p>Hours of Fun: The nice hamster tunnel comes in 11cm/4.33\" width that provide spacious room for small pets and kittens to run through it from end to end, brings them endless fun, providing hours of exercise and self-amusement.</p><p>A Wonderful Hiding Spot: Premium canvas material with rainbow color looks fabulous and more durable. An amazing place to hide, chasing and play.</p><p>Easy Storage: Foldable design, super easy to carry and storage. The ports are designed with hidden plastic sheets, which is not easy to deform.</p><p>Multiple Choices: We offer pet play tunnels with two-way, three-way, four-way, and long two-way, to privide more fun to your lovely pet.</p><p>Suitable for: The play tunnel can hold guinea pig, ferret, rats, sugar glider, hedgehog, and other small animals.</p>', 11, NULL, NULL, 52, 52, 0, 'percent', NULL, NULL, 0, 35, 1, 1, 1, 1, 0, 1, 0, 72, 24, NULL, 0, 1, NULL, 1, '2023-09-21 01:09:34', '2023-09-21 01:09:34', NULL),
(28, 'Ball Toys for Indoor Cat Dog Kitty Exercise Interactive Plush Cat Toys Balls Chirping Balls Fun Catnip Toys Lifelike Chirping', 'ball-toys-for-indoor-cat-dog-kitty-exercise-interactive-plush-cat-toys-balls-chirping-balls-fun-catnip-toys-lifelike-chirping-c0cuk', NULL, '<p>Portable Lightweight Give your pet a fun, all-natural cat toy to play with. Your kitties will enjoy chasing and batting these wool balls all over the house and yard. Made of 100% felted wool with non-toxic dye. These balls are colorful and hold up well to claws and scratching. **These balls are not meant as chew toys. Please supervise your pet during playtime.</p>', 1, NULL, NULL, 63, 63, 0, 'percent', 1695254400, 1695254400, NULL, 45, 1, 1, 0, 0, 1, 1, 0, 0, 0, NULL, 0, 1, NULL, 1, '2023-09-21 01:14:13', '2023-09-21 01:16:06', NULL),
(29, 'Kootkoot Combo Of 6 Pcs Squeaky Dog Toys, Puppy Toys, Cute Doy Chew Toy For Puppies And Small Dogs, Soft Plush Pet Toys With Squeakers', 'kootkoot-combo-of-6-pcs-squeaky-dog-toys-puppy-toys-cute-doy-chew-toy-for-puppies-and-small-dogs-soft-plush-pet-toys-with-squeakers-rjx0m', NULL, '<p>-6 Packs of Squeaky Plush Dog Toys, including: carrot, brinjal, straberry, mashroom, banana and watermelon slice.Their shape and color design are what dogs love. And dogs are very happy to play with them for a long time.</p><p>-Dog Squeaky Toys for puppies and small dogs. All dog toys have Squeakers, and they can constantly attract the dog\'s attention while playing with the dog. These toys are between 4-7 inches in size and are only suitable for puppies and medium-sized dogs.</p><p>-High-quality and Safe Materials. Dog toys are made of high-quality plush and cotton fabric. So these dog toys are very safe and reliable. Your dog needs to chew, no matter what kind of dog it is. This is their nature. To love them is to release their nature.</p>', 12, NULL, NULL, 42, 42, 0, 'percent', NULL, NULL, 0, 51, 1, 1, 1, 1, 0, 1, 0, 72, 24, NULL, 0, 1, NULL, 1, '2023-09-21 01:59:04', '2023-09-21 01:59:04', NULL),
(30, 'Rubbber Tire Flyer Dog Toy, Dog Flying Discs, Frisbee, Bright Color Frisbee, Floatable Dog Frisbees for Fetch, Catch, Play – Great for Beach and Pool', 'rubbber-tire-flyer-dog-toy-dog-flying-discs-frisbee-bright-color-frisbee-floatable-dog-frisbees-for-fetch-catch-play-great-for-beach-and-pool-x7d3d', NULL, '<p>Material : Abs Plastic</p><p>Activity Type : Exercise</p><p>Chewable : No</p><p>Color : Multicolor</p><p>Design : Disc</p><p>Pet Type : Dog</p><p>Suitable For : Young</p><p>Type : Frisbee</p><p>Compared to many other frisbee materials, rubber is also softer and safer. You don\'t have to worry about it breaking and accidentally hurting your dog. Whether you are new to dog frisbee or have been using it for many years, this frisbee is for you.</p>', 12, NULL, NULL, 54, 54, 0, 'percent', NULL, NULL, 0, 34, 1, 1, 1, 1, 1, 1, 0, 72, 24, NULL, 0, 1, NULL, 1, '2023-09-21 02:12:53', '2023-09-21 02:12:53', NULL),
(31, 'Cat Bellls - Special Character Jingle Bells - Cat Collar Bells - Extra Loud Noisy & Large', 'cat-bellls-special-character-jingle-bells-cat-collar-bells-extra-loud-noisy-large-qf29y', NULL, '<p>This listing includes one of our special cartoon jingle bells with a split ring so that it can easily be attached to any cat collar. It\'s perfect for adding a little extra touch of character or replacing an old worn out bell.</p><p>These character bells are the largest and loudest bells that we offer so it\'s perfect if you want to keep track of a sneaky cat.</p><p>This listing is for an additional bell. If you purchase a collar with bells or charms you will receive this bell in addition to the ones that come with your collar.</p>', 11, NULL, NULL, 56, 56, 0, 'percent', NULL, NULL, 0, 35, 1, 1, 1, 1, 0, 1, 0, 72, 24, NULL, 0, 1, NULL, 1, '2023-09-21 02:15:46', '2023-09-21 02:15:46', NULL),
(32, 'Cat pllaying electric moving fish floppy toy USB chargeable swing cat fish toy Catnip Interactive Cat Toy', 'cat-pllaying-electric-moving-fish-floppy-toy-usb-chargeable-swing-cat-fish-toy-catnip-interactive-cat-toy-cjiaw', NULL, '<p>Training Toy - Provides cats with the teaser toy and helps them move to good physical condition</p><p>Cat Interactive Toy - Artificial fish easily attract the attention of cats and help cats to recover from boring life</p><p>Material - he artificial fish are made of plastic, lightweight and of high quality</p><p>Lifelike - The artificial fish is lifelike and can move and move underwater</p><p>Cat Fish Toys - Pets can also be used as a pet fish culture. We have given you aquarium decorations: bright sea animals, artificial algae, you can decorate your individual aquarium and it will be more beautiful at night!</p>', 12, NULL, NULL, 50, 50, 0, 'percent', NULL, NULL, 0, 63, 1, 1, 1, 1, 1, 1, 0, 72, 24, NULL, 0, 1, NULL, 1, '2023-09-21 02:19:31', '2023-09-21 02:19:31', NULL),
(33, 'Woood Parrot Drawbridge Bird Ladder Climb Cableway Hamster Toys Birdcage Bridge Pet Training with 4 Hooks yq01064', 'woood-parrot-drawbridge-bird-ladder-climb-cableway-hamster-toys-birdcage-bridge-pet-training-with-4-hooks-yq01064-i3sag', NULL, '<p>Materia: Wooden Ladder is made of carefully selected natural wood and The gap between the crossbars is very reasonable, suitable for all kinds of birds to climb.</p><p>That can be attached to most cages with the hooks provided</p><p>Ideal for Budgies, Canaries, Finches and other Small Birds</p><p>A Great Way for your feathered friend to play and exercise</p><p>also helps to prevent Boredom</p>', 2, NULL, NULL, 45, 45, 0, 'percent', NULL, NULL, 0, 35, 1, 1, 1, 1, 0, 1, 0, 72, 24, NULL, 0, 1, NULL, 1, '2023-09-21 02:42:38', '2023-09-21 02:42:38', NULL),
(34, 'Pet Empiree Puzzzle Dog Toy, Interactive Treat Dog Toy, Puppy Treat Feeder Toys Dog Brain Games Improve Dog\'s IQ Treat Dispenser Slow Feeder for Small Medium Dogs Training Playing', 'pet-empiree-puzzzle-dog-toy-interactive-treat-dog-toy-puppy-treat-feeder-toys-dog-brain-games-improve-dogs-iq-treat-dispenser-slow-feeder-for-small-medium-dogs-training-playing-oqdrq', NULL, '<p>- Our dog puzzle feeder toy is full of fun. It not only requires the puppy to find the location of the food by smelling the smell, but also needs to move the puzzle and even open the drawer to get the food. Different game modes can effectively prevent pets from getting bored, and at the same time are good for training the puppy\'s intelligence.</p><p>- Dog blocks have 3 types of hidden compartments for snacks. By moving, sliding the compartments, or even rotating the bone mechanism, opening the drawers to obtain food, in order to exercise pets’ intelligence, consume their excess energy, and reduce destructive behavior.</p><p>- Made of non-toxic PP material, safe, easy to clean, anti-bite, no need to worry about bursting into sharp fragments to hurt your pet. The plastic slider of the snack feeder is not removable, which can avoid swallowing and effectively protect the safety of pets.</p>', 4, NULL, NULL, 40, 40, 0, 'percent', NULL, NULL, 0, 51, 1, 1, 1, 1, 0, 1, 0, 72, 24, NULL, 0, 1, NULL, 1, '2023-09-21 02:45:35', '2023-09-21 02:45:35', NULL),
(35, 'Xigweeg Pet Carrier for Cat & Small Dog and Puppy Kitty Transparent and Breathable Airline-Approved Hiking and Outdoor for Puppies & Cats (Black, Transparent)', 'xigweeg-pet-carrier-for-cat-small-dog-and-puppy-kitty-transparent-and-breathable-airline-approved-hiking-and-outdoor-for-puppies-cats-black-transparent-qquwr', NULL, '<p>Best Quality Product- Made of polyester, exterior breathable transparent over cover helps ease pet anxiety.9 ventilation holes and mesh design make sure there is adequate ventilation. Creating a comfortable and breathable environment for our pets.</p><p>Premium- Premium materials has been used The pet backpack is superior in materials and excellent in workmanship. Made with High-Quality Pet Safe Materials, Waterproof, Easy Clean and Lightweight. The pocket on the other side is nice to fill in pet snacks.</p><p>Space Capsule Appearance- The unique and popular space capsule design makes your carrying pet feel safer, comfortable and lets it have a broader vision of the outside.</p>', 13, NULL, NULL, 78, 78, 0, 'percent', NULL, NULL, 0, 51, 1, 1, 1, 1, 1, 1, 0, 72, 24, NULL, 0, 1, NULL, 1, '2023-09-21 03:45:46', '2023-09-21 03:45:46', NULL),
(36, 'Foodie Puppies Dog Water Botttle, Leak Proof Portable Puppy Water Dispenser Drinking Feeder Pet Care Cup for Outdoor Walking, Hiking, Travel (12 Oz / 350ml, Color May Vary)', 'foodie-puppies-dog-water-botttle-leak-proof-portable-puppy-water-dispenser-drinking-feeder-pet-care-cup-for-outdoor-walking-hiking-travel-12-oz-350ml-color-may-vary-2rb1z', NULL, '<p>BIG TROUGH &amp; CONVENIENT - Water bottle is 3.0 inches wide with 2.76 inches big trough. It can hold max 12 fluid ounces (350 ml) of water. It not only ensures dog drinking water easily but also cat, rabbit or other small pet to drinking water easily. You can put this bottle into your pocket, backpack or hanging on your hand with sling rope.</p><p>EASY TO CLEAN - Removable top of the outdoor dog bottle can be washed, easy dismantling and cleaning.</p><p>QUICK TO USE - One-hand operation of the puppy drinking bottle, easy to feed water.</p>', 4, NULL, NULL, 45, 45, 0, 'percent', NULL, NULL, 0, 65, 1, 1, 1, 1, 1, 1, 0, 72, 24, NULL, 0, 1, NULL, 1, '2023-09-21 03:52:58', '2023-09-21 03:52:58', NULL),
(37, 'Dog Appaarel Cute Small Animal Hat With Ear Holes Breathable Mini Guinea Pig Hamster Sun Hats Funny Puppy Sunshade Caps', 'dog-appaarel-cute-small-animal-hat-with-ear-holes-breathable-mini-guinea-pig-hamster-sun-hats-funny-puppy-sunshade-caps-yrscs', NULL, '<p>Excellent Quality Superior Fabric, Dedicate Craftsmanship, Accurate Measurement Complete QC system.</p><p>All dimensions are measured by hand, so it is normal to have some deviations, please understand us.</p>', 8, NULL, NULL, 29, 29, 0, 'percent', NULL, NULL, 0, 49, 1, 1, 1, 1, 1, 1, 0, 72, 24, NULL, 0, 1, NULL, 1, '2023-09-21 03:57:18', '2023-09-21 03:57:18', NULL),
(38, 'Black & White Colour Blocked Bowtie Collar Pet Bandanas Scarf', 'black-white-colour-blocked-bowtie-collar-pet-bandanas-scarf-oyfoe', NULL, '<p>Set content: 1 Colour Blocked Bowtie Collar Pet Bandanas Scarf</p><p>Colour: Black and white</p><p>Pattern: Colour blocked</p><p>Fastening: Buckle</p><p>Ideal for: Dog</p>', 11, NULL, NULL, 38, 38, 0, 'percent', NULL, NULL, 0, 41, 1, 1, 1, 1, 1, 1, 0, 72, 24, NULL, 0, 1, NULL, 1, '2023-09-21 04:00:45', '2023-09-21 04:00:45', NULL),
(39, 'Pet Camera, Vimtag 1080P Pet Cam,355° Pan/Tilt View Angel with Two Way Audio, Dog Camera with Phone APP, Motion Tracking Alarm,Night Vision,24/7', 'pet-camera-vimtag-1080p-pet-cam355-pantilt-view-angel-with-two-way-audio-dog-camera-with-phone-app-motion-tracking-alarmnight-vision247-qlrcg', NULL, '<p>The Vimtag pet camera provides 8X optical zoom, 1080P HD crystal clear smooth live video with 355° horizontal and 100° vertical rotation range, covering every corner of your home,monitor your pets, baby all the time . Dog Camera works with 2.4G WiFi.</p><p>This indoor pet camera with phone app supports motion, human and sound detection, when motion or sound is detected, the app will send you a notification, just open it to check quickly what is going on, you will not miss any important movements of your pets.You can watch your baby via your phone wherever you are.</p>', 10, NULL, NULL, 56, 56, 0, 'percent', NULL, NULL, 0, 34, 1, 1, 1, 1, 1, 1, 0, 72, 24, NULL, 0, 1, NULL, 1, '2023-09-21 04:04:15', '2023-09-21 04:04:15', NULL),
(40, 'Pet Dog Stroller Pet Dog Foldable Carrier Strolling Cat Outdoor Carrier Cart Four Wheel Stroller1306j', 'pet-dog-stroller-pet-dog-foldable-carrier-strolling-cat-outdoor-carrier-cart-four-wheel-stroller1306j-r6hbz', NULL, '<p>MULTIPLE WINDOWS FOR BREATHABILITY: Storage compartment for pet supplies, treats, and toys</p><p>DIMENSIONS: (15” x 20” x 40” Inches). Folded: 32\"L x 17\"W x 11\"H / Stroller: 34\"L x 18\"W x 40\"H / Carriage: 21\"L x 14\"W x 19\"H</p><p>OPTIONS FOR STORAGE: Convenient cup holder near the handle. Roomy design with large undercarriage. 2 Cup Holders, Seat Belts Leash, Rear Security Brakes, Hooded Peak Top Window, Simple Fold for Easy Handling &amp; Storage on a Daily Use</p>', 8, NULL, NULL, 20, 20, 0, 'percent', NULL, NULL, 0, 61, 1, 1, 1, 1, 1, 1, 0, 72, 24, NULL, 0, 1, NULL, 1, '2023-09-21 04:08:17', '2023-09-21 04:08:17', NULL),
(41, 'Furllicks Gut Health Supplement For Dogs & Cats Digestion & Healthy Gut Flora Oral Strips Pet Health Supplements', 'furllicks-gut-health-supplement-for-dogs-cats-digestion-healthy-gut-flora-oral-strips-pet-health-supplements-lzjtq', NULL, '<p>You Are What Your Gut Is And Same Goes For Your Pets! So, For Keeping Their Gut Health At Its Peak, It Is Essential To Supplement Their Diet With Probiotics And Digestive Enzymes. But These Sound Boring, Right? But Why Does Your Pet Need These? Adding Probiotics And Enzymes To Your Pet\'s Diet Promotes Optimum Digestion, Which Helps Them Take Control Of Food Allergies That May Manifest In Skin Conditions As Well. Be Prepared, Well In Advance, For These With Furlicks Gut Health Supplement And Bid Adieu To The Upsetting Upset Stomach.  </p>', 13, NULL, NULL, 36, 36, 0, 'percent', NULL, NULL, 0, 53, 1, 1, 1, 1, 0, 1, 0, 72, 24, NULL, 0, 1, NULL, 1, '2023-09-21 04:13:23', '2023-09-21 04:13:23', NULL),
(42, 'Pet Care International (PCI) Vita-Care Drop to Provide Essential Vitamin and Minerals for Healthy Hamster, Rabbit, Guinea Pig, Hedgehog, Sugar Glider etc Healthcare (Pack of 2) (30ml)', 'pet-care-international-pci-vita-care-drop-to-provide-essential-vitamin-and-minerals-for-healthy-hamster-rabbit-guinea-pig-hedgehog-sugar-glider-etc-healthcare-pack-of-2-30ml-kygfc', NULL, '<p>-Multi-vitamin supplement enriched with minerals, indicated especially for rabbits, Guinea pigs, chinchillas, hamsters and squirrels.</p><p>-Its high content in vitamins and minerals shall foster the health and well-being of your pet, providing a great vitality.</p><p>-Provides a supplement complete for healthy life.</p><p>-All necesary vitamins, All necessary minerals</p><p>-Directions:- *Rabbit &amp; Guinea Pigs:- 4 drops per 30ml water or on Food. *Hamsters &amp; Small Animals:- 2 drops per 30ml water or on Food.</p>', 1, NULL, NULL, 47, 47, 0, 'percent', NULL, NULL, 0, 45, 1, 1, 1, 1, 0, 1, 0, 72, 24, NULL, 0, 1, NULL, 1, '2023-09-21 04:15:58', '2023-09-21 04:15:58', NULL),
(43, 'Harttz mountain corp. Ultraguard Flea & Tick Puppy Collar 15\"', 'harttz-mountain-corp-ultraguard-flea-tick-puppy-collar-15-ukdmi', NULL, '<p>-Fresh scented</p><p>-Kills and repels fleas, deer and brown dog ticks for 7 months. Can be worn simultaneously with your dog\'s regular collar</p><p>-Water-resistant design won\'t cause loss of effectiveness if your playful pup takes a stroll in the rain</p><p>-Fits puppies with necks that measure up to 15 inches</p><p>-For use on adult dogs and puppies 12 weeks of age and older </p>', 4, NULL, NULL, 19, 19, 0, 'percent', NULL, NULL, 0, 61, 1, 1, 1, 1, 0, 1, 0, 72, 24, NULL, 0, 1, NULL, 1, '2023-09-21 04:18:46', '2023-09-21 04:18:46', NULL),
(44, 'TKTK Dermspot Spot-on for Dogs and Cats', 'tktk-dermspot-spot-on-for-dogs-and-cats-dw4ig', NULL, '<p>-The skin lipid complex stimulates the production and secretion of endogenous stratum corneum lipids, contributing to the formation of an improved epidermal barrier.</p><p>-Many studies have proven Skin Lipid Complex as an effective adjunct management therapy for rebuilding skin barrier.</p><p>-Anti hair fall - anti hair break complex helps to manage the hair fall.</p><p>-Emollients helps to keep the skin hydrated.</p>', 5, NULL, NULL, 23, 23, 0, 'percent', NULL, NULL, 0, 53, 1, 1, 1, 1, 0, 1, 0, 72, 24, NULL, 0, 1, NULL, 1, '2023-09-21 04:22:14', '2023-09-21 04:22:14', NULL),
(45, 'Fooodie Puppies Cool Mint Toothpaste and Toothbrush Combo for Dogs - 100g | Soothing Mix of Clove and Cinnamon Oil Suitable for dogs and Puppies', 'fooodie-puppies-cool-mint-toothpaste-and-toothbrush-combo-for-dogs-100g-soothing-mix-of-clove-and-cinnamon-oil-suitable-for-dogs-and-puppies-uucvx', NULL, '<p>-Foodie Puppies Enzymatic Toothpaste for Dogs Helps in reducing plaque and tartar buildup. lastic toothbrush sets on your fingers to avoid being bitten.</p><p>-Double ended Dog Cat Toothbrush with long handle (to reach back teeth), soft bristles and tapered heads.</p><p>-Apply a pea-sized amount of toothpaste onto a toothbrush. slowly progress to rubbing the toothpaste along the gum line and teeth using a toothbrush. Make sure to reach every tooth. No rinsing is necessary.</p><p>-The two finger Dog Teeth Care Brush allows the pet owner to place the brushes on the finger to clean pet teeth.</p>', 13, NULL, NULL, 53, 53, 0, 'percent', NULL, NULL, 0, 61, 1, 1, 1, 1, 1, 1, 0, 72, 24, NULL, 0, 1, NULL, 1, '2023-09-21 04:31:19', '2023-09-21 04:31:19', NULL),
(46, 'Pedigree Dentastix Dog Treat Oral Care For Adult Medium Breed (10-25 Kg)', 'pedigree-dentastix-dog-treat-oral-care-for-adult-medium-breed-10-25-kg-7nrux', NULL, '<p>-Triple Action</p><p>-Reduces tartar build-up by up to 80%</p><p>-Cleans hard to reach teeth</p><p>-Supports gum health</p><p>-No Added Artificial Colours or Flavours </p>', 5, 2, NULL, 40, 40, 0, 'percent', NULL, NULL, 0, 61, 1, 1, 1, 1, 1, 1, 0, 72, 24, NULL, 0, 1, NULL, 1, '2023-09-21 05:03:44', '2023-09-21 05:03:44', NULL),
(47, 'Huggle Glow & Shine Berry And Coconut Pet Shampoo With Vitamin C & E Conditioning, Anti-fungal, Allergy Relief Berry Dog Shampoo', 'huggle-glow-shine-berry-and-coconut-pet-shampoo-with-vitamin-c-e-conditioning-anti-fungal-allergy-relief-berry-dog-shampoo-eoj8z', NULL, '<p>Huggle Glow &amp; Shine Berry &amp; Coconut Pet Shampoo Cleans Your Pet, Even After The Messiest Of Adventures. Wild Foxberry And Cedar Oil Provide A Deep Luxurious Clean Coat While Oatmeal And Coconut Replenish Natural Moisture For A Coat That\'s Soft And Huggable. This Dog &amp; Cat Shampoo Deeply Cleanses Pets In A Rich Lather While Misturizing And Conditioning Their Skin And Coat. Its Soothing Scent Will Leave Your Pet Smelling Pleasant. Ph Balanced, Soap-free, Paraben Free And Dye Free, Made With Naturally Derived Ingredients And Safe When Used As Directed On Dogs And Cats.</p>', 4, 4, NULL, 37, 57, 0, 'percent', 1695340800, 1695340800, NULL, 54, 1, 1, 0, 0, 1, 1, 0, 0, 0, NULL, 0, 1, NULL, 1, '2023-09-22 00:31:17', '2023-09-22 00:36:16', NULL),
(48, 'Medimade Hair Conditioner for Pets with Shea Butter & Coconut - 200 ml', 'medimade-hair-conditioner-for-pets-with-shea-butter-coconut-200-ml-evhbz', NULL, '<p>-Bottle Item Form.</p><p>-Liquid Target Species.</p><p>-Dogs and Cats Breed Recommendation.</p><p>-All breed Specific Uses For Product.</p><p>-Grooming Direction of Use : Take a required amount in hand.</p>', 13, 4, NULL, 25, 35, 0, 'percent', NULL, NULL, 0, 61, 1, 1, 1, 1, 1, 1, 0, 72, 24, NULL, 0, 1, NULL, 1, '2023-09-22 00:35:24', '2023-09-22 00:35:24', NULL),
(49, 'Jolly Good Pets Immunity Support Supplement for Dogs & Cats I 60 Capsules', 'jolly-good-pets-immunity-support-supplement-for-dogs-cats-i-60-capsules-j6w1k', NULL, '<p>Helps support effective immune response, boost lymphatic function, with normal detox process, cellular level protection, with innate resistance to pathogens, relieve environmental allergies. INGREDIENTS : 100% Plant-based, natural &amp; effective ingredients. They are also free of the stuff you don’t want, like artificial additives or preservatives, fillers, synthetics.</p>', 3, NULL, NULL, 42, 42, 0, 'percent', NULL, NULL, 0, 51, 1, 1, 1, 1, 0, 1, 0, 72, 24, NULL, 0, 1, NULL, 1, '2023-09-22 00:40:12', '2023-09-22 00:40:12', NULL),
(50, 'Fresh For Paws - Oh My Greens Food for Pet Dogs - 300 gram', 'fresh-for-paws-oh-my-greens-food-for-pet-dogs-300-gram-ukipv', NULL, '<p>-Greens in these recipes are Green Peas, Broccoli, Spinach, Zucchini and Spirulina combined with Carrots, Beetroot, Coconut, Pomegranate, Brewers’ Yeast, Chia Seeds, Chamomile, and Turmeric &amp; Stock, made in Olive Oil to give our dogs a COMPLETE &amp; BALANCED meal. It is GRAIN- FREE &amp; VEGAN.</p><p>-AGE GROUP - 3 months and above </p><p>-INGREDIENT LIST - Green Peas Broccoli Spinach Carrot Zucchini Beetroot Coconut Olive Oil Brewers Yeast Chia Seeds Spirulina Pomegranate Chamomile Turmeric Stock </p><p>-NUTRITION ANALYSIS - Total KCAL - 285 Protein - 16g Fat - 9g Carbohydrates - 15g Fibre - 9g Cholesterol - 0</p><p>-SHELF LIFE - 2 years</p>', 4, 1, NULL, 18, 36, 0, 'percent', NULL, NULL, 0, 65, 1, 1, 1, 1, 1, 1, 1, 72, 24, NULL, 0, 58, NULL, 58, '2023-09-22 00:43:26', '2024-12-20 08:51:26', NULL),
(51, 'ProoDen Dog & Cat Dental Care - PlaqueOff Powder 20g', 'prooden-dog-cat-dental-care-plaqueoff-powder-20g-glcre', NULL, '<p>ProDen PlaqueOff Powder is a pet dental product for both cats and dogs Used daily, this 100% natural product made from seaweed can significantly complement your pet’s ordinary dental hygiene Works systemically against bad breath, tartar &amp; plaque Simply sprinkle on your pets food ProDen PlaqueOff Powder contains no additives and artificial preservatives and contains no gluten or added sugar. A completely natural product, made from specially selected Norwegian Seaweed (D1070), ProDen PlaqueOff Powder has been found to have specific beneficial effects for oral care, reducing bad breath by up to 63% after 12 weeks and reduces plaque by up to 35% after the first 8 weeks. ProDen PlaqueOff Powder comes in a granulated form which is easily added to food every day. </p>', 5, 1, NULL, 19, 39, 0, 'percent', NULL, NULL, 0, 50, 1, 1, 1, 1, 1, 1, 1, 72, 24, NULL, 0, 58, NULL, 58, '2023-09-22 00:47:13', '2024-12-20 08:51:26', NULL),
(52, 'Treexie Eye Care Clean Eyes', 'treexie-eye-care-clean-eyes-0o2is', NULL, '<p>-Caring wipes for eye cleansing.</p><p>-Suitable for dogs, cats and small animals.</p><p>-Contains aloe vera and provitamin B5.</p><p>-For cleaning around the eyes.</p>', 6, NULL, NULL, 58, 58, 0, 'percent', NULL, NULL, 0, 45, 1, 1, 1, 1, 0, 1, 0, 72, 24, NULL, 0, 58, NULL, 58, '2023-09-22 00:49:40', '2023-09-22 00:49:40', NULL),
(53, 'Portable Dog / Cat Paw Cleaner and Washer Cup with Soft Siilicone Bristles for Quickly Cleaning Pets Dirty Feet', 'portable-dog-cat-paw-cleaner-and-washer-cup-with-soft-siilicone-bristles-for-quickly-cleaning-pets-dirty-feet-hefa1', NULL, '<p>-Safe and comfortable: Made of soft and effective silicone bristles, The silicone brush massages the paw while cleaning, it lets your dog enjoy it.</p><p>-Upgrade Round Head Brush Design: Better clean performance &amp; softer washing experience than straight head brush.</p><p>-Our paw washer cup is simple to use not only for dogs, but also for cats and other little pets. It’s very comfortable for pets.</p><p>-Easy to use &amp; clean – Add a little water and simply insert the muddy dirty paw inside the cup. Move cup up and down or rotate for the best results. Pat and wipe paw dry and then repeat with other paws. Keeps Mats Clean.</p>', 13, NULL, NULL, 46, 46, 0, 'percent', NULL, NULL, 0, 87, 1, 1, 1, 1, 1, 1, 0, 72, 24, NULL, 0, 58, NULL, 58, '2023-09-22 00:52:26', '2023-09-22 00:52:26', NULL),
(54, 'Suupaww Dog Paw Hemp Healing Balm', 'suupaww-dog-paw-hemp-healing-balm-m6yhj', NULL, '<p>-Healing Balm is loaded with 100% Organic Hempseed Oil and other human-grade natural oils. It\'s a great way to keep your dog\'s paws healthy.</p><p>-100% Natural, Handcrafted Moisturiser for your four-legged pets, for soft velvety paws and elbows.</p><p>-Contains Beeswax, Coconut Oil, Castor Oil and Essential Oils. Specially Handcrafted with Cold pressed coconut oil from Devarakadu (Sacred grove) Natural Farm reviving Ancient Wisdom.</p><p>-Beeswax is sourced from Urban Beekeepers to promote circular economy by locally sourcing raw materials.</p>', 5, NULL, NULL, 12, 23, 0, 'percent', NULL, NULL, 0, 83, 1, 1, 1, 1, 1, 1, 0, 72, 24, NULL, 0, 58, NULL, 58, '2023-09-22 00:56:59', '2023-09-22 00:56:59', NULL),
(55, 'OHH MY PET Silk & Shine 2-in-1 Shampoo with Conditioner', 'ohh-my-pet-silk-shine-2-in-1-shampoo-with-conditioner-7xum6', NULL, '<p>-Formulated to regenerate the hair and shine the coat, this 2-in-1 shampoo and conditioner is perfect for getting long-lasting, moisturized fur</p><p>-100% NATURAL INGREDIENTS: With pure and natural ingredients, the pet hair product calms, relax, and destress your furry friend.</p><p>-PLANT-BASED FORMULA: Plant-based formula with arrowroot, olive oil, oatmeal extract, and beta carotene for softness. A natural extract and oils blend moisturizes, strengthens, and smoothes pet coats</p><p>-Dog shampoo best pet shampoo for dogs smooth and shiny shampoo best shampoo cat shampoo</p>', 8, NULL, NULL, 15, 56, 0, 'percent', NULL, NULL, 0, 63, 1, 1, 1, 1, 1, 1, 1, 72, 24, NULL, 0, 59, NULL, 59, '2023-09-22 01:05:59', '2024-12-20 08:51:26', NULL),
(56, 'Buraaaq Pet Shampoo Ditch to Itch - 200ml | Anti-Dandruff | for Dry & Itchy Skin | Deodorizes Coat | for Dogs & Cat', 'buraaaq-pet-shampoo-ditch-to-itch-200ml-anti-dandruff-for-dry-itchy-skin-deodorizes-coat-for-dogs-cat-tqtp0', NULL, '<p>-Multi-Purpose Formula - Buraq pet shampoo cleanses, conditions, detangles, deodorizes, and moisturizes your pet\'s hair. The rich lather rinses out easily, leaving your pet\'s coat healthy and shiny. Dogs and Cats will Love This shampoo</p><p>-High quality ingredients - This Mild Shampoo are pH balanced with Natural , Protein and wholesome ingredients , All our fragrances are exclusive to Pet Head and were designed and formulated with rare &amp; upmarket ingredients leaving your pooch smelling amazingly fresh &amp; fruity .</p><p>-Directions - A Little Bit of Shampoo Goes a Long Way and Provides a rich Lather That\'s Easy To Rinse Off , Leaves Your Loving Pet Nice and Clean , dog shampoo for ticks and fleas , dry shampoo for dogs</p>', 7, 4, NULL, 25, 69, 0, 'percent', NULL, NULL, 0, 57, 1, 1, 1, 1, 1, 1, 1, 72, 24, NULL, 0, 59, NULL, 59, '2023-09-22 01:09:10', '2024-12-20 08:51:26', NULL);
INSERT INTO `products` (`id`, `name`, `slug`, `short_description`, `description`, `brand_id`, `unit_id`, `product_tags`, `min_price`, `max_price`, `discount_value`, `discount_type`, `discount_start_date`, `discount_end_date`, `sell_target`, `stock_qty`, `status`, `is_featured`, `min_purchase_qty`, `max_purchase_qty`, `has_variation`, `has_warranty`, `total_sale_count`, `standard_delivery_hours`, `express_delivery_hours`, `size_guide`, `reward_points`, `updated_by`, `deleted_by`, `created_by`, `created_at`, `updated_at`, `deleted_at`) VALUES
(57, 'Happoy Hiipppo Pet Waterless Bath Spray', 'happoy-hiipppo-pet-waterless-bath-spray-yfj90', NULL, '<p>-Made in the INDIA - Our Neem, Apple &amp; Green Tea Extract waterless shampoo is pH balanced, alcohol free, paraben free, PEG-80 free and is highly recommended for gentle cleaning and freshening dogs, cats, &amp; other animal coats</p><p>-No Rinsing Necessary – For dogs, cats, horses, or other animals that don’t like wet shampoos; no rinsing necessary, simply dry with a towel &amp; brush coat</p><p>-Calming Formula – This Aqua scented waterless shampoo is great for cleansing, conditioning, detangling, &amp; moisturizing animals; our calming formula settles restless animals during cleaning.</p><p>-Gentle Coconut Scent - The light aroma of coconut will leave your pet smelling fresh from the tropics - and free of unpleasant smells.</p><p>-Daily Grooming Routine - Safe for routine bathing on sensitive skin when used as directed.</p>', 13, 4, NULL, 43, 85, 0, 'percent', NULL, NULL, 0, 66, 1, 1, 1, 1, 1, 1, 0, 72, 24, NULL, 0, 59, NULL, 59, '2023-09-22 01:13:34', '2023-09-22 01:13:34', NULL),
(58, 'Dereez Pet Grooming & Cleaning Slicker Brush Self Cleaning Hair Brush For Dogs Cats Shedding Brush Comb With Handle, Dog Hair Brush For German', 'dereez-pet-grooming-cleaning-slicker-brush-self-cleaning-hair-brush-for-dogs-cats-shedding-brush-comb-with-handle-dog-hair-brush-for-german-jbiv1', NULL, '<p>-Pet Grooming Slicker Dog Comb Brush Comb Is Perfect For Both Your Long Haired Or Short Haired Cats/Dogs/Puppies.</p><p>- PERFECT for both your long haired or short haired cats/dogs/puppies</p><p>-The perfect brush to get all nasty mats out of your pet’s fur – IMINGILA pet Grooming Brush gently removes Loose Hair, and eliminates Tangles, Knots, Dander and trapped Dirt.</p><p>-Simply push the button, wipe, and the brush will be as good as new. Pet grooming brush Non-Slip Handles : No worries about this brush slipping out of your hand. It offers an ergonomic handle with a comfort-grip and a non-slip surface, so it won’t slide out of your hand during use. For All Pets This is a perfect brush to use on all of your pets. It works equally well on short or long-haired dogs or cats and removes hair without damaging the coat or the skin. Makes a Perfect Pet-Lover Gift Wrap up this brush today and give it to your pet-loving friend or family member. It’s a great choice for those with multiple animals because the self-cleaning function saves time.</p>', 3, NULL, NULL, 48, 48, 0, 'percent', NULL, NULL, 0, 52, 1, 1, 1, 1, 1, 1, 1, 72, 24, NULL, 0, 60, NULL, 60, '2023-09-22 01:16:20', '2024-12-20 08:51:26', NULL),
(59, 'Xeectes Dog Comb Brush Pet Grooming Brush Self Cleaning Slicker Brush for Dogs and Cats', 'xeectes-dog-comb-brush-pet-grooming-brush-self-cleaning-slicker-brush-for-dogs-and-cats-mjigg', NULL, '<p>-Made of high quality plastic with stainless steel bristles to ensure this brush is able to work great with regular grooming work.</p><p>-It’s super easy to clean, simply click the button and the bristles retract back into the brush, making it simple to remove all the hair from the brush, so it\'s ready for the next time use; it also controls hair shedding.</p><p>-Ergonomic handle is comfortable for holding; thumb rest and soft anti-slip grid prevents hand and wrist strain no matter how long you brush your dog.</p><p>-The perfect brush to get all nasty mats out of your dogs fur, Store dog Self Cleaning slicker brush gently removes loose hair, and eliminates tangles, knots, dander and trapped dirt; works great on dogs of all sizes with medium to large hair length; not suitable for smooth coat dogs. </p>', 4, NULL, NULL, 15, 15, 0, 'percent', NULL, NULL, 0, 67, 1, 1, 1, 1, 1, 1, 1, 72, 24, NULL, 0, 60, NULL, 60, '2023-09-22 01:20:26', '2024-12-20 08:51:27', NULL),
(60, 'Peetoology Professional Automatic Rechargeable Pet Hair Trimmer for Dogs & Cats Grooming Machine Wireless (Grey Trimmer)', 'peetoology-professional-automatic-rechargeable-pet-hair-trimmer-for-dogs-cats-grooming-machine-wireless-grey-trimmer-gwgci', NULL, '<p>-Sharp &amp; Durable: High quality titanium blade with ceramic comb</p><p>-Rechargeable &amp; Cordless: Charge for 5 hours and use for 60-70 minutes</p><p>-User Friendly: 3-6-9-12 mm adjusting and detachable guide combs</p><p>-Low Noise: The precision motor generates low sound &amp; vibration</p><p>-5 degree fine-tuning functions from 0.8 mm to 2 mm for a professional cut</p>', 5, NULL, NULL, 20, 20, 0, 'percent', NULL, NULL, 0, 55, 1, 1, 1, 1, 0, 1, 0, 72, 24, NULL, 0, 60, NULL, 60, '2023-09-22 01:23:22', '2023-09-22 01:23:22', NULL),
(61, 'Store Grinder Nail Clipper  (For Dog, Cat, Rabbit, Hamster)', 'store-grinder-nail-clipper-for-dog-cat-rabbit-hamster-zuzgm', NULL, '<p>Precise clipping: Strong stainless steel and sharp edge can easily trim thick nails of small, medium and large dogs to avoid chipping. After clipping, use the included nail file to polish your dog\'s toenails so that they are rounded and less likely to scratch.Ergonomic design: The wavy handle of the dog nail trimmers is designed to fit the human hand shape. The upgraded silicone material is non-slip and does not rub your hands. It is the first recommendation of many pet doctors, professional pet groomers, animal trainers and thousands of satisfied customers.Safety guard: The nails of small cats and puppy are short and sharp. </p>', 11, NULL, NULL, 59, 59, 0, 'percent', NULL, NULL, 0, 59, 1, 1, 1, 1, 0, 1, 1, 72, 24, NULL, 0, 61, NULL, 61, '2023-09-22 01:26:35', '2024-12-20 08:51:27', NULL),
(62, 'Caature Purelab Natural Ear Cleanser for Dog/Cat 120 ml', 'caature-purelab-natural-ear-cleanser-for-dogcat-120-ml-huh0q', NULL, '<p>-Removes dirt and ear wax- Did you know that your dog’s ears help maintain normal body temperature by radiating excess body heat? Cleaning and maintaining your dog’s ears removes dirt, yeast, and ear wax buildup and acts as an odor eliminator. This dog ear infection treatment is professional strength to deodorize, flush dirt and clean effectively while being gentle on your pet.</p><p>-Non-irritating - Are you worried that the harsh chemicals found in some pet ear cleansers can be irritating to your pet’s ears and harmful to the environment? Our dog ear wash formula is derived from coconut and palm which are naturally antiseptic, antifungal, antibacterial, and antimicrobial, clean gently and are more eco-friendly</p><p>-Use-Place a few drop into the ear and massage to dissolve and extract ear wax. Wipe with cotton balls</p><p>Keep out of the reach of children.</p>', 12, NULL, NULL, 87, 87, 0, 'percent', NULL, NULL, 0, 54, 1, 1, 1, 1, 0, 1, 1, 72, 24, NULL, 0, 61, NULL, 61, '2023-09-22 01:32:23', '2024-12-20 08:51:27', NULL),
(63, 'Naatural Eye Cleanser for Dog/Cat 120 ml', 'naatural-eye-cleanser-for-dogcat-120-ml-tllea', NULL, '<p>Cature PureLab Eye Cleanser uses All natural ingredients to helps soften &amp; removes dried secretions. It cleans pet eyes and eyelids, removing foreign bodies (plant debris, dust, sand, etc) It also soothes &amp; nourishes the eyes and skin around the eye area without irritate the eyes. It is suitable for dogs and cats of any age.</p><p>Directions:</p><p>-Shake well before use. Turn the white nozzle to open the product and then apply liberally into the ear canal. Ensure that the ear column is completely filled.</p><p>-Gently rub the base of the ear and then wipe the interior of the ear flap with cotton or a cloth moistened with Epiotic® Ear Cleaner.</p><p>-Use 2-3 times a week for routine cleansing or as directed by a veterinarian.</p><p>-For pre-treatment in case of otitis externa, EPIOTIC ear cleanser may be used before each application of any other topical therapy, or as directed by your veterinarian.</p>', 2, NULL, NULL, 58, 58, 0, 'percent', NULL, NULL, 0, 50, 1, 1, 1, 1, 0, 1, 0, 72, 24, NULL, 0, 61, NULL, 61, '2023-09-22 01:35:05', '2023-09-22 01:35:05', NULL),
(64, 'VetSaafe Pet perfume - 200ML', 'vetsaafe-pet-perfume-200ml-ufkoq', NULL, '<p>VetSafe Pet perfume - 200ML</p><p>-There may be days when your poochless may smell bad no matter how much pay attention to its hygiene.</p><p>-VetSafe pawfume is soul awakening deodoriser perfume made from natural plant extracts that makes your pet smell fresh instantly.</p><p>-Use after bath or in between bath or on special occasion or regularly. Safe for dogs, cats, horses and small pocket pets.</p><p>-For animal use only. Not to be ingested and only for topical application.</p>', 4, 4, NULL, 82, 82, 0, 'percent', NULL, NULL, 0, 34, 1, 1, 1, 1, 0, 1, 1, 72, 24, NULL, 0, 18, NULL, 18, '2023-09-22 01:38:21', '2024-12-20 08:51:27', NULL),
(65, 'Vvjoy Pet Perfume Spray For All Pets - Controls Odor,Daily Use, Lavender Fragrance Deodorizer  (100 ml, Pack of 1)', 'vvjoy-pet-perfume-spray-for-all-pets-controls-odordaily-use-lavender-fragrance-deodorizer-100-ml-pack-of-1-zkmoo', NULL, '<p>Fragrance - Pet Perfume Spray For All Pets - Controls Odor,Daily Use, Lavender Fragrance</p><p>Type - Spray</p><p>Container Type - 100ml Spray Bottle</p><p>Storage Instructions - keep away from eyes and childrens</p><p>Net Quantity - 100 ml </p>', 14, 4, NULL, 42, 42, 0, 'percent', NULL, NULL, 0, 64, 1, 1, 1, 1, 0, 1, 1, 72, 24, NULL, 0, 18, NULL, 18, '2023-09-22 01:40:57', '2024-12-20 08:51:27', NULL),
(66, 'Hair Removing Lint Roller with Cover Pet', 'hair-removing-lint-roller-with-cover-pet-ol8tc', NULL, '<p>-Colour: White &amp; Pink</p><p>-Material: Paper, HMPSA, polypropylene</p><p>-Lint roller handle: L*H: 10*18cm</p><p>-Roller refill: Roll inner diameter: 38mm(1.50in)</p><p>-Each sheet length: 10cm(3.94in)</p>', 13, NULL, NULL, 63, 63, 0, 'percent', NULL, NULL, 0, 66, 1, 1, 1, 1, 1, 1, 0, 72, 24, NULL, 0, 18, NULL, 18, '2023-09-22 01:43:24', '2023-09-22 01:43:24', NULL),
(67, 'Store Stainless Metal Flea Comb for Pets Grooming Comfortable to Use Dogs, Cats, Rabbit Flea and Tick Prevention for Animals, Flea Treatment Flea Prevention', 'store-stainless-metal-flea-comb-for-pets-grooming-comfortable-to-use-dogs-cats-rabbit-flea-and-tick-prevention-for-animals-flea-treatment-flea-prevention-mg9vs', NULL, '<p>-PARSITE REMOVAL WITHOUT INJURY-This premium quality flea comb is used to pull fleas or parasites out of the fur of your pets without causing any injury to the skin of your pet.Best in preventing hair from knotting and tangling in pets</p><p>-TRUST AND AFFECTION FOOSTERED-Foster affection and increase intimacy between you and your pet. makes you loved like never before.Shiny and beautiful hair is assured when this comb is used on your pet.</p><p>-HEALTH BENEFIT-This premium quality flea comb is designed to promote blood circulation in pets making them live longer.Also designed to remove dirt from the fur of your lovely pet and keeping them clean always.</p><p>-MASSAGE TOOL-Designed to gently massage your pet helping them feel comfortable and loved.Well designed handle for firm grip and proper hand positioning.</p>', 4, NULL, NULL, 98, 98, 0, 'percent', NULL, NULL, 0, 70, 1, 1, 1, 1, 1, 1, 0, 72, 24, NULL, 0, 18, NULL, 18, '2023-09-22 01:48:47', '2023-09-22 01:48:47', NULL),
(68, 'Royallle Cat Tweezers Mite Anti Dog Cat Pet Ticks and Fleas Flea Tick Clip Remover Mite Out - Color May Vary (Single Pack)', 'royallle-cat-tweezers-mite-anti-dog-cat-pet-ticks-and-fleas-flea-tick-clip-remover-mite-out-color-may-vary-single-pack-dchby', NULL, '<p>-100% brand new and high quality</p><p>-It\'s common that a few fleas and mites attach to pets. How did you get them rid of your pets?</p><p>-This product can do you a favor to eliminate the fleas and mites.</p><p>-You can eliminate disgusting mites by this professional tweezers, it\'s easy to use and safe.</p><p>-Press the button on the top of the tick remover to open the gripper to catch feet of fleas.</p>', 8, NULL, NULL, 87, 87, 0, 'percent', NULL, NULL, 0, 66, 1, 1, 1, 1, 1, 1, 0, 72, 24, NULL, 0, 59, NULL, 59, '2023-09-22 01:52:08', '2023-09-22 01:52:08', NULL);

-- --------------------------------------------------------

--
-- Table structure for table `product_categories`
--

CREATE TABLE `product_categories` (
  `id` bigint UNSIGNED NOT NULL,
  `slug` varchar(191) COLLATE utf8mb4_unicode_ci DEFAULT NULL,
  `name` varchar(191) COLLATE utf8mb4_unicode_ci NOT NULL,
  `parent_id` bigint UNSIGNED DEFAULT NULL,
  `sorting_order_level` int NOT NULL DEFAULT '0',
  `is_featured` tinyint NOT NULL DEFAULT '0',
  `is_top` tinyint NOT NULL DEFAULT '0',
  `total_sale_count` int NOT NULL DEFAULT '0',
  `status` tinyint(1) NOT NULL DEFAULT '1',
  `created_by` int UNSIGNED DEFAULT NULL,
  `updated_by` int UNSIGNED DEFAULT NULL,
  `deleted_by` int UNSIGNED DEFAULT NULL,
  `created_at` timestamp NULL DEFAULT NULL,
  `updated_at` timestamp NULL DEFAULT NULL,
  `deleted_at` timestamp NULL DEFAULT NULL
) ENGINE=InnoDB DEFAULT CHARSET=utf8mb4 COLLATE=utf8mb4_unicode_ci;

--
-- Dumping data for table `product_categories`
--

INSERT INTO `product_categories` (`id`, `slug`, `name`, `parent_id`, `sorting_order_level`, `is_featured`, `is_top`, `total_sale_count`, `status`, `created_by`, `updated_by`, `deleted_by`, `created_at`, `updated_at`, `deleted_at`) VALUES
(1, NULL, 'Food and Treats', NULL, 0, 0, 0, 4, 1, NULL, NULL, NULL, '2024-12-20 08:51:12', '2024-12-20 08:51:26', NULL),
(2, NULL, 'Dog & Cat Supplies', 1, 0, 0, 0, 0, 1, NULL, NULL, NULL, '2024-12-20 08:51:12', '2024-12-20 08:51:12', NULL),
(3, NULL, 'Bird, Fish & Small Animal Supplies', 1, 0, 0, 0, 0, 1, NULL, NULL, NULL, '2024-12-20 08:51:13', '2024-12-20 08:51:13', NULL),
(4, NULL, 'Reptile Supplies', 1, 0, 0, 0, 0, 1, NULL, NULL, NULL, '2024-12-20 08:51:13', '2024-12-20 08:51:13', NULL),
(5, NULL, 'Collars, Leashes, and Harnesses', NULL, 0, 0, 0, 0, 1, NULL, NULL, NULL, '2024-12-20 08:51:13', '2024-12-20 08:51:13', NULL),
(6, NULL, 'Collars', 5, 0, 0, 0, 0, 1, NULL, NULL, NULL, '2024-12-20 08:51:13', '2024-12-20 08:51:13', NULL),
(7, NULL, 'Leashes', 5, 0, 0, 0, 0, 1, NULL, NULL, NULL, '2024-12-20 08:51:13', '2024-12-20 08:51:13', NULL),
(8, NULL, 'Custom and Fashion Accessories', NULL, 0, 0, 0, 1, 1, NULL, NULL, NULL, '2024-12-20 08:51:13', '2024-12-20 08:51:26', NULL),
(9, NULL, 'Beds and Bedding', NULL, 0, 0, 0, 0, 1, NULL, NULL, NULL, '2024-12-20 08:51:13', '2024-12-20 08:51:13', NULL),
(10, NULL, 'Toys', NULL, 0, 0, 0, 0, 1, NULL, NULL, NULL, '2024-12-20 08:51:14', '2024-12-20 08:51:14', NULL),
(11, NULL, 'Clothing & Accessories', NULL, 0, 0, 0, 0, 1, NULL, NULL, NULL, '2024-12-20 08:51:14', '2024-12-20 08:51:14', NULL),
(12, NULL, 'Health and Wellness Products', NULL, 0, 0, 0, 2, 1, NULL, NULL, NULL, '2024-12-20 08:51:14', '2024-12-20 08:51:26', NULL),
(13, NULL, 'Grooming Products', NULL, 0, 0, 0, 7, 1, NULL, NULL, NULL, '2024-12-20 08:51:14', '2024-12-20 08:51:27', NULL);

-- --------------------------------------------------------

--
-- Table structure for table `product_category_brands`
--

CREATE TABLE `product_category_brands` (
  `id` bigint UNSIGNED NOT NULL,
  `category_id` int NOT NULL,
  `brand_id` int DEFAULT NULL,
  `created_at` timestamp NULL DEFAULT NULL,
  `updated_at` timestamp NULL DEFAULT NULL,
  `deleted_at` timestamp NULL DEFAULT NULL,
  `product_id` int DEFAULT NULL
) ENGINE=InnoDB DEFAULT CHARSET=utf8mb4 COLLATE=utf8mb4_unicode_ci;

--
-- Dumping data for table `product_category_brands`
--

INSERT INTO `product_category_brands` (`id`, `category_id`, `brand_id`, `created_at`, `updated_at`, `deleted_at`, `product_id`) VALUES
(1, 1, 1, '2024-12-20 08:51:17', '2024-12-20 08:51:17', NULL, 1),
(2, 1, 2, '2024-12-20 08:51:18', '2024-12-20 08:51:18', NULL, 2),
(3, 1, 3, '2024-12-20 08:51:18', '2024-12-20 08:51:18', NULL, 3),
(4, 1, 4, '2024-12-20 08:51:18', '2024-12-20 08:51:18', NULL, 4),
(5, 1, 5, '2024-12-20 08:51:18', '2024-12-20 08:51:18', NULL, 5),
(6, 1, 6, '2024-12-20 08:51:18', '2024-12-20 08:51:18', NULL, 6),
(7, 1, 7, '2024-12-20 08:51:18', '2024-12-20 08:51:18', NULL, 7),
(8, 1, 8, '2024-12-20 08:51:18', '2024-12-20 08:51:18', NULL, 8),
(9, 1, 2, '2024-12-20 08:51:18', '2024-12-20 08:51:18', NULL, 9),
(10, 5, 2, '2024-12-20 08:51:18', '2024-12-20 08:51:18', NULL, 10),
(11, 5, 4, '2024-12-20 08:51:19', '2024-12-20 08:51:19', NULL, 11),
(12, 5, 8, '2024-12-20 08:51:19', '2024-12-20 08:51:19', NULL, 12),
(13, 5, 7, '2024-12-20 08:51:19', '2024-12-20 08:51:19', NULL, 13),
(14, 5, 4, '2024-12-20 08:51:19', '2024-12-20 08:51:19', NULL, 14),
(15, 5, 9, '2024-12-20 08:51:19', '2024-12-20 08:51:19', NULL, 15),
(16, 5, 4, '2024-12-20 08:51:19', '2024-12-20 08:51:19', NULL, 16),
(17, 5, 8, '2024-12-20 08:51:19', '2024-12-20 08:51:19', NULL, 17),
(18, 5, 5, '2024-12-20 08:51:20', '2024-12-20 08:51:20', NULL, 18),
(19, 5, 8, '2024-12-20 08:51:20', '2024-12-20 08:51:20', NULL, 19),
(20, 8, 10, '2024-12-20 08:51:20', '2024-12-20 08:51:20', NULL, 20),
(21, 8, 8, '2024-12-20 08:51:20', '2024-12-20 08:51:20', NULL, 21),
(22, 9, 4, '2024-12-20 08:51:20', '2024-12-20 08:51:20', NULL, 22),
(23, 9, 10, '2024-12-20 08:51:20', '2024-12-20 08:51:20', NULL, 23),
(24, 9, 4, '2024-12-20 08:51:20', '2024-12-20 08:51:20', NULL, 24),
(25, 9, 10, '2024-12-20 08:51:20', '2024-12-20 08:51:20', NULL, 25),
(26, 10, 11, '2024-12-20 08:51:20', '2024-12-20 08:51:20', NULL, 26),
(27, 10, 11, '2024-12-20 08:51:21', '2024-12-20 08:51:21', NULL, 27),
(28, 10, 1, '2024-12-20 08:51:21', '2024-12-20 08:51:21', NULL, 28),
(29, 10, 12, '2024-12-20 08:51:21', '2024-12-20 08:51:21', NULL, 29),
(30, 10, 12, '2024-12-20 08:51:21', '2024-12-20 08:51:21', NULL, 30),
(31, 10, 11, '2024-12-20 08:51:21', '2024-12-20 08:51:21', NULL, 31),
(32, 10, 12, '2024-12-20 08:51:21', '2024-12-20 08:51:21', NULL, 32),
(33, 10, 2, '2024-12-20 08:51:21', '2024-12-20 08:51:21', NULL, 33),
(34, 10, 4, '2024-12-20 08:51:21', '2024-12-20 08:51:21', NULL, 34),
(35, 11, 13, '2024-12-20 08:51:22', '2024-12-20 08:51:22', NULL, 35),
(36, 11, 4, '2024-12-20 08:51:22', '2024-12-20 08:51:22', NULL, 36),
(37, 11, 8, '2024-12-20 08:51:22', '2024-12-20 08:51:22', NULL, 37),
(38, 11, 11, '2024-12-20 08:51:22', '2024-12-20 08:51:22', NULL, 38),
(39, 11, 10, '2024-12-20 08:51:22', '2024-12-20 08:51:22', NULL, 39),
(40, 11, 8, '2024-12-20 08:51:22', '2024-12-20 08:51:22', NULL, 40),
(41, 12, 13, '2024-12-20 08:51:22', '2024-12-20 08:51:22', NULL, 41),
(42, 12, 1, '2024-12-20 08:51:22', '2024-12-20 08:51:22', NULL, 42),
(43, 12, 4, '2024-12-20 08:51:22', '2024-12-20 08:51:22', NULL, 43),
(44, 12, 5, '2024-12-20 08:51:23', '2024-12-20 08:51:23', NULL, 44),
(45, 12, 13, '2024-12-20 08:51:23', '2024-12-20 08:51:23', NULL, 45),
(46, 12, 5, '2024-12-20 08:51:23', '2024-12-20 08:51:23', NULL, 46),
(47, 12, 4, '2024-12-20 08:51:23', '2024-12-20 08:51:23', NULL, 47),
(48, 12, 13, '2024-12-20 08:51:23', '2024-12-20 08:51:23', NULL, 48),
(49, 12, 3, '2024-12-20 08:51:23', '2024-12-20 08:51:23', NULL, 49),
(50, 12, 4, '2024-12-20 08:51:23', '2024-12-20 08:51:23', NULL, 50),
(51, 12, 5, '2024-12-20 08:51:23', '2024-12-20 08:51:23', NULL, 51),
(52, 12, 6, '2024-12-20 08:51:24', '2024-12-20 08:51:24', NULL, 52),
(53, 12, 13, '2024-12-20 08:51:24', '2024-12-20 08:51:24', NULL, 53),
(54, 12, 5, '2024-12-20 08:51:24', '2024-12-20 08:51:24', NULL, 54),
(55, 8, 8, '2024-12-20 08:51:24', '2024-12-20 08:51:24', NULL, 55),
(56, 13, 7, '2024-12-20 08:51:24', '2024-12-20 08:51:24', NULL, 56),
(57, 13, 13, '2024-12-20 08:51:24', '2024-12-20 08:51:24', NULL, 57),
(58, 13, 3, '2024-12-20 08:51:24', '2024-12-20 08:51:24', NULL, 58),
(59, 13, 4, '2024-12-20 08:51:24', '2024-12-20 08:51:24', NULL, 59),
(60, 13, 5, '2024-12-20 08:51:25', '2024-12-20 08:51:25', NULL, 60),
(61, 13, 11, '2024-12-20 08:51:25', '2024-12-20 08:51:25', NULL, 61),
(62, 13, 12, '2024-12-20 08:51:25', '2024-12-20 08:51:25', NULL, 62),
(63, 13, 2, '2024-12-20 08:51:25', '2024-12-20 08:51:25', NULL, 63),
(64, 13, 4, '2024-12-20 08:51:25', '2024-12-20 08:51:25', NULL, 64),
(65, 13, 14, '2024-12-20 08:51:25', '2024-12-20 08:51:25', NULL, 65),
(66, 13, 13, '2024-12-20 08:51:25', '2024-12-20 08:51:25', NULL, 66),
(67, 13, 4, '2024-12-20 08:51:25', '2024-12-20 08:51:25', NULL, 67),
(68, 13, 8, '2024-12-20 08:51:25', '2024-12-20 08:51:25', NULL, 68);

-- --------------------------------------------------------

--
-- Table structure for table `product_category_mappings`
--

CREATE TABLE `product_category_mappings` (
  `id` bigint UNSIGNED NOT NULL,
  `product_id` int NOT NULL,
  `category_id` int NOT NULL,
  `created_at` timestamp NULL DEFAULT NULL,
  `updated_at` timestamp NULL DEFAULT NULL,
  `deleted_at` timestamp NULL DEFAULT NULL
) ENGINE=InnoDB DEFAULT CHARSET=utf8mb4 COLLATE=utf8mb4_unicode_ci;

--
-- Dumping data for table `product_category_mappings`
--

INSERT INTO `product_category_mappings` (`id`, `product_id`, `category_id`, `created_at`, `updated_at`, `deleted_at`) VALUES
(1, 1, 1, '2024-12-20 08:51:17', '2024-12-20 08:51:17', NULL),
(2, 2, 1, '2024-12-20 08:51:18', '2024-12-20 08:51:18', NULL),
(3, 3, 1, '2024-12-20 08:51:18', '2024-12-20 08:51:18', NULL),
(4, 4, 1, '2024-12-20 08:51:18', '2024-12-20 08:51:18', NULL),
(5, 5, 1, '2024-12-20 08:51:18', '2024-12-20 08:51:18', NULL),
(6, 6, 1, '2024-12-20 08:51:18', '2024-12-20 08:51:18', NULL),
(7, 7, 1, '2024-12-20 08:51:18', '2024-12-20 08:51:18', NULL),
(8, 8, 1, '2024-12-20 08:51:18', '2024-12-20 08:51:18', NULL),
(9, 9, 1, '2024-12-20 08:51:18', '2024-12-20 08:51:18', NULL),
(10, 10, 5, '2024-12-20 08:51:18', '2024-12-20 08:51:18', NULL),
(11, 11, 5, '2024-12-20 08:51:19', '2024-12-20 08:51:19', NULL),
(12, 12, 5, '2024-12-20 08:51:19', '2024-12-20 08:51:19', NULL),
(13, 13, 5, '2024-12-20 08:51:19', '2024-12-20 08:51:19', NULL),
(14, 14, 5, '2024-12-20 08:51:19', '2024-12-20 08:51:19', NULL),
(15, 15, 5, '2024-12-20 08:51:19', '2024-12-20 08:51:19', NULL),
(16, 16, 5, '2024-12-20 08:51:19', '2024-12-20 08:51:19', NULL),
(17, 17, 5, '2024-12-20 08:51:19', '2024-12-20 08:51:19', NULL),
(18, 18, 5, '2024-12-20 08:51:20', '2024-12-20 08:51:20', NULL),
(19, 19, 5, '2024-12-20 08:51:20', '2024-12-20 08:51:20', NULL),
(20, 20, 8, '2024-12-20 08:51:20', '2024-12-20 08:51:20', NULL),
(21, 21, 8, '2024-12-20 08:51:20', '2024-12-20 08:51:20', NULL),
(22, 22, 9, '2024-12-20 08:51:20', '2024-12-20 08:51:20', NULL),
(23, 23, 9, '2024-12-20 08:51:20', '2024-12-20 08:51:20', NULL),
(24, 24, 9, '2024-12-20 08:51:20', '2024-12-20 08:51:20', NULL),
(25, 25, 9, '2024-12-20 08:51:20', '2024-12-20 08:51:20', NULL),
(26, 26, 10, '2024-12-20 08:51:20', '2024-12-20 08:51:20', NULL),
(27, 27, 10, '2024-12-20 08:51:21', '2024-12-20 08:51:21', NULL),
(28, 28, 10, '2024-12-20 08:51:21', '2024-12-20 08:51:21', NULL),
(29, 29, 10, '2024-12-20 08:51:21', '2024-12-20 08:51:21', NULL),
(30, 30, 10, '2024-12-20 08:51:21', '2024-12-20 08:51:21', NULL),
(31, 31, 10, '2024-12-20 08:51:21', '2024-12-20 08:51:21', NULL),
(32, 32, 10, '2024-12-20 08:51:21', '2024-12-20 08:51:21', NULL),
(33, 33, 10, '2024-12-20 08:51:21', '2024-12-20 08:51:21', NULL),
(34, 34, 10, '2024-12-20 08:51:21', '2024-12-20 08:51:21', NULL),
(35, 35, 11, '2024-12-20 08:51:22', '2024-12-20 08:51:22', NULL),
(36, 36, 11, '2024-12-20 08:51:22', '2024-12-20 08:51:22', NULL),
(37, 37, 11, '2024-12-20 08:51:22', '2024-12-20 08:51:22', NULL),
(38, 38, 11, '2024-12-20 08:51:22', '2024-12-20 08:51:22', NULL),
(39, 39, 11, '2024-12-20 08:51:22', '2024-12-20 08:51:22', NULL),
(40, 40, 11, '2024-12-20 08:51:22', '2024-12-20 08:51:22', NULL),
(41, 41, 12, '2024-12-20 08:51:22', '2024-12-20 08:51:22', NULL),
(42, 42, 12, '2024-12-20 08:51:22', '2024-12-20 08:51:22', NULL),
(43, 43, 12, '2024-12-20 08:51:22', '2024-12-20 08:51:22', NULL),
(44, 44, 12, '2024-12-20 08:51:23', '2024-12-20 08:51:23', NULL),
(45, 45, 12, '2024-12-20 08:51:23', '2024-12-20 08:51:23', NULL),
(46, 46, 12, '2024-12-20 08:51:23', '2024-12-20 08:51:23', NULL),
(47, 47, 12, '2024-12-20 08:51:23', '2024-12-20 08:51:23', NULL),
(48, 48, 12, '2024-12-20 08:51:23', '2024-12-20 08:51:23', NULL),
(49, 49, 12, '2024-12-20 08:51:23', '2024-12-20 08:51:23', NULL),
(50, 50, 12, '2024-12-20 08:51:23', '2024-12-20 08:51:23', NULL),
(51, 51, 12, '2024-12-20 08:51:23', '2024-12-20 08:51:23', NULL),
(52, 52, 12, '2024-12-20 08:51:24', '2024-12-20 08:51:24', NULL),
(53, 53, 12, '2024-12-20 08:51:24', '2024-12-20 08:51:24', NULL),
(54, 54, 12, '2024-12-20 08:51:24', '2024-12-20 08:51:24', NULL),
(55, 55, 8, '2024-12-20 08:51:24', '2024-12-20 08:51:24', NULL),
(56, 56, 13, '2024-12-20 08:51:24', '2024-12-20 08:51:24', NULL),
(57, 57, 13, '2024-12-20 08:51:24', '2024-12-20 08:51:24', NULL),
(58, 58, 13, '2024-12-20 08:51:24', '2024-12-20 08:51:24', NULL),
(59, 59, 13, '2024-12-20 08:51:24', '2024-12-20 08:51:24', NULL),
(60, 60, 13, '2024-12-20 08:51:25', '2024-12-20 08:51:25', NULL),
(61, 61, 13, '2024-12-20 08:51:25', '2024-12-20 08:51:25', NULL),
(62, 62, 13, '2024-12-20 08:51:25', '2024-12-20 08:51:25', NULL),
(63, 63, 13, '2024-12-20 08:51:25', '2024-12-20 08:51:25', NULL),
(64, 64, 13, '2024-12-20 08:51:25', '2024-12-20 08:51:25', NULL),
(65, 65, 13, '2024-12-20 08:51:25', '2024-12-20 08:51:25', NULL),
(66, 66, 13, '2024-12-20 08:51:25', '2024-12-20 08:51:25', NULL),
(67, 67, 13, '2024-12-20 08:51:25', '2024-12-20 08:51:25', NULL),
(68, 68, 13, '2024-12-20 08:51:25', '2024-12-20 08:51:25', NULL);

-- --------------------------------------------------------

--
-- Table structure for table `product_galleries`
--

CREATE TABLE `product_galleries` (
  `id` bigint UNSIGNED NOT NULL,
  `product_id` bigint UNSIGNED NOT NULL,
  `status` tinyint(1) NOT NULL DEFAULT '1',
  `full_url` varchar(191) COLLATE utf8mb4_unicode_ci DEFAULT NULL,
  `created_by` int UNSIGNED DEFAULT NULL,
  `updated_by` int UNSIGNED DEFAULT NULL,
  `deleted_by` int UNSIGNED DEFAULT NULL,
  `created_at` timestamp NULL DEFAULT NULL,
  `updated_at` timestamp NULL DEFAULT NULL,
  `deleted_at` timestamp NULL DEFAULT NULL
) ENGINE=InnoDB DEFAULT CHARSET=utf8mb4 COLLATE=utf8mb4_unicode_ci;

-- --------------------------------------------------------

--
-- Table structure for table `product_review`
--

CREATE TABLE `product_review` (
  `id` bigint UNSIGNED NOT NULL,
  `user_id` int DEFAULT NULL,
  `product_id` int NOT NULL,
  `product_variation_id` int DEFAULT NULL,
  `rating` int DEFAULT NULL,
  `review_msg` text COLLATE utf8mb4_unicode_ci,
  `updated_by` int UNSIGNED DEFAULT NULL,
  `deleted_by` int UNSIGNED DEFAULT NULL,
  `created_by` int UNSIGNED DEFAULT NULL,
  `deleted_at` timestamp NULL DEFAULT NULL,
  `created_at` timestamp NULL DEFAULT NULL,
  `updated_at` timestamp NULL DEFAULT NULL,
  `employee_id` bigint UNSIGNED NOT NULL DEFAULT '1'
) ENGINE=InnoDB DEFAULT CHARSET=utf8mb4 COLLATE=utf8mb4_unicode_ci;

--
-- Dumping data for table `product_review`
--

INSERT INTO `product_review` (`id`, `user_id`, `product_id`, `product_variation_id`, `rating`, `review_msg`, `updated_by`, `deleted_by`, `created_by`, `deleted_at`, `created_at`, `updated_at`, `employee_id`) VALUES
(1, 2, 50, 121, 5, 'The product exceeded my expectations with its quality. I highly recommend it. 😄😍', 2, NULL, 2, NULL, '2024-04-01 01:55:37', '2024-04-01 01:56:55', 58);

-- --------------------------------------------------------

--
-- Table structure for table `product_tags`
--

CREATE TABLE `product_tags` (
  `id` bigint UNSIGNED NOT NULL,
  `product_id` int NOT NULL,
  `tag_id` int NOT NULL,
  `created_at` timestamp NULL DEFAULT NULL,
  `updated_at` timestamp NULL DEFAULT NULL,
  `deleted_at` timestamp NULL DEFAULT NULL
) ENGINE=InnoDB DEFAULT CHARSET=utf8mb4 COLLATE=utf8mb4_unicode_ci;

--
-- Dumping data for table `product_tags`
--

INSERT INTO `product_tags` (`id`, `product_id`, `tag_id`, `created_at`, `updated_at`, `deleted_at`) VALUES
(1, 1, 1, NULL, NULL, NULL),
(2, 2, 2, NULL, NULL, NULL),
(3, 2, 3, NULL, NULL, NULL),
(4, 3, 4, NULL, NULL, NULL),
(5, 4, 5, NULL, NULL, NULL),
(6, 4, 6, NULL, NULL, NULL),
(7, 5, 7, NULL, NULL, NULL),
(8, 5, 8, NULL, NULL, NULL),
(9, 6, 9, NULL, NULL, NULL),
(10, 7, 10, NULL, NULL, NULL),
(11, 8, 11, NULL, NULL, NULL),
(12, 9, 12, NULL, NULL, NULL),
(13, 10, 13, NULL, NULL, NULL),
(14, 11, 13, NULL, NULL, NULL),
(15, 11, 14, NULL, NULL, NULL),
(16, 10, 15, NULL, NULL, NULL),
(17, 12, 16, NULL, NULL, NULL),
(18, 13, 17, NULL, NULL, NULL),
(19, 14, 18, NULL, NULL, NULL),
(20, 14, 19, NULL, NULL, NULL),
(21, 15, 20, NULL, NULL, NULL),
(22, 16, 21, NULL, NULL, NULL),
(23, 16, 22, NULL, NULL, NULL),
(24, 17, 15, NULL, NULL, NULL),
(25, 17, 23, NULL, NULL, NULL),
(26, 18, 24, NULL, NULL, NULL),
(27, 18, 25, NULL, NULL, NULL),
(28, 19, 26, NULL, NULL, NULL),
(29, 19, 27, NULL, NULL, NULL),
(30, 20, 28, NULL, NULL, NULL),
(31, 20, 29, NULL, NULL, NULL),
(32, 21, 30, NULL, NULL, NULL),
(33, 21, 31, NULL, NULL, NULL),
(34, 22, 32, NULL, NULL, NULL),
(35, 22, 33, NULL, NULL, NULL),
(36, 23, 34, NULL, NULL, NULL),
(37, 23, 35, NULL, NULL, NULL),
(38, 24, 36, NULL, NULL, NULL),
(39, 24, 37, NULL, NULL, NULL),
(40, 25, 38, NULL, NULL, NULL),
(41, 25, 39, NULL, NULL, NULL),
(42, 26, 40, NULL, NULL, NULL),
(43, 26, 41, NULL, NULL, NULL),
(44, 27, 42, NULL, NULL, NULL),
(45, 27, 43, NULL, NULL, NULL),
(46, 28, 44, NULL, NULL, NULL),
(47, 28, 45, NULL, NULL, NULL),
(48, 29, 46, NULL, NULL, NULL),
(49, 30, 47, NULL, NULL, NULL),
(50, 30, 46, NULL, NULL, NULL),
(51, 31, 48, NULL, NULL, NULL),
(52, 31, 49, NULL, NULL, NULL),
(53, 32, 50, NULL, NULL, NULL),
(54, 32, 51, NULL, NULL, NULL),
(55, 33, 52, NULL, NULL, NULL),
(56, 34, 53, NULL, NULL, NULL),
(57, 34, 54, NULL, NULL, NULL),
(58, 35, 55, NULL, NULL, NULL),
(59, 36, 56, NULL, NULL, NULL),
(60, 37, 57, NULL, NULL, NULL),
(61, 37, 58, NULL, NULL, NULL),
(62, 38, 59, NULL, NULL, NULL),
(63, 38, 60, NULL, NULL, NULL),
(64, 39, 61, NULL, NULL, NULL),
(65, 39, 62, NULL, NULL, NULL),
(66, 40, 63, NULL, NULL, NULL),
(67, 40, 64, NULL, NULL, NULL),
(68, 41, 65, NULL, NULL, NULL),
(69, 41, 66, NULL, NULL, NULL),
(70, 42, 67, NULL, NULL, NULL),
(71, 43, 68, NULL, NULL, NULL),
(72, 43, 69, NULL, NULL, NULL),
(73, 44, 70, NULL, NULL, NULL),
(74, 45, 71, NULL, NULL, NULL),
(75, 45, 72, NULL, NULL, NULL),
(76, 46, 73, NULL, NULL, NULL),
(77, 46, 74, NULL, NULL, NULL),
(78, 48, 75, NULL, NULL, NULL),
(79, 48, 76, NULL, NULL, NULL),
(80, 47, 77, NULL, NULL, NULL),
(81, 47, 78, NULL, NULL, NULL),
(82, 49, 79, NULL, NULL, NULL),
(83, 49, 80, NULL, NULL, NULL),
(84, 50, 81, NULL, NULL, NULL),
(85, 50, 82, NULL, NULL, NULL),
(86, 51, 83, NULL, NULL, NULL),
(87, 51, 84, NULL, NULL, NULL),
(88, 52, 85, NULL, NULL, NULL),
(89, 52, 86, NULL, NULL, NULL),
(90, 53, 87, NULL, NULL, NULL),
(91, 54, 88, NULL, NULL, NULL),
(92, 56, 89, NULL, NULL, NULL),
(93, 56, 78, NULL, NULL, NULL),
(94, 57, 90, NULL, NULL, NULL),
(95, 57, 78, NULL, NULL, NULL),
(96, 58, 91, NULL, NULL, NULL),
(97, 59, 92, NULL, NULL, NULL),
(98, 60, 93, NULL, NULL, NULL),
(99, 61, 94, NULL, NULL, NULL),
(100, 62, 95, NULL, NULL, NULL),
(101, 62, 96, NULL, NULL, NULL),
(102, 63, 95, NULL, NULL, NULL),
(103, 63, 97, NULL, NULL, NULL),
(104, 64, 98, NULL, NULL, NULL),
(105, 64, 99, NULL, NULL, NULL),
(106, 65, 100, NULL, NULL, NULL),
(107, 65, 99, NULL, NULL, NULL),
(108, 66, 101, NULL, NULL, NULL),
(109, 67, 102, NULL, NULL, NULL),
(110, 68, 103, NULL, NULL, NULL);

-- --------------------------------------------------------

--
-- Table structure for table `product_tax`
--

CREATE TABLE `product_tax` (
  `id` bigint UNSIGNED NOT NULL,
  `name` varchar(191) COLLATE utf8mb4_unicode_ci NOT NULL,
  `status` tinyint NOT NULL DEFAULT '1',
  `created_by` int UNSIGNED DEFAULT NULL,
  `updated_by` int UNSIGNED DEFAULT NULL,
  `deleted_by` int UNSIGNED DEFAULT NULL,
  `created_at` timestamp NULL DEFAULT NULL,
  `updated_at` timestamp NULL DEFAULT NULL,
  `deleted_at` timestamp NULL DEFAULT NULL
) ENGINE=InnoDB DEFAULT CHARSET=utf8mb4 COLLATE=utf8mb4_unicode_ci;

-- --------------------------------------------------------

--
-- Table structure for table `product_tax_mappings`
--

CREATE TABLE `product_tax_mappings` (
  `id` bigint UNSIGNED NOT NULL,
  `product_id` int NOT NULL,
  `tax_id` int NOT NULL,
  `tax_value` double NOT NULL DEFAULT '0',
  `tax_type` varchar(191) COLLATE utf8mb4_unicode_ci NOT NULL DEFAULT 'amount' COMMENT 'flat / percent',
  `created_at` timestamp NULL DEFAULT NULL,
  `updated_at` timestamp NULL DEFAULT NULL,
  `deleted_at` timestamp NULL DEFAULT NULL
) ENGINE=InnoDB DEFAULT CHARSET=utf8mb4 COLLATE=utf8mb4_unicode_ci;

-- --------------------------------------------------------

--
-- Table structure for table `product_variations`
--

CREATE TABLE `product_variations` (
  `id` bigint UNSIGNED NOT NULL,
  `product_id` int NOT NULL,
  `variation_key` varchar(191) COLLATE utf8mb4_unicode_ci DEFAULT NULL,
  `sku` varchar(191) COLLATE utf8mb4_unicode_ci DEFAULT NULL,
  `code` varchar(191) COLLATE utf8mb4_unicode_ci DEFAULT NULL,
  `price` double NOT NULL DEFAULT '0',
  `created_at` timestamp NULL DEFAULT NULL,
  `updated_at` timestamp NULL DEFAULT NULL,
  `deleted_at` timestamp NULL DEFAULT NULL
) ENGINE=InnoDB DEFAULT CHARSET=utf8mb4 COLLATE=utf8mb4_unicode_ci;

--
-- Dumping data for table `product_variations`
--

INSERT INTO `product_variations` (`id`, `product_id`, `variation_key`, `sku`, `code`, `price`, `created_at`, `updated_at`, `deleted_at`) VALUES
(1, 1, '1:1', 'small', 'small', 20, '2023-09-20 06:48:47', '2023-09-20 06:48:47', NULL),
(2, 1, '1:2', 'mediam', 'mediam', 20, '2023-09-20 06:48:47', '2023-09-20 06:48:47', NULL),
(3, 1, '1:3', 'large', 'large', 20, '2023-09-20 06:48:47', '2023-09-20 06:48:47', NULL),
(6, 4, '1:1', 'Small', 'small', 10, '2023-09-20 07:18:03', '2023-09-20 07:18:03', NULL),
(7, 4, '1:2', 'Mediam', 'mediam', 15, '2023-09-20 07:18:03', '2023-09-20 07:18:03', NULL),
(8, 4, '1:3', 'Large', 'large', 25, '2023-09-20 07:18:03', '2023-09-20 07:18:03', NULL),
(9, 5, '1:1', 'Small', 'small', 99, '2023-09-20 07:21:46', '2023-09-20 07:21:46', NULL),
(10, 5, '1:2', 'Mediam', 'mediam', 199, '2023-09-20 07:21:46', '2023-09-20 07:21:46', NULL),
(11, 3, '1:1', 'Small', 'small', 40, '2023-09-20 07:23:05', '2023-09-20 07:23:05', NULL),
(12, 3, '1:2', 'Mediam', 'mediam', 55, '2023-09-20 07:23:05', '2023-09-20 07:23:05', NULL),
(13, 2, '1:1', 'Small', 'small', 30, '2023-09-20 07:24:07', '2023-09-20 07:24:07', NULL),
(14, 2, '1:2', 'Mediam', 'mediam', 50, '2023-09-20 07:24:07', '2023-09-20 07:24:07', NULL),
(15, 6, '2:4', 'Red', 'red', 56, '2023-09-20 07:31:03', '2023-09-20 07:31:03', NULL),
(16, 6, '2:5', 'Blue', 'blue', 56, '2023-09-20 07:31:04', '2023-09-20 07:31:04', NULL),
(17, 7, '1:1', 'Small', 'small', 29, '2023-09-20 07:35:28', '2023-09-20 07:35:28', NULL),
(18, 7, '1:2', 'Mediam', 'mediam', 39, '2023-09-20 07:35:28', '2023-09-20 07:35:28', NULL),
(19, 7, '1:3', 'Large', 'large', 59, '2023-09-20 07:35:28', '2023-09-20 07:35:28', NULL),
(20, 8, '1:1', 'Small', 'small', 45, '2023-09-20 07:38:04', '2023-09-20 07:38:04', NULL),
(21, 8, '1:2', 'Mediam', 'mediam', 90, '2023-09-20 07:38:04', '2023-09-20 07:38:04', NULL),
(22, 9, NULL, 'lamp1', 'lamp1', 100, '2023-09-20 07:42:56', '2023-09-20 07:42:56', NULL),
(23, 10, '2:4', 'Red', 'red', 70, '2023-09-20 22:42:32', '2023-09-20 22:42:32', NULL),
(24, 10, '2:5', 'Blue', 'blue', 70, '2023-09-20 22:42:32', '2023-09-20 22:42:32', NULL),
(25, 10, '2:6', 'Green', 'green', 70, '2023-09-20 22:42:32', '2023-09-20 22:42:32', NULL),
(26, 11, '2:4', 'Red', 'red', 59, '2023-09-20 22:45:34', '2023-09-20 22:45:34', NULL),
(27, 11, '2:5', 'Blue', 'blue', 59, '2023-09-20 22:45:34', '2023-09-20 22:45:34', NULL),
(28, 11, '2:6', 'Green', 'green', 59, '2023-09-20 22:45:34', '2023-09-20 22:45:34', NULL),
(29, 12, '2:4', 'Red', 'red', 29, '2023-09-20 22:49:45', '2023-09-20 22:49:45', NULL),
(30, 12, '2:5', 'Blue', 'blue', 29, '2023-09-20 22:49:45', '2023-09-20 22:49:45', NULL),
(31, 12, '2:6', 'Green', 'green', 29, '2023-09-20 22:49:45', '2023-09-20 22:49:45', NULL),
(32, 13, '2:4', 'Red', 'red', 30, '2023-09-20 22:54:25', '2023-09-20 22:54:25', NULL),
(33, 13, '2:5', 'Blue', 'blue', 30, '2023-09-20 22:54:25', '2023-09-20 22:54:25', NULL),
(34, 13, '2:6', 'Green', 'green', 30, '2023-09-20 22:54:25', '2023-09-20 22:54:25', NULL),
(35, 14, '2:4', 'Red', 'red', 38, '2023-09-20 23:00:15', '2023-09-20 23:00:15', NULL),
(36, 14, '2:5', 'Blue', 'blue', 38, '2023-09-20 23:00:15', '2023-09-20 23:00:15', NULL),
(37, 14, '2:6', 'Green', 'green', 38, '2023-09-20 23:00:15', '2023-09-20 23:00:15', NULL),
(38, 15, '2:4', 'Red', 'red', 70, '2023-09-20 23:04:30', '2023-09-20 23:04:30', NULL),
(39, 15, '2:5', 'Blue', 'blue', 70, '2023-09-20 23:04:30', '2023-09-20 23:04:30', NULL),
(40, 15, '2:6', 'Green', 'green', 70, '2023-09-20 23:04:30', '2023-09-20 23:04:30', NULL),
(41, 16, '2:4', 'Red', 'red', 86, '2023-09-20 23:08:04', '2023-09-20 23:08:04', NULL),
(42, 16, '2:5', 'Blue', 'blue', 86, '2023-09-20 23:08:04', '2023-09-20 23:08:04', NULL),
(43, 16, '2:6', 'Green', 'green', 86, '2023-09-20 23:08:04', '2023-09-20 23:08:04', NULL),
(44, 17, '2:4', 'Red', 'red', 90, '2023-09-20 23:12:26', '2023-09-20 23:12:26', NULL),
(45, 17, '2:5', 'Blue', 'blue', 90, '2023-09-20 23:12:26', '2023-09-20 23:12:26', NULL),
(46, 17, '2:6', 'Green', 'green', 90, '2023-09-20 23:12:26', '2023-09-20 23:12:26', NULL),
(47, 18, '2:4', 'Red', 'red', 42, '2023-09-20 23:19:33', '2023-09-20 23:19:33', NULL),
(48, 18, '2:5', 'Blue', 'blue', 42, '2023-09-20 23:19:33', '2023-09-20 23:19:33', NULL),
(49, 18, '2:6', 'Green', 'green', 42, '2023-09-20 23:19:33', '2023-09-20 23:19:33', NULL),
(50, 19, '2:4', 'Red', 'red', 50, '2023-09-20 23:25:36', '2023-09-20 23:25:36', NULL),
(51, 19, '2:5', 'Blue', 'blue', 50, '2023-09-20 23:25:36', '2023-09-20 23:25:36', NULL),
(52, 19, '2:6', 'Green', 'green', 50, '2023-09-20 23:25:36', '2023-09-20 23:25:36', NULL),
(53, 20, '2:4', 'Red', 'red', 41, '2023-09-20 23:28:37', '2023-09-20 23:28:37', NULL),
(54, 20, '2:5', 'Blue', 'blue', 41, '2023-09-20 23:28:37', '2023-09-20 23:28:37', NULL),
(55, 20, '2:6', 'Green', 'green', 41, '2023-09-20 23:28:37', '2023-09-20 23:28:37', NULL),
(56, 21, '2:4', 'Red', 'red', 53, '2023-09-21 00:16:10', '2023-09-21 00:16:10', NULL),
(57, 21, '2:5', 'Blue', 'blue', 53, '2023-09-21 00:16:10', '2023-09-21 00:16:10', NULL),
(58, 21, '2:6', 'Green', 'green', 53, '2023-09-21 00:16:10', '2023-09-21 00:16:10', NULL),
(59, 22, '1:2/2:4', 'Mediam-Red', 'mediam-red', 36, '2023-09-21 00:26:23', '2023-09-21 00:26:23', NULL),
(60, 22, '1:2/2:5', 'Mediam-Blue', 'mediam-blue', 36, '2023-09-21 00:26:23', '2023-09-21 00:26:23', NULL),
(61, 22, '1:2/2:6', 'Mediam-Green', 'mediam-green', 36, '2023-09-21 00:26:23', '2023-09-21 00:26:23', NULL),
(62, 23, '1:2/2:5', 'Mediam-Blue', 'mediam-blue', 56, '2023-09-21 00:37:37', '2023-09-21 00:37:37', NULL),
(63, 23, '1:2/2:6', 'Mediam-Green', 'mediam-green', 56, '2023-09-21 00:37:37', '2023-09-21 00:37:37', NULL),
(64, 23, '1:3/2:5', 'Large-Blue', 'large-blue', 56, '2023-09-21 00:37:37', '2023-09-21 00:37:37', NULL),
(65, 23, '1:3/2:6', 'Large-Green', 'large-green', 56, '2023-09-21 00:37:37', '2023-09-21 00:37:37', NULL),
(66, 24, '2:4', 'Red', 'red', 52, '2023-09-21 00:52:50', '2023-09-21 00:52:50', NULL),
(67, 24, '2:5', 'Blue', 'blue', 52, '2023-09-21 00:52:50', '2023-09-21 00:52:50', NULL),
(68, 24, '2:6', 'Green', 'green', 52, '2023-09-21 00:52:50', '2023-09-21 00:52:50', NULL),
(69, 25, '2:4', 'Red', 'red', 25, '2023-09-21 00:59:32', '2023-09-21 00:59:32', NULL),
(70, 25, '2:5', 'Blue', 'blue', 25, '2023-09-21 00:59:32', '2023-09-21 00:59:32', NULL),
(71, 25, '2:6', 'Green', 'green', 25, '2023-09-21 00:59:32', '2023-09-21 00:59:32', NULL),
(72, 26, NULL, 'toys1', 'toys1', 30, '2023-09-21 01:04:42', '2023-09-21 01:04:42', NULL),
(73, 27, NULL, 'toy2', 'toy2', 52, '2023-09-21 01:09:34', '2023-09-21 01:09:34', NULL),
(74, 28, '2:4', 'Red', 'red', 63, '2023-09-21 01:14:13', '2023-09-21 01:14:13', NULL),
(75, 28, '2:5', 'Blue', 'blue', 63, '2023-09-21 01:14:13', '2023-09-21 01:14:13', NULL),
(76, 28, '2:6', 'Green', 'green', 63, '2023-09-21 01:16:06', '2023-09-21 01:16:06', NULL),
(77, 29, NULL, 'toy3', 'toy3', 42, '2023-09-21 01:59:04', '2023-09-21 01:59:04', NULL),
(78, 30, '2:4', 'Red', 'red', 54, '2023-09-21 02:12:53', '2023-09-21 02:12:53', NULL),
(79, 30, '2:5', 'Blue', 'blue', 54, '2023-09-21 02:12:53', '2023-09-21 02:12:53', NULL),
(80, 30, '2:6', 'Green', 'green', 54, '2023-09-21 02:12:53', '2023-09-21 02:12:53', NULL),
(81, 31, NULL, 'toy4', 'toy4', 56, '2023-09-21 02:15:46', '2023-09-21 02:15:46', NULL),
(82, 32, '2:4', 'Red', 'red', 50, '2023-09-21 02:19:31', '2023-09-21 02:19:31', NULL),
(83, 32, '2:5', 'Blue', 'blue', 50, '2023-09-21 02:19:31', '2023-09-21 02:19:31', NULL),
(84, 32, '2:6', 'Green', 'green', 50, '2023-09-21 02:19:31', '2023-09-21 02:19:31', NULL),
(85, 33, NULL, 'toy5', 'tpy5', 45, '2023-09-21 02:42:38', '2023-09-21 02:42:38', NULL),
(86, 34, NULL, 'toy6', 'toy6', 40, '2023-09-21 02:45:35', '2023-09-21 02:45:35', NULL),
(87, 35, '1:1/2:5', 'Small-Blue', 'small-blue', 78, '2023-09-21 03:45:46', '2023-09-21 03:45:46', NULL),
(88, 35, '1:1/2:6', 'Small-Green', 'small-green', 78, '2023-09-21 03:45:46', '2023-09-21 03:45:46', NULL),
(89, 35, '1:2/2:5', 'Mediam-Blue', 'mediam-blue', 78, '2023-09-21 03:45:46', '2023-09-21 03:45:46', NULL),
(90, 35, '1:2/2:6', 'Mediam-Green', 'mediam-green', 78, '2023-09-21 03:45:46', '2023-09-21 03:45:46', NULL),
(91, 36, '2:4', 'Red', 'red', 45, '2023-09-21 03:52:58', '2023-09-21 03:52:58', NULL),
(92, 36, '2:5', 'Blue', 'blue', 45, '2023-09-21 03:52:58', '2023-09-21 03:52:58', NULL),
(93, 36, '2:6', 'Green', 'green', 45, '2023-09-21 03:52:58', '2023-09-21 03:52:58', NULL),
(94, 37, '2:4', 'Red', 'red', 29, '2023-09-21 03:57:18', '2023-09-21 03:57:18', NULL),
(95, 37, '2:5', 'Blue', 'blue', 29, '2023-09-21 03:57:18', '2023-09-21 03:57:18', NULL),
(96, 37, '2:6', 'Green', 'green', 29, '2023-09-21 03:57:18', '2023-09-21 03:57:18', NULL),
(97, 38, '1:1', 'Small', 'small', 38, '2023-09-21 04:00:45', '2023-09-21 04:00:45', NULL),
(98, 38, '1:2', 'Mediam', 'mediam', 38, '2023-09-21 04:00:45', '2023-09-21 04:00:45', NULL),
(99, 39, '2:4', 'Red', 'red', 56, '2023-09-21 04:04:15', '2023-09-21 04:04:15', NULL),
(100, 39, '2:5', 'Blue', 'blue', 56, '2023-09-21 04:04:15', '2023-09-21 04:04:15', NULL),
(101, 39, '2:6', 'Green', 'green', 56, '2023-09-21 04:04:15', '2023-09-21 04:04:15', NULL),
(102, 40, '1:2/2:5', 'Mediam-Blue', 'mediam-blue', 20, '2023-09-21 04:08:17', '2023-09-21 04:08:17', NULL),
(103, 40, '1:2/2:6', 'Mediam-Green', 'mediam-green', 20, '2023-09-21 04:08:17', '2023-09-21 04:08:17', NULL),
(104, 40, '1:3/2:5', 'Large-Blue', 'large-blue', 20, '2023-09-21 04:08:17', '2023-09-21 04:08:17', NULL),
(105, 40, '1:3/2:6', 'Large-Green', 'large-green', 20, '2023-09-21 04:08:17', '2023-09-21 04:08:17', NULL),
(106, 41, NULL, 'oral-strip', 'oral-strip', 36, '2023-09-21 04:13:23', '2023-09-21 04:13:23', NULL),
(107, 42, NULL, 'vita-care', 'vita-care', 47, '2023-09-21 04:15:58', '2023-09-21 04:15:58', NULL),
(108, 43, NULL, 'ultra-guard', 'ultra-guard', 19, '2023-09-21 04:18:46', '2023-09-21 04:18:46', NULL),
(109, 44, NULL, 'dermspot', 'dermspot', 23, '2023-09-21 04:22:14', '2023-09-21 04:22:14', NULL),
(110, 45, '2:4', 'Red', 'red', 53, '2023-09-21 04:31:19', '2023-09-21 04:31:19', NULL),
(111, 45, '2:5', 'Blue', 'blue', 53, '2023-09-21 04:31:19', '2023-09-21 04:31:19', NULL),
(112, 45, '2:6', 'Green', 'green', 53, '2023-09-21 04:31:19', '2023-09-21 04:31:19', NULL),
(113, 46, '1:1', 'Small', 'small', 40, '2023-09-21 05:03:44', '2023-09-21 05:03:44', NULL),
(114, 46, '1:2', 'Mediam', 'mediam', 40, '2023-09-21 05:03:44', '2023-09-21 05:03:44', NULL),
(115, 47, '1:1', 'Small', 'small', 37, '2023-09-22 00:31:17', '2023-09-22 00:31:17', NULL),
(116, 47, '1:2', 'Mediam', 'mediam', 47, '2023-09-22 00:31:17', '2023-09-22 00:31:17', NULL),
(117, 47, '1:3', 'Large', 'large', 57, '2023-09-22 00:31:17', '2023-09-22 00:31:17', NULL),
(118, 48, '1:1', 'Small', 'small', 25, '2023-09-22 00:35:24', '2023-09-22 00:35:24', NULL),
(119, 48, '1:2', 'Mediam', 'mediam', 35, '2023-09-22 00:35:24', '2023-09-22 00:35:24', NULL),
(120, 49, NULL, 'jolly-good1', 'jolly-good1', 42, '2023-09-22 00:40:12', '2023-09-22 00:40:12', NULL),
(121, 50, '1:1', 'Small', 'small', 18, '2023-09-22 00:43:26', '2023-09-22 00:43:26', NULL),
(122, 50, '1:2', 'Mediam', 'mediam', 36, '2023-09-22 00:43:26', '2023-09-22 00:43:26', NULL),
(123, 51, '1:1', 'Small', 'small', 19, '2023-09-22 00:47:13', '2023-09-22 00:47:13', NULL),
(124, 51, '1:2', 'Mediam', 'mediam', 39, '2023-09-22 00:47:13', '2023-09-22 00:47:13', NULL),
(125, 52, NULL, 'trixie1', 'trixie1', 58, '2023-09-22 00:49:40', '2023-09-22 00:49:40', NULL),
(126, 53, '2:4', 'Red', 'red', 46, '2023-09-22 00:52:26', '2023-09-22 00:52:26', NULL),
(127, 53, '2:5', 'Blue', 'blue', 46, '2023-09-22 00:52:26', '2023-09-22 00:52:26', NULL),
(128, 53, '2:6', 'Green', 'green', 46, '2023-09-22 00:52:26', '2023-09-22 00:52:26', NULL),
(129, 54, '1:1', 'Small', 'small', 12, '2023-09-22 00:56:59', '2023-09-22 00:56:59', NULL),
(130, 54, '1:2', 'Mediam', 'mediam', 23, '2023-09-22 00:56:59', '2023-09-22 00:56:59', NULL),
(131, 55, '1:1', 'Small', 'small', 15, '2023-09-22 01:05:59', '2023-09-22 01:05:59', NULL),
(132, 55, '1:2', 'Mediam', 'mediam', 32, '2023-09-22 01:05:59', '2023-09-22 01:05:59', NULL),
(133, 55, '1:3', 'Large', 'large', 56, '2023-09-22 01:05:59', '2023-09-22 01:05:59', NULL),
(134, 56, '1:1', 'Small', 'small', 25, '2023-09-22 01:09:10', '2023-09-22 01:09:10', NULL),
(135, 56, '1:2', 'Mediam', 'mediam', 45, '2023-09-22 01:09:10', '2023-09-22 01:09:10', NULL),
(136, 56, '1:3', 'Large', 'large', 69, '2023-09-22 01:09:10', '2023-09-22 01:09:10', NULL),
(137, 57, '1:1', 'Small', 'small', 43, '2023-09-22 01:13:34', '2023-09-22 01:13:34', NULL),
(138, 57, '1:2', 'Mediam', 'mediam', 85, '2023-09-22 01:13:34', '2023-09-22 01:13:34', NULL),
(139, 58, '2:4', 'Red', 'red', 48, '2023-09-22 01:16:20', '2023-09-22 01:16:20', NULL),
(140, 58, '2:5', 'Blue', 'blue', 48, '2023-09-22 01:16:20', '2023-09-22 01:16:20', NULL),
(141, 58, '2:6', 'Green', 'green', 48, '2023-09-22 01:16:20', '2023-09-22 01:16:20', NULL),
(142, 59, '2:4', 'Red', 'red', 15, '2023-09-22 01:20:26', '2023-09-22 01:20:26', NULL),
(143, 59, '2:5', 'Blue', 'blue', 15, '2023-09-22 01:20:26', '2023-09-22 01:20:26', NULL),
(144, 59, '2:6', 'Green', 'green', 15, '2023-09-22 01:20:26', '2023-09-22 01:20:26', NULL),
(145, 60, NULL, 'trimmer1', 'trimmer1', 20, '2023-09-22 01:23:22', '2023-09-22 01:23:22', NULL),
(146, 61, NULL, 'nail-clpper1', 'nail-clpper1', 59, '2023-09-22 01:26:35', '2023-09-22 01:26:35', NULL),
(147, 62, NULL, 'purelab1', 'purelab1', 87, '2023-09-22 01:32:23', '2023-09-22 01:32:23', NULL),
(148, 63, NULL, 'purelab2', 'purelab2', 58, '2023-09-22 01:35:05', '2023-09-22 01:35:05', NULL),
(149, 64, NULL, 'pawfume1', 'pawfume1', 82, '2023-09-22 01:38:21', '2023-09-22 01:38:21', NULL),
(150, 65, NULL, 'vvjoy1', 'vvjoy1', 42, '2023-09-22 01:40:57', '2023-09-22 01:40:57', NULL),
(151, 66, '2:4', 'Red', 'red', 63, '2023-09-22 01:43:24', '2023-09-22 01:43:24', NULL),
(152, 66, '2:5', 'Blue', 'blue', 63, '2023-09-22 01:43:24', '2023-09-22 01:43:24', NULL),
(153, 66, '2:6', 'Green', 'green', 63, '2023-09-22 01:43:24', '2023-09-22 01:43:24', NULL),
(154, 67, '2:4', 'Red', 'red', 98, '2023-09-22 01:48:47', '2023-09-22 01:48:47', NULL),
(155, 67, '2:5', 'Blue', 'blue', 98, '2023-09-22 01:48:47', '2023-09-22 01:48:47', NULL),
(156, 67, '2:6', 'Green', 'green', 98, '2023-09-22 01:48:47', '2023-09-22 01:48:47', NULL),
(157, 68, '2:4', 'Red', 'red', 87, '2023-09-22 01:52:08', '2023-09-22 01:52:08', NULL),
(158, 68, '2:5', 'Blue', 'blue', 87, '2023-09-22 01:52:08', '2023-09-22 01:52:08', NULL),
(159, 68, '2:6', 'Green', 'green', 87, '2023-09-22 01:52:08', '2023-09-22 01:52:08', NULL);

-- --------------------------------------------------------

--
-- Table structure for table `product_variations_values`
--

CREATE TABLE `product_variations_values` (
  `id` bigint UNSIGNED NOT NULL,
  `product_id` int NOT NULL,
  `variation_value_id` int NOT NULL,
  `image` text COLLATE utf8mb4_unicode_ci,
  `created_at` timestamp NULL DEFAULT NULL,
  `updated_at` timestamp NULL DEFAULT NULL,
  `deleted_at` timestamp NULL DEFAULT NULL
) ENGINE=InnoDB DEFAULT CHARSET=utf8mb4 COLLATE=utf8mb4_unicode_ci;

-- --------------------------------------------------------

--
-- Table structure for table `product_variation_combinations`
--

CREATE TABLE `product_variation_combinations` (
  `id` bigint UNSIGNED NOT NULL,
  `product_id` int NOT NULL,
  `product_variation_id` int NOT NULL,
  `variation_id` int NOT NULL,
  `variation_value_id` int NOT NULL,
  `created_at` timestamp NULL DEFAULT NULL,
  `updated_at` timestamp NULL DEFAULT NULL,
  `deleted_at` timestamp NULL DEFAULT NULL
) ENGINE=InnoDB DEFAULT CHARSET=utf8mb4 COLLATE=utf8mb4_unicode_ci;

--
-- Dumping data for table `product_variation_combinations`
--

INSERT INTO `product_variation_combinations` (`id`, `product_id`, `product_variation_id`, `variation_id`, `variation_value_id`, `created_at`, `updated_at`, `deleted_at`) VALUES
(1, 1, 1, 1, 1, '2023-09-20 06:48:47', '2023-09-20 06:48:47', NULL),
(2, 1, 2, 1, 2, '2023-09-20 06:48:47', '2023-09-20 06:48:47', NULL),
(3, 1, 3, 1, 3, '2023-09-20 06:48:47', '2023-09-20 06:48:47', NULL),
(8, 4, 6, 1, 1, '2023-09-20 07:18:03', '2023-09-20 07:18:03', NULL),
(9, 4, 7, 1, 2, '2023-09-20 07:18:03', '2023-09-20 07:18:03', NULL),
(10, 4, 8, 1, 3, '2023-09-20 07:18:03', '2023-09-20 07:18:03', NULL),
(11, 5, 9, 1, 1, '2023-09-20 07:21:46', '2023-09-20 07:21:46', NULL),
(12, 5, 10, 1, 2, '2023-09-20 07:21:46', '2023-09-20 07:21:46', NULL),
(13, 3, 11, 1, 1, '2023-09-20 07:23:05', '2023-09-20 07:23:05', NULL),
(14, 3, 12, 1, 2, '2023-09-20 07:23:05', '2023-09-20 07:23:05', NULL),
(15, 2, 13, 1, 1, '2023-09-20 07:24:07', '2023-09-20 07:24:07', NULL),
(16, 2, 14, 1, 2, '2023-09-20 07:24:07', '2023-09-20 07:24:07', NULL),
(17, 6, 15, 2, 4, '2023-09-20 07:31:04', '2023-09-20 07:31:04', NULL),
(18, 6, 16, 2, 5, '2023-09-20 07:31:04', '2023-09-20 07:31:04', NULL),
(19, 7, 17, 1, 1, '2023-09-20 07:35:28', '2023-09-20 07:35:28', NULL),
(20, 7, 18, 1, 2, '2023-09-20 07:35:28', '2023-09-20 07:35:28', NULL),
(21, 7, 19, 1, 3, '2023-09-20 07:35:28', '2023-09-20 07:35:28', NULL),
(22, 8, 20, 1, 1, '2023-09-20 07:38:04', '2023-09-20 07:38:04', NULL),
(23, 8, 21, 1, 2, '2023-09-20 07:38:04', '2023-09-20 07:38:04', NULL),
(24, 10, 23, 2, 4, '2023-09-20 22:42:32', '2023-09-20 22:42:32', NULL),
(25, 10, 24, 2, 5, '2023-09-20 22:42:32', '2023-09-20 22:42:32', NULL),
(26, 10, 25, 2, 6, '2023-09-20 22:42:32', '2023-09-20 22:42:32', NULL),
(27, 11, 26, 2, 4, '2023-09-20 22:45:34', '2023-09-20 22:45:34', NULL),
(28, 11, 27, 2, 5, '2023-09-20 22:45:34', '2023-09-20 22:45:34', NULL),
(29, 11, 28, 2, 6, '2023-09-20 22:45:34', '2023-09-20 22:45:34', NULL),
(30, 12, 29, 2, 4, '2023-09-20 22:49:45', '2023-09-20 22:49:45', NULL),
(31, 12, 30, 2, 5, '2023-09-20 22:49:45', '2023-09-20 22:49:45', NULL),
(32, 12, 31, 2, 6, '2023-09-20 22:49:45', '2023-09-20 22:49:45', NULL),
(33, 13, 32, 2, 4, '2023-09-20 22:54:25', '2023-09-20 22:54:25', NULL),
(34, 13, 33, 2, 5, '2023-09-20 22:54:25', '2023-09-20 22:54:25', NULL),
(35, 13, 34, 2, 6, '2023-09-20 22:54:25', '2023-09-20 22:54:25', NULL),
(36, 14, 35, 2, 4, '2023-09-20 23:00:15', '2023-09-20 23:00:15', NULL),
(37, 14, 36, 2, 5, '2023-09-20 23:00:15', '2023-09-20 23:00:15', NULL),
(38, 14, 37, 2, 6, '2023-09-20 23:00:15', '2023-09-20 23:00:15', NULL),
(39, 15, 38, 2, 4, '2023-09-20 23:04:30', '2023-09-20 23:04:30', NULL),
(40, 15, 39, 2, 5, '2023-09-20 23:04:30', '2023-09-20 23:04:30', NULL),
(41, 15, 40, 2, 6, '2023-09-20 23:04:30', '2023-09-20 23:04:30', NULL),
(42, 16, 41, 2, 4, '2023-09-20 23:08:04', '2023-09-20 23:08:04', NULL),
(43, 16, 42, 2, 5, '2023-09-20 23:08:04', '2023-09-20 23:08:04', NULL),
(44, 16, 43, 2, 6, '2023-09-20 23:08:04', '2023-09-20 23:08:04', NULL),
(45, 17, 44, 2, 4, '2023-09-20 23:12:26', '2023-09-20 23:12:26', NULL),
(46, 17, 45, 2, 5, '2023-09-20 23:12:26', '2023-09-20 23:12:26', NULL),
(47, 17, 46, 2, 6, '2023-09-20 23:12:26', '2023-09-20 23:12:26', NULL),
(48, 18, 47, 2, 4, '2023-09-20 23:19:33', '2023-09-20 23:19:33', NULL),
(49, 18, 48, 2, 5, '2023-09-20 23:19:33', '2023-09-20 23:19:33', NULL),
(50, 18, 49, 2, 6, '2023-09-20 23:19:33', '2023-09-20 23:19:33', NULL),
(51, 19, 50, 2, 4, '2023-09-20 23:25:36', '2023-09-20 23:25:36', NULL),
(52, 19, 51, 2, 5, '2023-09-20 23:25:36', '2023-09-20 23:25:36', NULL),
(53, 19, 52, 2, 6, '2023-09-20 23:25:36', '2023-09-20 23:25:36', NULL),
(54, 20, 53, 2, 4, '2023-09-20 23:28:37', '2023-09-20 23:28:37', NULL),
(55, 20, 54, 2, 5, '2023-09-20 23:28:37', '2023-09-20 23:28:37', NULL),
(56, 20, 55, 2, 6, '2023-09-20 23:28:37', '2023-09-20 23:28:37', NULL),
(57, 21, 56, 2, 4, '2023-09-21 00:16:10', '2023-09-21 00:16:10', NULL),
(58, 21, 57, 2, 5, '2023-09-21 00:16:10', '2023-09-21 00:16:10', NULL),
(59, 21, 58, 2, 6, '2023-09-21 00:16:10', '2023-09-21 00:16:10', NULL),
(60, 22, 59, 1, 2, '2023-09-21 00:26:23', '2023-09-21 00:26:23', NULL),
(61, 22, 59, 2, 4, '2023-09-21 00:26:23', '2023-09-21 00:26:23', NULL),
(62, 22, 60, 1, 2, '2023-09-21 00:26:23', '2023-09-21 00:26:23', NULL),
(63, 22, 60, 2, 5, '2023-09-21 00:26:23', '2023-09-21 00:26:23', NULL),
(64, 22, 61, 1, 2, '2023-09-21 00:26:23', '2023-09-21 00:26:23', NULL),
(65, 22, 61, 2, 6, '2023-09-21 00:26:23', '2023-09-21 00:26:23', NULL),
(66, 23, 62, 1, 2, '2023-09-21 00:37:37', '2023-09-21 00:37:37', NULL),
(67, 23, 62, 2, 5, '2023-09-21 00:37:37', '2023-09-21 00:37:37', NULL),
(68, 23, 63, 1, 2, '2023-09-21 00:37:37', '2023-09-21 00:37:37', NULL),
(69, 23, 63, 2, 6, '2023-09-21 00:37:37', '2023-09-21 00:37:37', NULL),
(70, 23, 64, 1, 3, '2023-09-21 00:37:37', '2023-09-21 00:37:37', NULL),
(71, 23, 64, 2, 5, '2023-09-21 00:37:37', '2023-09-21 00:37:37', NULL),
(72, 23, 65, 1, 3, '2023-09-21 00:37:37', '2023-09-21 00:37:37', NULL),
(73, 23, 65, 2, 6, '2023-09-21 00:37:37', '2023-09-21 00:37:37', NULL),
(74, 24, 66, 2, 4, '2023-09-21 00:52:50', '2023-09-21 00:52:50', NULL),
(75, 24, 67, 2, 5, '2023-09-21 00:52:50', '2023-09-21 00:52:50', NULL),
(76, 24, 68, 2, 6, '2023-09-21 00:52:50', '2023-09-21 00:52:50', NULL),
(77, 25, 69, 2, 4, '2023-09-21 00:59:32', '2023-09-21 00:59:32', NULL),
(78, 25, 70, 2, 5, '2023-09-21 00:59:32', '2023-09-21 00:59:32', NULL),
(79, 25, 71, 2, 6, '2023-09-21 00:59:32', '2023-09-21 00:59:32', NULL),
(80, 28, 74, 2, 4, '2023-09-21 01:14:13', '2023-09-21 01:14:13', NULL),
(81, 28, 75, 2, 5, '2023-09-21 01:14:13', '2023-09-21 01:14:13', NULL),
(82, 28, 76, 2, 6, '2023-09-21 01:16:06', '2023-09-21 01:16:06', NULL),
(83, 30, 78, 2, 4, '2023-09-21 02:12:53', '2023-09-21 02:12:53', NULL),
(84, 30, 79, 2, 5, '2023-09-21 02:12:53', '2023-09-21 02:12:53', NULL),
(85, 30, 80, 2, 6, '2023-09-21 02:12:53', '2023-09-21 02:12:53', NULL),
(86, 32, 82, 2, 4, '2023-09-21 02:19:31', '2023-09-21 02:19:31', NULL),
(87, 32, 83, 2, 5, '2023-09-21 02:19:31', '2023-09-21 02:19:31', NULL),
(88, 32, 84, 2, 6, '2023-09-21 02:19:31', '2023-09-21 02:19:31', NULL),
(89, 35, 87, 1, 1, '2023-09-21 03:45:46', '2023-09-21 03:45:46', NULL),
(90, 35, 87, 2, 5, '2023-09-21 03:45:46', '2023-09-21 03:45:46', NULL),
(91, 35, 88, 1, 1, '2023-09-21 03:45:46', '2023-09-21 03:45:46', NULL),
(92, 35, 88, 2, 6, '2023-09-21 03:45:46', '2023-09-21 03:45:46', NULL),
(93, 35, 89, 1, 2, '2023-09-21 03:45:46', '2023-09-21 03:45:46', NULL),
(94, 35, 89, 2, 5, '2023-09-21 03:45:46', '2023-09-21 03:45:46', NULL),
(95, 35, 90, 1, 2, '2023-09-21 03:45:46', '2023-09-21 03:45:46', NULL),
(96, 35, 90, 2, 6, '2023-09-21 03:45:46', '2023-09-21 03:45:46', NULL),
(97, 36, 91, 2, 4, '2023-09-21 03:52:58', '2023-09-21 03:52:58', NULL),
(98, 36, 92, 2, 5, '2023-09-21 03:52:58', '2023-09-21 03:52:58', NULL),
(99, 36, 93, 2, 6, '2023-09-21 03:52:58', '2023-09-21 03:52:58', NULL),
(100, 37, 94, 2, 4, '2023-09-21 03:57:18', '2023-09-21 03:57:18', NULL),
(101, 37, 95, 2, 5, '2023-09-21 03:57:18', '2023-09-21 03:57:18', NULL),
(102, 37, 96, 2, 6, '2023-09-21 03:57:18', '2023-09-21 03:57:18', NULL),
(103, 38, 97, 1, 1, '2023-09-21 04:00:45', '2023-09-21 04:00:45', NULL),
(104, 38, 98, 1, 2, '2023-09-21 04:00:45', '2023-09-21 04:00:45', NULL),
(105, 39, 99, 2, 4, '2023-09-21 04:04:15', '2023-09-21 04:04:15', NULL),
(106, 39, 100, 2, 5, '2023-09-21 04:04:15', '2023-09-21 04:04:15', NULL),
(107, 39, 101, 2, 6, '2023-09-21 04:04:15', '2023-09-21 04:04:15', NULL),
(108, 40, 102, 1, 2, '2023-09-21 04:08:17', '2023-09-21 04:08:17', NULL),
(109, 40, 102, 2, 5, '2023-09-21 04:08:17', '2023-09-21 04:08:17', NULL),
(110, 40, 103, 1, 2, '2023-09-21 04:08:17', '2023-09-21 04:08:17', NULL),
(111, 40, 103, 2, 6, '2023-09-21 04:08:17', '2023-09-21 04:08:17', NULL),
(112, 40, 104, 1, 3, '2023-09-21 04:08:17', '2023-09-21 04:08:17', NULL),
(113, 40, 104, 2, 5, '2023-09-21 04:08:17', '2023-09-21 04:08:17', NULL),
(114, 40, 105, 1, 3, '2023-09-21 04:08:17', '2023-09-21 04:08:17', NULL),
(115, 40, 105, 2, 6, '2023-09-21 04:08:17', '2023-09-21 04:08:17', NULL),
(116, 45, 110, 2, 4, '2023-09-21 04:31:19', '2023-09-21 04:31:19', NULL),
(117, 45, 111, 2, 5, '2023-09-21 04:31:19', '2023-09-21 04:31:19', NULL),
(118, 45, 112, 2, 6, '2023-09-21 04:31:19', '2023-09-21 04:31:19', NULL),
(119, 46, 113, 1, 1, '2023-09-21 05:03:44', '2023-09-21 05:03:44', NULL),
(120, 46, 114, 1, 2, '2023-09-21 05:03:44', '2023-09-21 05:03:44', NULL),
(121, 47, 115, 1, 1, '2023-09-22 00:31:17', '2023-09-22 00:31:17', NULL),
(122, 47, 116, 1, 2, '2023-09-22 00:31:17', '2023-09-22 00:31:17', NULL),
(123, 47, 117, 1, 3, '2023-09-22 00:31:17', '2023-09-22 00:31:17', NULL),
(124, 48, 118, 1, 1, '2023-09-22 00:35:24', '2023-09-22 00:35:24', NULL),
(125, 48, 119, 1, 2, '2023-09-22 00:35:24', '2023-09-22 00:35:24', NULL),
(126, 50, 121, 1, 1, '2023-09-22 00:43:26', '2023-09-22 00:43:26', NULL),
(127, 50, 122, 1, 2, '2023-09-22 00:43:26', '2023-09-22 00:43:26', NULL),
(128, 51, 123, 1, 1, '2023-09-22 00:47:13', '2023-09-22 00:47:13', NULL),
(129, 51, 124, 1, 2, '2023-09-22 00:47:13', '2023-09-22 00:47:13', NULL),
(130, 53, 126, 2, 4, '2023-09-22 00:52:26', '2023-09-22 00:52:26', NULL),
(131, 53, 127, 2, 5, '2023-09-22 00:52:26', '2023-09-22 00:52:26', NULL),
(132, 53, 128, 2, 6, '2023-09-22 00:52:26', '2023-09-22 00:52:26', NULL),
(133, 54, 129, 1, 1, '2023-09-22 00:56:59', '2023-09-22 00:56:59', NULL),
(134, 54, 130, 1, 2, '2023-09-22 00:56:59', '2023-09-22 00:56:59', NULL),
(135, 55, 131, 1, 1, '2023-09-22 01:05:59', '2023-09-22 01:05:59', NULL),
(136, 55, 132, 1, 2, '2023-09-22 01:05:59', '2023-09-22 01:05:59', NULL),
(137, 55, 133, 1, 3, '2023-09-22 01:05:59', '2023-09-22 01:05:59', NULL),
(138, 56, 134, 1, 1, '2023-09-22 01:09:10', '2023-09-22 01:09:10', NULL),
(139, 56, 135, 1, 2, '2023-09-22 01:09:10', '2023-09-22 01:09:10', NULL),
(140, 56, 136, 1, 3, '2023-09-22 01:09:10', '2023-09-22 01:09:10', NULL),
(141, 57, 137, 1, 1, '2023-09-22 01:13:34', '2023-09-22 01:13:34', NULL),
(142, 57, 138, 1, 2, '2023-09-22 01:13:34', '2023-09-22 01:13:34', NULL),
(143, 58, 139, 2, 4, '2023-09-22 01:16:20', '2023-09-22 01:16:20', NULL),
(144, 58, 140, 2, 5, '2023-09-22 01:16:20', '2023-09-22 01:16:20', NULL),
(145, 58, 141, 2, 6, '2023-09-22 01:16:20', '2023-09-22 01:16:20', NULL),
(146, 59, 142, 2, 4, '2023-09-22 01:20:26', '2023-09-22 01:20:26', NULL),
(147, 59, 143, 2, 5, '2023-09-22 01:20:26', '2023-09-22 01:20:26', NULL),
(148, 59, 144, 2, 6, '2023-09-22 01:20:26', '2023-09-22 01:20:26', NULL),
(149, 66, 151, 2, 4, '2023-09-22 01:43:24', '2023-09-22 01:43:24', NULL),
(150, 66, 152, 2, 5, '2023-09-22 01:43:24', '2023-09-22 01:43:24', NULL),
(151, 66, 153, 2, 6, '2023-09-22 01:43:24', '2023-09-22 01:43:24', NULL),
(152, 67, 154, 2, 4, '2023-09-22 01:48:47', '2023-09-22 01:48:47', NULL),
(153, 67, 155, 2, 5, '2023-09-22 01:48:47', '2023-09-22 01:48:47', NULL),
(154, 67, 156, 2, 6, '2023-09-22 01:48:47', '2023-09-22 01:48:47', NULL),
(155, 68, 157, 2, 4, '2023-09-22 01:52:08', '2023-09-22 01:52:08', NULL),
(156, 68, 158, 2, 5, '2023-09-22 01:52:08', '2023-09-22 01:52:08', NULL),
(157, 68, 159, 2, 6, '2023-09-22 01:52:08', '2023-09-22 01:52:08', NULL);

-- --------------------------------------------------------

--
-- Table structure for table `product_variation_stocks`
--

CREATE TABLE `product_variation_stocks` (
  `id` bigint UNSIGNED NOT NULL,
  `product_variation_id` int NOT NULL,
  `location_id` int DEFAULT NULL COMMENT 'warehouse/location',
  `stock_qty` int NOT NULL,
  `created_at` timestamp NULL DEFAULT NULL,
  `updated_at` timestamp NULL DEFAULT NULL,
  `deleted_at` timestamp NULL DEFAULT NULL
) ENGINE=InnoDB DEFAULT CHARSET=utf8mb4 COLLATE=utf8mb4_unicode_ci;

--
-- Dumping data for table `product_variation_stocks`
--

INSERT INTO `product_variation_stocks` (`id`, `product_variation_id`, `location_id`, `stock_qty`, `created_at`, `updated_at`, `deleted_at`) VALUES
(1, 1, 1, 2, '2023-09-20 06:48:47', '2024-12-20 08:51:26', NULL),
(2, 2, 1, 10, '2023-09-20 06:48:47', '2023-09-20 06:48:47', NULL),
(3, 3, 1, 10, '2023-09-20 06:48:47', '2023-09-20 06:48:47', NULL),
(6, 6, 1, 10, '2023-09-20 07:18:03', '2023-09-20 07:18:03', NULL),
(7, 7, 1, 5, '2023-09-20 07:18:03', '2023-09-20 07:18:03', NULL),
(8, 8, 1, 5, '2023-09-20 07:18:03', '2023-09-20 07:18:03', NULL),
(9, 9, 1, 10, '2023-09-20 07:21:46', '2023-09-20 07:21:46', NULL),
(10, 10, 1, 12, '2023-09-20 07:21:46', '2023-09-20 07:21:46', NULL),
(11, 11, 1, 7, '2023-09-20 07:23:05', '2023-09-20 07:23:05', NULL),
(12, 12, 1, 4, '2023-09-20 07:23:05', '2023-09-20 07:23:05', NULL),
(13, 13, 1, 10, '2023-09-20 07:24:07', '2023-09-20 07:24:07', NULL),
(14, 14, 1, 4, '2023-09-20 07:24:07', '2023-09-20 07:24:07', NULL),
(15, 15, 1, 10, '2023-09-20 07:31:04', '2023-09-20 07:31:04', NULL),
(16, 16, 1, 15, '2023-09-20 07:31:04', '2023-09-20 07:31:04', NULL),
(17, 17, 1, 8, '2023-09-20 07:35:28', '2023-09-20 07:35:28', NULL),
(18, 18, 1, 9, '2023-09-20 07:35:28', '2023-09-20 07:35:28', NULL),
(19, 19, 1, 5, '2023-09-20 07:35:28', '2023-09-20 07:35:28', NULL),
(20, 20, 1, 11, '2023-09-20 07:38:04', '2023-09-20 07:38:04', NULL),
(21, 21, 1, 7, '2023-09-20 07:38:04', '2023-09-20 07:38:04', NULL),
(22, 22, 1, 30, '2023-09-20 07:42:56', '2023-09-20 07:42:56', NULL),
(23, 23, 1, 20, '2023-09-20 22:42:32', '2023-09-20 22:42:32', NULL),
(24, 24, 1, 10, '2023-09-20 22:42:32', '2023-09-20 22:42:32', NULL),
(25, 25, 1, 15, '2023-09-20 22:42:32', '2023-09-20 22:42:32', NULL),
(26, 26, 1, 11, '2023-09-20 22:45:34', '2023-09-20 22:45:34', NULL),
(27, 27, 1, 20, '2023-09-20 22:45:34', '2023-09-20 22:45:34', NULL),
(28, 28, 1, 12, '2023-09-20 22:45:34', '2023-09-20 22:45:34', NULL),
(29, 29, 1, 15, '2023-09-20 22:49:45', '2023-09-20 22:49:45', NULL),
(30, 30, 1, 20, '2023-09-20 22:49:45', '2023-09-20 22:49:45', NULL),
(31, 31, 1, 15, '2023-09-20 22:49:45', '2023-09-20 22:49:45', NULL),
(32, 32, 1, 10, '2023-09-20 22:54:25', '2023-09-20 22:54:25', NULL),
(33, 33, 1, 10, '2023-09-20 22:54:25', '2023-09-20 22:54:25', NULL),
(34, 34, 1, 15, '2023-09-20 22:54:25', '2023-09-20 22:54:25', NULL),
(35, 35, 1, 11, '2023-09-20 23:00:15', '2023-09-20 23:00:15', NULL),
(36, 36, 1, 20, '2023-09-20 23:00:15', '2023-09-20 23:00:15', NULL),
(37, 37, 1, 15, '2023-09-20 23:00:15', '2023-09-20 23:00:15', NULL),
(38, 38, 1, 10, '2023-09-20 23:04:30', '2023-09-20 23:04:30', NULL),
(39, 39, 1, 10, '2023-09-20 23:04:30', '2023-09-20 23:04:30', NULL),
(40, 40, 1, 10, '2023-09-20 23:04:30', '2023-09-20 23:04:30', NULL),
(41, 41, 1, 20, '2023-09-20 23:08:04', '2023-09-20 23:08:04', NULL),
(42, 42, 1, 20, '2023-09-20 23:08:04', '2023-09-20 23:08:04', NULL),
(43, 43, 1, 15, '2023-09-20 23:08:04', '2023-09-20 23:08:04', NULL),
(44, 44, 1, 15, '2023-09-20 23:12:26', '2023-09-20 23:12:26', NULL),
(45, 45, 1, 26, '2023-09-20 23:12:26', '2023-09-20 23:12:26', NULL),
(46, 46, 1, 15, '2023-09-20 23:12:26', '2023-09-20 23:12:26', NULL),
(47, 47, 1, 22, '2023-09-20 23:19:33', '2023-09-20 23:19:33', NULL),
(48, 48, 1, 12, '2023-09-20 23:19:33', '2023-09-20 23:19:33', NULL),
(49, 49, 1, 15, '2023-09-20 23:19:33', '2023-09-20 23:19:33', NULL),
(50, 50, 1, 20, '2023-09-20 23:25:36', '2023-09-20 23:25:36', NULL),
(51, 51, 1, 20, '2023-09-20 23:25:36', '2023-09-20 23:25:36', NULL),
(52, 52, 1, 6, '2023-09-20 23:25:36', '2023-09-20 23:25:36', NULL),
(53, 53, 1, 21, '2023-09-20 23:28:37', '2023-09-20 23:28:37', NULL),
(54, 54, 1, 25, '2023-09-20 23:28:37', '2023-09-20 23:28:37', NULL),
(55, 55, 1, 10, '2023-09-20 23:28:37', '2023-09-20 23:28:37', NULL),
(56, 56, 1, 20, '2023-09-21 00:16:10', '2023-09-21 00:16:10', NULL),
(57, 57, 1, 20, '2023-09-21 00:16:10', '2023-09-21 00:16:10', NULL),
(58, 58, 1, 10, '2023-09-21 00:16:10', '2023-09-21 00:16:10', NULL),
(59, 59, 1, 12, '2023-09-21 00:26:23', '2023-09-21 00:26:23', NULL),
(60, 60, 1, 15, '2023-09-21 00:26:23', '2023-09-21 00:26:23', NULL),
(61, 61, 1, 13, '2023-09-21 00:26:23', '2023-09-21 00:26:23', NULL),
(62, 62, 1, 11, '2023-09-21 00:37:37', '2023-09-21 00:37:37', NULL),
(63, 63, 1, 10, '2023-09-21 00:37:37', '2023-09-21 00:37:37', NULL),
(64, 64, 1, 10, '2023-09-21 00:37:37', '2023-09-21 00:37:37', NULL),
(65, 65, 1, 11, '2023-09-21 00:37:37', '2023-09-21 00:37:37', NULL),
(66, 66, 1, 20, '2023-09-21 00:52:50', '2023-09-21 00:52:50', NULL),
(67, 67, 1, 21, '2023-09-21 00:52:50', '2023-09-21 00:52:50', NULL),
(68, 68, 1, 15, '2023-09-21 00:52:50', '2023-09-21 00:52:50', NULL),
(69, 69, 1, 20, '2023-09-21 00:59:32', '2023-09-21 00:59:32', NULL),
(70, 70, 1, 30, '2023-09-21 00:59:32', '2023-09-21 00:59:32', NULL),
(71, 71, 1, 9, '2023-09-21 00:59:32', '2023-09-21 00:59:32', NULL),
(72, 72, 1, 50, '2023-09-21 01:04:42', '2023-09-21 01:04:42', NULL),
(73, 73, 1, 35, '2023-09-21 01:09:34', '2023-09-21 01:09:34', NULL),
(74, 74, 1, 15, '2023-09-21 01:14:13', '2023-09-21 01:16:06', NULL),
(75, 75, 1, 20, '2023-09-21 01:14:13', '2023-09-21 01:16:06', NULL),
(76, 76, 1, 10, '2023-09-21 01:16:06', '2023-09-21 01:16:06', NULL),
(77, 77, 1, 51, '2023-09-21 01:59:04', '2023-09-21 01:59:04', NULL),
(78, 78, 1, 11, '2023-09-21 02:12:53', '2023-09-21 02:12:53', NULL),
(79, 79, 1, 15, '2023-09-21 02:12:53', '2023-09-21 02:12:53', NULL),
(80, 80, 1, 8, '2023-09-21 02:12:53', '2023-09-21 02:12:53', NULL),
(81, 81, 1, 35, '2023-09-21 02:15:46', '2023-09-21 02:15:46', NULL),
(82, 82, 1, 25, '2023-09-21 02:19:31', '2023-09-21 02:19:31', NULL),
(83, 83, 1, 22, '2023-09-21 02:19:31', '2023-09-21 02:19:31', NULL),
(84, 84, 1, 16, '2023-09-21 02:19:31', '2023-09-21 02:19:31', NULL),
(85, 85, 1, 35, '2023-09-21 02:42:38', '2023-09-21 02:42:38', NULL),
(86, 86, 1, 51, '2023-09-21 02:45:35', '2023-09-21 02:45:35', NULL),
(87, 87, 1, 15, '2023-09-21 03:45:46', '2023-09-21 03:45:46', NULL),
(88, 88, 1, 12, '2023-09-21 03:45:46', '2023-09-21 03:45:46', NULL),
(89, 89, 1, 15, '2023-09-21 03:45:46', '2023-09-21 03:45:46', NULL),
(90, 90, 1, 9, '2023-09-21 03:45:46', '2023-09-21 03:45:46', NULL),
(91, 91, 1, 20, '2023-09-21 03:52:58', '2023-09-21 03:52:58', NULL),
(92, 92, 1, 25, '2023-09-21 03:52:58', '2023-09-21 03:52:58', NULL),
(93, 93, 1, 20, '2023-09-21 03:52:58', '2023-09-21 03:52:58', NULL),
(94, 94, 1, 15, '2023-09-21 03:57:18', '2023-09-21 03:57:18', NULL),
(95, 95, 1, 20, '2023-09-21 03:57:18', '2023-09-21 03:57:18', NULL),
(96, 96, 1, 14, '2023-09-21 03:57:18', '2023-09-21 03:57:18', NULL),
(97, 97, 1, 21, '2023-09-21 04:00:45', '2023-09-21 04:00:45', NULL),
(98, 98, 1, 20, '2023-09-21 04:00:45', '2023-09-21 04:00:45', NULL),
(99, 99, 1, 11, '2023-09-21 04:04:15', '2023-09-21 04:04:15', NULL),
(100, 100, 1, 12, '2023-09-21 04:04:15', '2023-09-21 04:04:15', NULL),
(101, 101, 1, 11, '2023-09-21 04:04:15', '2023-09-21 04:04:15', NULL),
(102, 102, 1, 15, '2023-09-21 04:08:17', '2023-09-21 04:08:17', NULL),
(103, 103, 1, 20, '2023-09-21 04:08:17', '2023-09-21 04:08:17', NULL),
(104, 104, 1, 11, '2023-09-21 04:08:17', '2023-09-21 04:08:17', NULL),
(105, 105, 1, 15, '2023-09-21 04:08:17', '2023-09-21 04:08:17', NULL),
(106, 106, 1, 53, '2023-09-21 04:13:23', '2023-09-21 04:13:23', NULL),
(107, 107, 1, 45, '2023-09-21 04:15:58', '2023-09-21 04:15:58', NULL),
(108, 108, 1, 61, '2023-09-21 04:18:46', '2023-09-21 04:18:46', NULL),
(109, 109, 1, 53, '2023-09-21 04:22:14', '2023-09-21 04:22:14', NULL),
(110, 110, 1, 20, '2023-09-21 04:31:19', '2023-09-21 04:31:19', NULL),
(111, 111, 1, 21, '2023-09-21 04:31:19', '2023-09-21 04:31:19', NULL),
(112, 112, 1, 20, '2023-09-21 04:31:19', '2023-09-21 04:31:19', NULL),
(113, 113, 1, 30, '2023-09-21 05:03:44', '2023-09-21 05:03:44', NULL),
(114, 114, 1, 31, '2023-09-21 05:03:44', '2023-09-21 05:03:44', NULL),
(115, 115, 1, 21, '2023-09-22 00:31:17', '2023-09-22 00:31:17', NULL),
(116, 116, 1, 22, '2023-09-22 00:31:17', '2023-09-22 00:31:17', NULL),
(117, 117, 1, 11, '2023-09-22 00:31:17', '2023-09-22 00:31:17', NULL),
(118, 118, 1, 30, '2023-09-22 00:35:24', '2023-09-22 00:35:24', NULL),
(119, 119, 1, 31, '2023-09-22 00:35:24', '2023-09-22 00:35:24', NULL),
(120, 120, 1, 51, '2023-09-22 00:40:12', '2023-09-22 00:40:12', NULL),
(121, 121, 1, 30, '2023-09-22 00:43:26', '2024-12-20 08:51:26', NULL),
(122, 122, 1, 35, '2023-09-22 00:43:26', '2023-09-22 00:43:26', NULL),
(123, 123, 1, 24, '2023-09-22 00:47:13', '2024-12-20 08:51:26', NULL),
(124, 124, 1, 26, '2023-09-22 00:47:13', '2023-09-22 00:47:13', NULL),
(125, 125, 1, 45, '2023-09-22 00:49:40', '2023-09-22 00:49:40', NULL),
(126, 126, 1, 31, '2023-09-22 00:52:26', '2023-09-22 00:52:26', NULL),
(127, 127, 1, 31, '2023-09-22 00:52:26', '2023-09-22 00:52:26', NULL),
(128, 128, 1, 25, '2023-09-22 00:52:26', '2023-09-22 00:52:26', NULL),
(129, 129, 1, 40, '2023-09-22 00:56:59', '2023-09-22 00:56:59', NULL),
(130, 130, 1, 43, '2023-09-22 00:56:59', '2023-09-22 00:56:59', NULL),
(131, 131, 1, 24, '2023-09-22 01:05:59', '2024-12-20 08:51:26', NULL),
(132, 132, 1, 22, '2023-09-22 01:05:59', '2023-09-22 01:05:59', NULL),
(133, 133, 1, 17, '2023-09-22 01:05:59', '2023-09-22 01:05:59', NULL),
(134, 134, 1, 20, '2023-09-22 01:09:10', '2024-12-20 08:51:26', NULL),
(135, 135, 1, 26, '2023-09-22 01:09:10', '2023-09-22 01:09:10', NULL),
(136, 136, 1, 11, '2023-09-22 01:09:10', '2023-09-22 01:09:10', NULL),
(137, 137, 1, 31, '2023-09-22 01:13:34', '2023-09-22 01:13:34', NULL),
(138, 138, 1, 35, '2023-09-22 01:13:34', '2023-09-22 01:13:34', NULL),
(139, 139, 1, 14, '2023-09-22 01:16:20', '2024-12-20 08:51:26', NULL),
(140, 140, 1, 25, '2023-09-22 01:16:20', '2023-09-22 01:16:20', NULL),
(141, 141, 1, 13, '2023-09-22 01:16:20', '2023-09-22 01:16:20', NULL),
(142, 142, 1, 20, '2023-09-22 01:20:26', '2024-12-20 08:51:27', NULL),
(143, 143, 1, 25, '2023-09-22 01:20:26', '2023-09-22 01:20:26', NULL),
(144, 144, 1, 22, '2023-09-22 01:20:26', '2023-09-22 01:20:26', NULL),
(145, 145, 1, 55, '2023-09-22 01:23:22', '2023-09-22 01:23:22', NULL),
(146, 146, 1, 59, '2023-09-22 01:26:35', '2024-12-20 08:51:27', NULL),
(147, 147, 1, 54, '2023-09-22 01:32:23', '2024-12-20 08:51:27', NULL),
(148, 148, 1, 50, '2023-09-22 01:35:05', '2023-09-22 01:35:05', NULL),
(149, 149, 1, 34, '2023-09-22 01:38:21', '2024-12-20 08:51:27', NULL),
(150, 150, 1, 64, '2023-09-22 01:40:57', '2024-12-20 08:51:27', NULL),
(151, 151, 1, 21, '2023-09-22 01:43:24', '2023-09-22 01:43:24', NULL),
(152, 152, 1, 25, '2023-09-22 01:43:24', '2023-09-22 01:43:24', NULL),
(153, 153, 1, 20, '2023-09-22 01:43:24', '2023-09-22 01:43:24', NULL),
(154, 154, 1, 30, '2023-09-22 01:48:47', '2023-09-22 01:48:47', NULL),
(155, 155, 1, 25, '2023-09-22 01:48:47', '2023-09-22 01:48:47', NULL),
(156, 156, 1, 15, '2023-09-22 01:48:47', '2023-09-22 01:48:47', NULL),
(157, 157, 1, 21, '2023-09-22 01:52:08', '2023-09-22 01:52:08', NULL),
(158, 158, 1, 25, '2023-09-22 01:52:08', '2023-09-22 01:52:08', NULL),
(159, 159, 1, 20, '2023-09-22 01:52:08', '2023-09-22 01:52:08', NULL);

-- --------------------------------------------------------

--
-- Table structure for table `review_galleries`
--

CREATE TABLE `review_galleries` (
  `id` bigint UNSIGNED NOT NULL,
  `review_id` bigint UNSIGNED NOT NULL,
  `status` tinyint(1) NOT NULL DEFAULT '1',
  `full_url` varchar(191) COLLATE utf8mb4_unicode_ci DEFAULT NULL,
  `created_by` int UNSIGNED DEFAULT NULL,
  `updated_by` int UNSIGNED DEFAULT NULL,
  `deleted_by` int UNSIGNED DEFAULT NULL,
  `created_at` timestamp NULL DEFAULT NULL,
  `updated_at` timestamp NULL DEFAULT NULL,
  `deleted_at` timestamp NULL DEFAULT NULL
) ENGINE=InnoDB DEFAULT CHARSET=utf8mb4 COLLATE=utf8mb4_unicode_ci;

-- --------------------------------------------------------

--
-- Table structure for table `roles`
--

CREATE TABLE `roles` (
  `id` bigint UNSIGNED NOT NULL,
  `name` varchar(125) COLLATE utf8mb4_unicode_ci NOT NULL,
  `title` varchar(191) COLLATE utf8mb4_unicode_ci NOT NULL,
  `guard_name` varchar(125) COLLATE utf8mb4_unicode_ci NOT NULL,
  `is_fixed` tinyint(1) NOT NULL DEFAULT '0',
  `created_at` timestamp NULL DEFAULT NULL,
  `updated_at` timestamp NULL DEFAULT NULL
) ENGINE=InnoDB DEFAULT CHARSET=utf8mb4 COLLATE=utf8mb4_unicode_ci;

--
-- Dumping data for table `roles`
--

INSERT INTO `roles` (`id`, `name`, `title`, `guard_name`, `is_fixed`, `created_at`, `updated_at`) VALUES
(1, 'admin', 'Admin', 'web', 1, '2024-12-20 08:45:36', '2024-12-20 08:45:36'),
(2, 'demo_admin', 'Demo Admin', 'web', 1, '2024-12-20 08:45:36', '2024-12-20 08:45:36'),
(3, 'vet', 'Veterinarian', 'web', 1, '2024-12-20 08:45:36', '2024-12-20 08:45:36'),
(4, 'groomer', 'Groomer', 'web', 1, '2024-12-20 08:45:36', '2024-12-20 08:45:36'),
(5, 'walker', 'Walker', 'web', 1, '2024-12-20 08:45:36', '2024-12-20 08:45:36'),
(6, 'boarder', 'Boarder', 'web', 1, '2024-12-20 08:45:36', '2024-12-20 08:45:36'),
(7, 'trainer', 'Trainer', 'web', 1, '2024-12-20 08:45:37', '2024-12-20 08:45:37'),
(8, 'day_taker', 'Day Care Taker', 'web', 1, '2024-12-20 08:45:37', '2024-12-20 08:45:37'),
(9, 'user', 'Customer', 'web', 1, '2024-12-20 08:45:37', '2024-12-20 08:45:37'),
(10, 'pet_sitter', 'Pet Sitter', 'web', 1, '2024-12-20 08:45:37', '2024-12-20 08:45:37'),
(11, 'pet_store', 'Pet Store', 'web', 1, '2024-12-20 08:45:37', '2024-12-20 08:45:37');

-- --------------------------------------------------------

--
-- Table structure for table `role_has_permissions`
--

CREATE TABLE `role_has_permissions` (
  `permission_id` bigint UNSIGNED NOT NULL,
  `role_id` bigint UNSIGNED NOT NULL
) ENGINE=InnoDB DEFAULT CHARSET=utf8mb4 COLLATE=utf8mb4_unicode_ci;

--
-- Dumping data for table `role_has_permissions`
--

INSERT INTO `role_has_permissions` (`permission_id`, `role_id`) VALUES
(1, 1),
(2, 1),
(3, 1),
(4, 1),
(5, 1),
(6, 1),
(7, 1),
(8, 1),
(9, 1),
(10, 1),
(11, 1),
(12, 1),
(13, 1),
(14, 1),
(15, 1),
(16, 1),
(17, 1),
(18, 1),
(19, 1),
(20, 1),
(21, 1),
(22, 1),
(23, 1),
(24, 1),
(25, 1),
(26, 1),
(27, 1),
(28, 1),
(29, 1),
(30, 1),
(31, 1),
(32, 1),
(33, 1),
(34, 1),
(35, 1),
(36, 1),
(37, 1),
(38, 1),
(39, 1),
(40, 1),
(41, 1),
(42, 1),
(43, 1),
(44, 1),
(45, 1),
(46, 1),
(47, 1),
(48, 1),
(49, 1),
(50, 1),
(51, 1),
(52, 1),
(53, 1),
(54, 1),
(55, 1),
(56, 1),
(57, 1),
(58, 1),
(59, 1),
(60, 1),
(61, 1),
(62, 1),
(63, 1),
(64, 1),
(65, 1),
(66, 1),
(67, 1),
(68, 1),
(69, 1),
(70, 1),
(71, 1),
(72, 1),
(73, 1),
(74, 1),
(75, 1),
(76, 1),
(77, 1),
(78, 1),
(79, 1),
(80, 1),
(81, 1),
(82, 1),
(83, 1),
(84, 1),
(85, 1),
(86, 1),
(87, 1),
(88, 1),
(89, 1),
(90, 1),
(91, 1),
(92, 1),
(93, 1),
(94, 1),
(95, 1),
(96, 1),
(97, 1),
(98, 1),
(99, 1),
(100, 1),
(101, 1),
(102, 1),
(103, 1),
(104, 1),
(105, 1),
(106, 1),
(107, 1),
(108, 1),
(109, 1),
(110, 1),
(111, 1),
(112, 1),
(113, 1),
(114, 1),
(115, 1),
(116, 1),
(117, 1),
(118, 1),
(119, 1),
(120, 1),
(121, 1),
(122, 1),
(123, 1),
(124, 1),
(125, 1),
(126, 1),
(127, 1),
(128, 1),
(129, 1),
(130, 1),
(131, 1),
(132, 1),
(133, 1),
(134, 1),
(135, 1),
(136, 1),
(137, 1),
(138, 1),
(139, 1),
(140, 1),
(141, 1),
(142, 1),
(143, 1),
(144, 1),
(145, 1),
(146, 1),
(147, 1),
(148, 1),
(149, 1),
(150, 1),
(151, 1),
(152, 1),
(153, 1),
(154, 1),
(155, 1),
(156, 1),
(157, 1),
(158, 1),
(159, 1),
(160, 1),
(161, 1),
(162, 1),
(163, 1),
(164, 1),
(165, 1),
(166, 1),
(167, 1),
(168, 1),
(169, 1),
(170, 1),
(171, 1),
(172, 1),
(173, 1),
(174, 1),
(175, 1),
(176, 1),
(177, 1),
(178, 1),
(179, 1),
(180, 1),
(181, 1),
(182, 1),
(183, 1),
(184, 1),
(185, 1),
(186, 1),
(187, 1),
(188, 1),
(189, 1),
(190, 1),
(191, 1),
(192, 1),
(193, 1),
(194, 1),
(195, 1),
(196, 1),
(197, 1),
(198, 1),
(199, 1),
(200, 1),
(201, 1),
(202, 1),
(203, 1),
(204, 1),
(205, 1),
(206, 1),
(207, 1),
(208, 1),
(209, 1),
(210, 1),
(211, 1),
(212, 1),
(213, 1),
(214, 1),
(215, 1),
(216, 1),
(217, 1),
(218, 1),
(219, 1),
(220, 1),
(221, 1),
(222, 1),
(223, 1),
(224, 1),
(225, 1),
(226, 1),
(227, 1),
(228, 1),
(229, 1),
(230, 1),
(231, 1),
(232, 1),
(233, 1),
(234, 1),
(235, 1),
(236, 1),
(237, 1),
(238, 1),
(239, 1),
(240, 1),
(241, 1),
(242, 1),
(243, 1),
(244, 1),
(245, 1),
(246, 1),
(247, 1),
(248, 1),
(249, 1),
(250, 1),
(251, 1),
(252, 1),
(253, 1),
(254, 1),
(255, 1),
(256, 1),
(257, 1),
(258, 1),
(259, 1),
(260, 1),
(261, 1),
(262, 1),
(263, 1),
(264, 1),
(265, 1),
(266, 1),
(267, 1),
(268, 1),
(269, 1),
(270, 1),
(271, 1),
(272, 1),
(273, 1),
(274, 1),
(275, 1),
(276, 1),
(277, 1),
(278, 1),
(279, 1),
(280, 1),
(281, 1),
(282, 1),
(283, 1),
(284, 1),
(285, 1),
(286, 1),
(287, 1),
(288, 1),
(289, 1),
(290, 1),
(291, 1),
(292, 1),
(293, 1),
(294, 1),
(295, 1),
(296, 1),
(297, 1),
(298, 1),
(299, 1),
(300, 1),
(301, 1),
(302, 1),
(1, 2),
(2, 2),
(3, 2),
(4, 2),
(5, 2),
(6, 2),
(7, 2),
(8, 2),
(9, 2),
(10, 2),
(11, 2),
(12, 2),
(13, 2),
(14, 2),
(15, 2),
(16, 2),
(17, 2),
(18, 2),
(19, 2),
(20, 2),
(21, 2),
(22, 2),
(23, 2),
(24, 2),
(25, 2),
(26, 2),
(27, 2),
(28, 2),
(29, 2),
(30, 2),
(31, 2),
(32, 2),
(33, 2),
(34, 2),
(35, 2),
(36, 2),
(37, 2),
(38, 2),
(39, 2),
(40, 2),
(41, 2),
(42, 2),
(43, 2),
(44, 2),
(45, 2),
(46, 2),
(47, 2),
(48, 2),
(49, 2),
(50, 2),
(51, 2),
(52, 2),
(53, 2),
(54, 2),
(55, 2),
(56, 2),
(57, 2),
(58, 2),
(59, 2),
(60, 2),
(61, 2),
(62, 2),
(63, 2),
(64, 2),
(65, 2),
(66, 2),
(67, 2),
(68, 2),
(69, 2),
(70, 2),
(71, 2),
(72, 2),
(73, 2),
(74, 2),
(75, 2),
(76, 2),
(77, 2),
(78, 2),
(79, 2),
(80, 2),
(81, 2),
(82, 2),
(83, 2),
(84, 2),
(85, 2),
(86, 2),
(87, 2),
(88, 2),
(89, 2),
(90, 2),
(91, 2),
(92, 2),
(93, 2),
(94, 2),
(95, 2),
(96, 2),
(97, 2),
(98, 2),
(99, 2),
(100, 2),
(101, 2),
(102, 2),
(103, 2),
(104, 2),
(105, 2),
(106, 2),
(107, 2),
(108, 2),
(109, 2),
(110, 2),
(111, 2),
(112, 2),
(113, 2),
(114, 2),
(115, 2),
(116, 2),
(117, 2),
(118, 2),
(119, 2),
(120, 2),
(121, 2),
(122, 2),
(123, 2),
(124, 2),
(125, 2),
(126, 2),
(127, 2),
(128, 2),
(129, 2),
(130, 2),
(131, 2),
(132, 2),
(133, 2),
(134, 2),
(135, 2),
(136, 2),
(137, 2),
(138, 2),
(139, 2),
(140, 2),
(141, 2),
(142, 2),
(143, 2),
(144, 2),
(145, 2),
(146, 2),
(147, 2),
(148, 2),
(149, 2),
(150, 2),
(151, 2),
(152, 2),
(153, 2),
(154, 2),
(155, 2),
(156, 2),
(157, 2),
(158, 2),
(159, 2),
(160, 2),
(161, 2),
(162, 2),
(163, 2),
(164, 2),
(165, 2),
(166, 2),
(167, 2),
(168, 2),
(169, 2),
(170, 2),
(171, 2),
(172, 2),
(173, 2),
(174, 2),
(175, 2),
(176, 2),
(177, 2),
(178, 2),
(179, 2),
(180, 2),
(181, 2),
(182, 2),
(183, 2),
(184, 2),
(185, 2),
(186, 2),
(187, 2),
(188, 2),
(189, 2),
(190, 2),
(191, 2),
(192, 2),
(193, 2),
(194, 2),
(195, 2),
(196, 2),
(197, 2),
(198, 2),
(199, 2),
(200, 2),
(201, 2),
(202, 2),
(203, 2),
(204, 2),
(205, 2),
(206, 2),
(207, 2),
(208, 2),
(209, 2),
(210, 2),
(211, 2),
(212, 2),
(213, 2),
(214, 2),
(215, 2),
(216, 2),
(217, 2),
(218, 2),
(219, 2),
(220, 2),
(221, 2),
(222, 2),
(223, 2),
(224, 2),
(225, 2),
(226, 2),
(227, 2),
(228, 2),
(229, 2),
(230, 2),
(231, 2),
(232, 2),
(233, 2),
(234, 2),
(238, 2),
(239, 2),
(240, 2),
(241, 2),
(242, 2),
(243, 2),
(244, 2),
(245, 2),
(246, 2),
(247, 2),
(248, 2),
(249, 2),
(250, 2),
(252, 2),
(253, 2),
(254, 2),
(255, 2),
(256, 2),
(257, 2),
(258, 2),
(259, 2),
(260, 2),
(261, 2),
(262, 2),
(263, 2),
(264, 2),
(265, 2),
(266, 2),
(267, 2),
(268, 2),
(269, 2),
(270, 2),
(271, 2),
(272, 2),
(273, 2),
(274, 2),
(275, 2),
(276, 2),
(277, 2),
(278, 2),
(279, 2),
(280, 2),
(281, 2),
(282, 2),
(283, 2),
(284, 2),
(285, 2),
(286, 2),
(287, 2),
(288, 2),
(289, 2),
(290, 2),
(291, 2),
(292, 2),
(293, 2),
(294, 2),
(295, 2),
(296, 2),
(297, 2),
(298, 2),
(299, 2),
(300, 2),
(301, 2),
(302, 2),
(23, 3),
(27, 3),
(39, 3),
(123, 3),
(124, 3),
(125, 3),
(126, 3),
(128, 3),
(132, 3),
(150, 3),
(154, 3),
(159, 3),
(43, 4),
(47, 4),
(59, 4),
(123, 4),
(124, 4),
(125, 4),
(126, 4),
(128, 4),
(132, 4),
(150, 4),
(154, 4),
(159, 4),
(83, 5),
(87, 5),
(91, 5),
(99, 5),
(100, 5),
(101, 5),
(102, 5),
(123, 5),
(150, 5),
(154, 5),
(159, 5),
(7, 6),
(11, 6),
(19, 6),
(20, 6),
(21, 6),
(22, 6),
(123, 6),
(150, 6),
(154, 6),
(159, 6),
(63, 7),
(67, 7),
(75, 7),
(76, 7),
(77, 7),
(78, 7),
(123, 7),
(150, 7),
(154, 7),
(159, 7),
(103, 8),
(107, 8),
(150, 8),
(154, 8),
(159, 8),
(3, 9),
(115, 10),
(116, 10),
(117, 10),
(118, 10),
(150, 10),
(154, 10),
(159, 10),
(163, 11),
(243, 11),
(244, 11),
(245, 11),
(246, 11),
(248, 11),
(249, 11),
(250, 11),
(252, 11),
(253, 11),
(254, 11),
(255, 11),
(256, 11),
(257, 11),
(258, 11),
(259, 11),
(260, 11),
(261, 11),
(262, 11),
(263, 11),
(264, 11),
(265, 11),
(266, 11),
(267, 11),
(268, 11),
(269, 11),
(270, 11),
(271, 11),
(272, 11),
(273, 11),
(274, 11),
(276, 11),
(277, 11),
(278, 11),
(280, 11),
(281, 11),
(282, 11),
(284, 11),
(285, 11),
(286, 11);

-- --------------------------------------------------------

--
-- Table structure for table `services`
--

CREATE TABLE `services` (
  `id` bigint UNSIGNED NOT NULL,
  `slug` varchar(191) COLLATE utf8mb4_unicode_ci NOT NULL,
  `name` varchar(191) COLLATE utf8mb4_unicode_ci NOT NULL,
  `description` longtext COLLATE utf8mb4_unicode_ci,
  `duration_min` double(8,2) NOT NULL DEFAULT '15.00',
  `default_price` double(8,2) NOT NULL DEFAULT '0.00',
  `type` varchar(191) COLLATE utf8mb4_unicode_ci DEFAULT NULL,
  `status` tinyint(1) NOT NULL DEFAULT '1',
  `category_id` bigint UNSIGNED NOT NULL,
  `sub_category_id` bigint UNSIGNED DEFAULT NULL,
  `created_by` int UNSIGNED DEFAULT NULL,
  `updated_by` int UNSIGNED DEFAULT NULL,
  `deleted_by` int UNSIGNED DEFAULT NULL,
  `created_at` timestamp NULL DEFAULT NULL,
  `updated_at` timestamp NULL DEFAULT NULL,
  `deleted_at` timestamp NULL DEFAULT NULL
) ENGINE=InnoDB DEFAULT CHARSET=utf8mb4 COLLATE=utf8mb4_unicode_ci;

--
-- Dumping data for table `services`
--

INSERT INTO `services` (`id`, `slug`, `name`, `description`, `duration_min`, `default_price`, `type`, `status`, `category_id`, `sub_category_id`, `created_by`, `updated_by`, `deleted_by`, `created_at`, `updated_at`, `deleted_at`) VALUES
(1, 'routine-check-ups-and-examinations', 'Routine check-ups and examinations', 'Routine check-ups and examinations', 35.00, 12.00, 'veterinary', 1, 1, NULL, NULL, NULL, NULL, '2024-12-20 08:47:35', '2024-12-20 08:47:35', NULL),
(2, 'vaccinations-and-preventive-care', 'Vaccinations and preventive care', 'Vaccinations and preventive care', 25.00, 10.00, 'veterinary', 1, 1, NULL, NULL, NULL, NULL, '2024-12-20 08:47:35', '2024-12-20 08:47:35', NULL),
(3, 'parasite-control-and-prevention', 'Parasite control and prevention', 'Parasite control and prevention', 30.00, 16.00, 'veterinary', 1, 1, NULL, NULL, NULL, NULL, '2024-12-20 08:47:36', '2024-12-20 08:47:36', NULL),
(4, 'nutrition-and-diet-counseling', 'Nutrition and diet counseling', 'Nutrition and diet counseling', 20.00, 20.00, 'veterinary', 1, 1, NULL, NULL, NULL, NULL, '2024-12-20 08:47:36', '2024-12-20 08:47:36', NULL),
(5, '247-emergency-services', '24/7 Emergency Services', '24/7 Emergency Services', 40.00, 30.00, 'veterinary', 1, 2, NULL, NULL, NULL, NULL, '2024-12-20 08:47:36', '2024-12-20 08:47:36', NULL),
(6, 'immediate-medical-attention-for-serious-injuries-or-illnesses', 'Immediate Medical Attention For Serious Injuries or Illnesses', 'Immediate medical attention for serious injuries or illnesses', 56.00, 40.00, 'veterinary', 1, 2, NULL, NULL, NULL, NULL, '2024-12-20 08:47:40', '2024-12-20 08:47:40', NULL),
(7, 'intensive-care-and-monitoring-for-critical-cases', 'intensive Care and Monitoring for Critical Cases', 'Intensive care and monitoring for critical cases', 30.00, 35.00, 'veterinary', 1, 2, NULL, NULL, NULL, NULL, '2024-12-20 08:47:40', '2024-12-20 08:47:40', NULL),
(8, 'routine-spaying-and-neutering', 'Routine Spaying and Neutering', 'Routine spaying and neutering', 20.00, 23.00, 'veterinary', 1, 3, NULL, NULL, NULL, NULL, '2024-12-20 08:47:40', '2024-12-20 08:47:40', NULL),
(9, 'soft-tissue-surgery', 'Soft Tissue Surgery', 'Soft tissue surgery', 55.00, 35.00, 'veterinary', 1, 3, NULL, NULL, NULL, NULL, '2024-12-20 08:47:40', '2024-12-20 08:47:40', NULL),
(10, 'orthopedic-surgery', 'Orthopedic Surgery', 'Orthopedic surgery', 50.00, 40.00, 'veterinary', 1, 3, NULL, NULL, NULL, NULL, '2024-12-20 08:47:41', '2024-12-20 08:47:41', NULL),
(11, 'dental-check-ups-and-cleanings', 'Dental Check Ups and Cleanings', 'Dental check-ups and cleanings', 10.00, 20.00, 'veterinary', 1, 4, NULL, NULL, NULL, NULL, '2024-12-20 08:47:41', '2024-12-20 08:47:41', NULL),
(12, 'tooth-extractions-and-oral-surgeries', 'Tooth Extractions and Oral Surgeries', 'Tooth extractions and oral surgeries', 20.00, 30.00, 'veterinary', 1, 4, NULL, NULL, NULL, NULL, '2024-12-20 08:47:41', '2024-12-20 08:47:41', NULL),
(13, 'dental-disease-treatment-and-prevention', 'Dental Disease Treatment and Prevention', 'Dental disease treatment and prevention', 30.00, 40.00, 'veterinary', 1, 4, NULL, NULL, NULL, NULL, '2024-12-20 08:47:41', '2024-12-20 08:47:41', NULL),
(14, 'eye-examinations-and-diagnostics', 'Eye Examinations and Diagnostics', 'Eye examinations and diagnostics', 40.00, 25.00, 'veterinary', 1, 5, NULL, NULL, NULL, NULL, '2024-12-20 08:47:41', '2024-12-20 08:47:41', NULL),
(15, 'treatment-of-eye-infections-and-conditions', 'Treatment of Eye Infections and Conditions', 'Treatment of eye infections and conditions', 25.00, 35.00, 'veterinary', 1, 5, NULL, NULL, NULL, NULL, '2024-12-20 08:47:41', '2024-12-20 08:47:41', NULL),
(16, 'heart-health-assessment', 'Heart Health Assessment', 'Heart health assessment', 15.00, 30.00, 'veterinary', 1, 6, NULL, NULL, NULL, NULL, '2024-12-20 08:47:41', '2024-12-20 08:47:41', NULL),
(17, 'diagnosis-and-management-of-heart-diseases', 'Diagnosis and Management of Heart Diseases', 'Diagnosis and management of heart diseases', 25.00, 40.00, 'veterinary', 1, 6, NULL, NULL, NULL, NULL, '2024-12-20 08:47:42', '2024-12-20 08:47:42', NULL),
(18, 'diagnosis-and-treatment-of-neurological-disorders', 'Diagnosis and Treatment of Neurological Disorders', 'Diagnosis and treatment of neurological disorders', 20.00, 16.00, 'veterinary', 1, 7, NULL, NULL, NULL, NULL, '2024-12-20 08:47:42', '2024-12-20 08:47:42', NULL),
(19, 'seizure-management', 'Seizure Management', 'Seizure management', 35.00, 10.00, 'veterinary', 1, 7, NULL, NULL, NULL, NULL, '2024-12-20 08:47:42', '2024-12-20 08:47:42', NULL),
(20, 'breeding-management-and-fertility-testing', 'Breeding Management and Fertility Testing', 'Breeding management and fertility testing', 45.00, 20.00, 'veterinary', 1, 8, NULL, NULL, NULL, NULL, '2024-12-20 08:47:42', '2024-12-20 08:47:42', NULL),
(21, 'pregnancy-and-birthing-assistance', 'Pregnancy and Birthing Assistance', 'Pregnancy and birthing assistance', 25.00, 35.00, 'veterinary', 1, 8, NULL, NULL, NULL, NULL, '2024-12-20 08:47:42', '2024-12-20 08:47:42', NULL),
(22, 'x-rays-and-ultrasounds-for-diagnostic-purposes', 'X-rays and Ultrasounds for Diagnostic Purposes', 'X-rays and ultrasounds for diagnostic purposes', 40.00, 40.00, 'veterinary', 1, 9, NULL, NULL, NULL, NULL, '2024-12-20 08:47:42', '2024-12-20 08:47:42', NULL),
(23, 'advanced-imaging', 'Advanced Imaging', 'Advanced imaging', 20.00, 20.00, 'veterinary', 1, 9, NULL, NULL, NULL, NULL, '2024-12-20 08:47:43', '2024-12-20 08:47:43', NULL),
(24, 'medicated-bath', 'Medicated Bath', 'Specialized baths for pets with skin conditions or allergies', 20.00, 10.00, 'grooming', 1, 10, NULL, NULL, NULL, NULL, '2024-12-20 08:47:43', '2024-12-20 08:47:43', NULL),
(25, 'waterless-bath', 'Waterless Bath', 'Cleaning without the need for water, suitable for certain situations or pets', 30.00, 20.00, 'grooming', 1, 10, NULL, NULL, NULL, NULL, '2024-12-20 08:47:43', '2024-12-20 08:47:43', NULL),
(26, 'flea-and-tick-bath', 'Flea and Tick Bath', 'Targeted treatment to eliminate fleas and ticks.', 40.00, 30.00, 'grooming', 1, 10, NULL, NULL, NULL, NULL, '2024-12-20 08:47:43', '2024-12-20 08:47:43', NULL),
(27, 'moisturizing-bath', 'Moisturizing Bath', 'Nourishing the skin and coat with added moisture', 50.00, 20.00, 'grooming', 1, 10, NULL, NULL, NULL, NULL, '2024-12-20 08:47:43', '2024-12-20 08:47:43', NULL),
(28, 'paw-and-foot-soak', 'Paw and Foot Soak', 'Soothing bath to clean and moisturize paws and feet', 20.00, 42.00, 'grooming', 1, 10, NULL, NULL, NULL, NULL, '2024-12-20 08:47:43', '2024-12-20 08:47:43', NULL),
(29, 'ear-cleaning-and-plucking', 'Ear Cleaning and Plucking', 'Gentle cleaning and removal of excess hair from the ears', 30.00, 53.00, 'grooming', 1, 10, NULL, NULL, NULL, NULL, '2024-12-20 08:47:44', '2024-12-20 08:47:44', NULL),
(30, 'brush-out-before-bath', 'Brush-Out Before Bath', 'Removing tangles and mats from the fur before bathing', 35.00, 16.00, 'grooming', 1, 10, NULL, NULL, NULL, NULL, '2024-12-20 08:47:44', '2024-12-20 08:47:44', NULL),
(31, 'hypoallergenic-bathh', 'Hypoallergenic Bathh', 'Gentle bath for sensitive-skinned or allergy-prone pets', 40.00, 18.00, 'grooming', 1, 10, NULL, NULL, NULL, NULL, '2024-12-20 08:47:44', '2024-12-20 08:47:44', NULL),
(32, 'full-body-hair-trimming', 'Full Body Hair Trimming', 'Trimming and shaping the pet’s fur for a neat appearance', 50.00, 20.00, 'grooming', 1, 11, NULL, NULL, NULL, NULL, '2024-12-20 08:47:44', '2024-12-20 08:47:44', NULL),
(33, 'breed-specific-styling', 'Breed Specific Styling', 'Grooming according to the specific requirements and standards of the breed', 40.00, 30.00, 'grooming', 1, 11, NULL, NULL, NULL, NULL, '2024-12-20 08:47:44', '2024-12-20 08:47:44', NULL),
(34, 'face-and-head-styling', 'Face and Head Styling', 'Trimming around the face, ears, and head for a polished look', 30.00, 35.00, 'grooming', 1, 11, NULL, NULL, NULL, NULL, '2024-12-20 08:47:44', '2024-12-20 08:47:44', NULL),
(35, 'tail-trimming', 'Tail Trimming', 'Grooming and shaping the tail to enhance its appearance', 20.00, 10.00, 'grooming', 1, 11, NULL, NULL, NULL, NULL, '2024-12-20 08:47:44', '2024-12-20 08:47:44', NULL),
(36, 'feathering-and-blending', 'Feathering and Blending', 'Creating a smooth transition between different fur lengths', 40.00, 35.00, 'grooming', 1, 11, NULL, NULL, NULL, NULL, '2024-12-20 08:47:45', '2024-12-20 08:47:45', NULL),
(37, 'post-grooming-accessories', 'Post-Grooming Accessories', 'Optional bandanas, bows, or ribbons for added flair', 50.00, 26.00, 'grooming', 1, 11, NULL, NULL, NULL, NULL, '2024-12-20 08:47:45', '2024-12-20 08:47:45', NULL),
(38, 'special-occasion-styling', 'Special Occasion Styling', 'Grooming for events, holidays, or special occasions', 20.00, 25.00, 'grooming', 1, 11, NULL, NULL, NULL, NULL, '2024-12-20 08:47:45', '2024-12-20 08:47:45', NULL),
(39, 'hygienic-trims', 'Hygienic Trims', 'Trimming sensitive areas like the sanitary region for cleanliness', 30.00, 35.00, 'grooming', 1, 11, NULL, NULL, NULL, NULL, '2024-12-20 08:47:45', '2024-12-20 08:47:45', NULL),
(40, 'smooth-and-stripping-techniques', 'Smooth and Stripping Techniques', 'Using different techniques based on the pet’s coat type', 35.00, 10.00, 'grooming', 1, 11, NULL, NULL, NULL, NULL, '2024-12-20 08:47:45', '2024-12-20 08:47:45', NULL),
(41, 'professional-groomers', 'Professional Groomers', ' Conducted by trained and experienced pet groomers', 20.00, 20.00, 'grooming', 1, 11, NULL, NULL, NULL, NULL, '2024-12-20 08:47:45', '2024-12-20 08:47:45', NULL),
(42, 'fur-trimming', 'Fur Trimming', 'Trimming excess or overgrown fur to maintain a neat appearance', 30.00, 15.00, 'grooming', 1, 11, NULL, NULL, NULL, NULL, '2024-12-20 08:47:47', '2024-12-20 08:47:47', NULL),
(43, 'coat-curling', 'Coat Curling', 'Enhancing curl patterns in specific breeds', 45.00, 10.00, 'grooming', 1, 11, NULL, NULL, NULL, NULL, '2024-12-20 08:47:50', '2024-12-20 08:47:50', NULL),
(44, 'nail-clipping', 'Nail Clipping', 'Trimming the tips of the pet’s nails to an appropriate length', 30.00, 20.00, 'grooming', 1, 12, NULL, NULL, NULL, NULL, '2024-12-20 08:47:50', '2024-12-20 08:47:50', NULL),
(45, 'nail-filing', 'Nail Filing', 'Smoothing the edges of the nails after clipping', 35.00, 30.00, 'grooming', 1, 12, NULL, NULL, NULL, NULL, '2024-12-20 08:47:50', '2024-12-20 08:47:50', NULL),
(46, 'safety-measures', 'Safety Measures', ' Taking precautions to avoid cutting the quick (sensitive part of the nail)', 20.00, 32.00, 'grooming', 1, 12, NULL, NULL, NULL, NULL, '2024-12-20 08:47:50', '2024-12-20 08:47:50', NULL),
(47, 'nail-grinding', 'Nail Grinding', 'Using a grinder tool to smooth and shorten the nails', 10.00, 15.00, 'grooming', 1, 12, NULL, NULL, NULL, NULL, '2024-12-20 08:47:50', '2024-12-20 08:47:50', NULL),
(48, 'ear-wax-removal', 'Ear Wax Removal', 'Gently and safely removing excess wax from the ear canal to improve ear health', 50.00, 50.00, 'grooming', 1, 13, NULL, NULL, NULL, NULL, '2024-12-20 08:47:51', '2024-12-20 08:47:51', NULL),
(49, 'cleaning-solution', 'Cleaning Solution', 'Using a veterinarian-approved ear cleaning solution to dissolve debris and dirt', 20.00, 10.00, 'grooming', 1, 13, NULL, NULL, NULL, NULL, '2024-12-20 08:47:51', '2024-12-20 08:47:51', NULL),
(50, 'cotton-ball-application', 'Cotton Ball Application', 'Using soft cotton balls to clean the outer ear and remove any remaining cleaning solution', 30.00, 20.00, 'grooming', 1, 13, NULL, NULL, NULL, NULL, '2024-12-20 08:47:52', '2024-12-20 08:47:52', NULL),
(51, 'ear-massage', 'Ear Massage', 'Gentle massaging of the base of the ear to help distribute the cleaning solution and promote blood circulation.', 35.00, 30.00, 'grooming', 1, 13, NULL, NULL, NULL, NULL, '2024-12-20 08:47:52', '2024-12-20 08:47:52', NULL),
(52, 'drying-ear-cleaning', 'Drying Ear Cleaning', 'Ensuring the ears are completely dry after cleaning to prevent moisture-related problems', 20.00, 40.00, 'grooming', 1, 13, NULL, NULL, NULL, NULL, '2024-12-20 08:47:52', '2024-12-20 08:47:52', NULL),
(53, 'ear-hair-trimming', 'Ear Hair Trimming', 'Carefully trimming excessive hair around the ear canal entrance to reduce the risk of dirt and debris accumulation', 30.00, 25.00, 'grooming', 1, 13, NULL, NULL, NULL, NULL, '2024-12-20 08:47:52', '2024-12-20 08:47:52', NULL),
(54, 'brushing', 'Brushing', 'Thorough brushing of your pet’s coat to remove loose hair and tangles, promoting a healthy and shiny coat', 30.00, 32.00, 'grooming', 1, 14, NULL, NULL, NULL, NULL, '2024-12-20 08:47:52', '2024-12-20 08:47:52', NULL),
(55, 'de-shedding-treatment', 'De-Shedding Treatment', 'Specialized techniques and tools used to reduce shedding, especially during seasonal changes', 35.00, 42.00, 'grooming', 1, 14, NULL, NULL, NULL, NULL, '2024-12-20 08:47:53', '2024-12-20 08:47:53', NULL),
(56, 'undercoat-removal', 'Undercoat Removal', 'Focused removal of the dense undercoat to minimize shedding and prevent matting', 20.00, 14.00, 'grooming', 1, 14, NULL, NULL, NULL, NULL, '2024-12-20 08:47:53', '2024-12-20 08:47:53', NULL),
(57, 'furminator', 'Furminator', 'Utilizing Furminator tools to efficiently remove loose hair and reduce shedding’', 10.00, 16.00, 'grooming', 1, 14, NULL, NULL, NULL, NULL, '2024-12-20 08:47:53', '2024-12-20 08:47:53', NULL),
(58, 'de-matting', 'De-Matting', 'Gently detangling and removing mats in your pet’s fur to prevent discomfort and skin issues', 20.00, 25.00, 'grooming', 1, 14, NULL, NULL, NULL, NULL, '2024-12-20 08:47:53', '2024-12-20 08:47:53', NULL),
(59, 'coat-conditioning', 'Coat Conditioning', 'Applying conditioning products to improve coat health and texture', 40.00, 35.00, 'grooming', 1, 14, NULL, NULL, NULL, NULL, '2024-12-20 08:47:53', '2024-12-20 08:47:53', NULL),
(60, 'shedding-control-shampoos', 'Shedding Control Shampoos', 'Using specialized shampoos that reduce shedding and promote a healthy coat', 20.00, 40.00, 'grooming', 1, 14, NULL, NULL, NULL, NULL, '2024-12-20 08:47:53', '2024-12-20 08:47:53', NULL),
(61, 'paw-pad-cleaning', 'Paw Pad Cleaning', 'Thorough and gentle cleaning of your pet’s paw pads to ensure hygiene and comfort', 20.00, 20.00, 'grooming', 1, 15, NULL, NULL, NULL, NULL, '2024-12-20 08:47:54', '2024-12-20 08:47:54', NULL),
(62, 'paw-fur-trimming', 'Paw Fur Trimming', 'Trimming excess fur around the paws for cleanliness and comfort', 10.00, 40.00, 'grooming', 1, 15, NULL, NULL, NULL, NULL, '2024-12-20 08:47:54', '2024-12-20 08:47:54', NULL),
(63, 'moisturizing-on-paw-pad', 'Moisturizing On Paw Pad', 'Applying pet-safe moisturizers to prevent dryness and cracking', 20.00, 25.00, 'grooming', 1, 15, NULL, NULL, NULL, NULL, '2024-12-20 08:47:54', '2024-12-20 08:47:54', NULL),
(64, 'paw-massage', 'Paw Massage', 'Massaging paw pads to improve circulation and comfort', 30.00, 35.00, 'grooming', 1, 15, NULL, NULL, NULL, NULL, '2024-12-20 08:47:54', '2024-12-20 08:47:54', NULL),
(65, 'paw-pad-protection', 'Paw Pad Protection', 'Applying protective balms for extreme weather conditions', 35.00, 40.00, 'grooming', 1, 15, NULL, NULL, NULL, NULL, '2024-12-20 08:47:54', '2024-12-20 08:47:54', NULL),
(66, 'paw-pad-exfoliation', 'Paw Pad Exfoliation', 'Removing dead skin cells to promote healthy pads', 20.00, 30.00, 'grooming', 1, 15, NULL, NULL, NULL, NULL, '2024-12-20 08:47:54', '2024-12-20 08:47:54', NULL),
(67, 'paw-pad-pawdicure', 'Paw Pad Pawdicure', 'Complete grooming with trimming and polishing nails', 40.00, 50.00, 'grooming', 1, 15, NULL, NULL, NULL, NULL, '2024-12-20 08:47:54', '2024-12-20 08:47:54', NULL),
(68, 'multi-color-designs', 'Multi-Color Designs', 'Creating multi-colored patterns for a vibrant look', 50.00, 14.00, 'grooming', 1, 16, NULL, NULL, NULL, NULL, '2024-12-20 08:47:55', '2024-12-20 08:47:55', NULL),
(69, 'safe-and-non-toxic-dyes', 'Safe and Non-Toxic Dyes', 'Using only pet-safe coloring products for fur', 40.00, 16.00, 'grooming', 1, 16, NULL, NULL, NULL, NULL, '2024-12-20 08:47:55', '2024-12-20 08:47:55', NULL),
(70, 'temporary-color', 'Temporary Color', 'Offering temporary colors that wash out over time', 30.00, 25.00, 'grooming', 1, 16, NULL, NULL, NULL, NULL, '2024-12-20 08:47:59', '2024-12-20 08:47:59', NULL),
(71, 'custom-designs', 'Custom Designs', 'Creating unique patterns and designs for fur coloring', 20.00, 35.00, 'grooming', 1, 16, NULL, NULL, NULL, NULL, '2024-12-20 08:47:59', '2024-12-20 08:47:59', NULL),
(72, 'creative-themes', 'Creative Themes', 'Applying colors for special occasions or holidays', 40.00, 40.00, 'grooming', 1, 16, NULL, NULL, NULL, NULL, '2024-12-20 08:47:59', '2024-12-20 08:47:59', NULL),
(73, 'single-color-application', 'Single Color Application', 'Applying a single color to the pet’s fur', 50.00, 30.00, 'grooming', 1, 16, NULL, NULL, NULL, NULL, '2024-12-20 08:47:59', '2024-12-20 08:47:59', NULL),
(74, 'pet-friendly-coloring-process', 'Pet-Friendly Coloring Process', 'Utilizing techniques that minimize stress', 20.00, 50.00, 'grooming', 1, 16, NULL, NULL, NULL, NULL, '2024-12-20 08:47:59', '2024-12-20 08:47:59', NULL),
(75, 'gentle-color-removal', 'Gentle Color Removal', 'Safely removing colors when desired', 30.00, 10.00, 'grooming', 1, 16, NULL, NULL, NULL, NULL, '2024-12-20 08:48:00', '2024-12-20 08:48:00', NULL),
(76, 'relaxation-massage', 'Relaxation Massage', 'Gentle strokes to promote relaxation and reduce stress', 10.00, 16.00, 'grooming', 1, 17, NULL, NULL, NULL, NULL, '2024-12-20 08:48:00', '2024-12-20 08:48:00', NULL),
(77, 'muscle-tension-relief', 'Muscle Tension Relief', 'Targeted massage to release muscle tension and knots', 40.00, 40.00, 'grooming', 1, 17, NULL, NULL, NULL, NULL, '2024-12-20 08:48:00', '2024-12-20 08:48:00', NULL),
(78, 'relaxing-aromatherapy', 'Relaxing Aromatherapy', 'Incorporating calming scents to enhance the massage experience', 35.00, 25.00, 'grooming', 1, 17, NULL, NULL, NULL, NULL, '2024-12-20 08:48:00', '2024-12-20 08:48:00', NULL),
(79, 'circulation-enhancement', 'Circulation Enhancement', 'Massage to promote better blood flow and circulation', 25.00, 28.00, 'grooming', 1, 17, NULL, NULL, NULL, NULL, '2024-12-20 08:48:00', '2024-12-20 08:48:00', NULL),
(80, 'pain-management', 'Pain Management', 'Specialized massage for pets with chronic pain or discomfort', 50.00, 35.00, 'grooming', 1, 17, NULL, NULL, NULL, NULL, '2024-12-20 08:48:01', '2024-12-20 08:48:01', NULL),
(81, 'rehabilitation-support', 'Rehabilitation Support', 'Massage as part of a comprehensive rehab program', 45.00, 30.00, 'grooming', 1, 17, NULL, NULL, NULL, NULL, '2024-12-20 08:48:01', '2024-12-20 08:48:01', NULL),
(82, 'anxiety-and-stress-reduction', 'Anxiety and Stress Reduction', 'Calming massage for anxious or nervous pets', 40.00, 20.00, 'grooming', 1, 17, NULL, NULL, NULL, NULL, '2024-12-20 08:48:01', '2024-12-20 08:48:01', NULL),
(83, 'athletic-performance-support', 'Athletic Performance Support', 'Massage for active or athletic pets to prevent injuries', 35.00, 30.00, 'grooming', 1, 17, NULL, NULL, NULL, NULL, '2024-12-20 08:48:01', '2024-12-20 08:48:01', NULL),
(84, 'coat-and-skin-health-improve-massage', 'Coat and Skin Health Improve Massage', 'Massage to improve coat condition and skin health', 30.00, 40.00, 'grooming', 1, 17, NULL, NULL, NULL, NULL, '2024-12-20 08:48:01', '2024-12-20 08:48:01', NULL),
(85, 'whimsical-color-designs', 'Whimsical Color Designs', 'Safe and pet-friendly hair coloring with vibrant and creative patterns', 45.00, 20.00, 'grooming', 1, 18, NULL, NULL, NULL, NULL, '2024-12-20 08:48:02', '2024-12-20 08:48:02', NULL),
(86, 'paw-dicure-art', 'Paw-dicure Art', 'Nails painted with pet-safe polish in artistic and fun designs', 40.00, 10.00, 'grooming', 1, 18, NULL, NULL, NULL, NULL, '2024-12-20 08:48:02', '2024-12-20 08:48:02', NULL),
(87, 'feather-extensions', 'Feather Extensions', 'Non-toxic feather extensions added to fur for a boho-chic style', 30.00, 32.00, 'grooming', 1, 18, NULL, NULL, NULL, NULL, '2024-12-20 08:48:02', '2024-12-20 08:48:02', NULL),
(88, 'mohawk-styling-hair-cut', 'Mohawk Styling Hair Cut', 'Fun and stylish mohawk haircuts for pets with adventurous personalities', 25.00, 30.00, 'grooming', 1, 18, NULL, NULL, NULL, NULL, '2024-12-20 08:48:02', '2024-12-20 08:48:02', NULL),
(89, 'costume-grooming', 'Costume Grooming', 'Grooming to resemble a favorite character or theme for special occasions', 35.00, 16.00, 'grooming', 1, 18, NULL, NULL, NULL, NULL, '2024-12-20 08:48:02', '2024-12-20 08:48:02', NULL),
(90, 'pet-nutrition-consultation', 'Pet Nutrition Consultation', 'Healthy Dog Feeding Guide', 30.00, 90.00, 'video-consultancy', 1, 19, NULL, NULL, NULL, NULL, '2024-12-20 08:48:02', '2024-12-20 08:48:02', NULL),
(91, 'behavioral-consultation', 'Behavioral Consultation', '', 30.00, 90.00, 'video-consultancy', 1, 19, NULL, NULL, NULL, NULL, '2024-12-20 08:48:03', '2024-12-20 08:48:03', NULL);

-- --------------------------------------------------------

--
-- Table structure for table `service_branches`
--

CREATE TABLE `service_branches` (
  `id` bigint UNSIGNED NOT NULL,
  `service_id` bigint UNSIGNED NOT NULL,
  `branch_id` bigint UNSIGNED NOT NULL,
  `service_price` double NOT NULL DEFAULT '0',
  `duration_min` double NOT NULL DEFAULT '0',
  `created_by` int UNSIGNED DEFAULT NULL,
  `updated_by` int UNSIGNED DEFAULT NULL,
  `deleted_by` int UNSIGNED DEFAULT NULL,
  `created_at` timestamp NULL DEFAULT NULL,
  `updated_at` timestamp NULL DEFAULT NULL,
  `deleted_at` timestamp NULL DEFAULT NULL
) ENGINE=InnoDB DEFAULT CHARSET=utf8mb4 COLLATE=utf8mb4_unicode_ci;

--
-- Dumping data for table `service_branches`
--

INSERT INTO `service_branches` (`id`, `service_id`, `branch_id`, `service_price`, `duration_min`, `created_by`, `updated_by`, `deleted_by`, `created_at`, `updated_at`, `deleted_at`) VALUES
(1, 1, 1, 12, 35, NULL, NULL, NULL, '2024-12-20 08:47:35', '2024-12-20 08:47:35', NULL),
(2, 2, 1, 10, 25, NULL, NULL, NULL, '2024-12-20 08:47:36', '2024-12-20 08:47:36', NULL),
(3, 3, 1, 16, 30, NULL, NULL, NULL, '2024-12-20 08:47:36', '2024-12-20 08:47:36', NULL),
(4, 4, 1, 20, 20, NULL, NULL, NULL, '2024-12-20 08:47:36', '2024-12-20 08:47:36', NULL),
(5, 5, 1, 30, 40, NULL, NULL, NULL, '2024-12-20 08:47:36', '2024-12-20 08:47:36', NULL),
(6, 6, 1, 40, 56, NULL, NULL, NULL, '2024-12-20 08:47:40', '2024-12-20 08:47:40', NULL),
(7, 7, 1, 35, 30, NULL, NULL, NULL, '2024-12-20 08:47:40', '2024-12-20 08:47:40', NULL),
(8, 8, 1, 23, 20, NULL, NULL, NULL, '2024-12-20 08:47:40', '2024-12-20 08:47:40', NULL),
(9, 9, 1, 35, 55, NULL, NULL, NULL, '2024-12-20 08:47:41', '2024-12-20 08:47:41', NULL),
(10, 10, 1, 40, 50, NULL, NULL, NULL, '2024-12-20 08:47:41', '2024-12-20 08:47:41', NULL),
(11, 11, 1, 20, 10, NULL, NULL, NULL, '2024-12-20 08:47:41', '2024-12-20 08:47:41', NULL),
(12, 12, 1, 30, 20, NULL, NULL, NULL, '2024-12-20 08:47:41', '2024-12-20 08:47:41', NULL),
(13, 13, 1, 40, 30, NULL, NULL, NULL, '2024-12-20 08:47:41', '2024-12-20 08:47:41', NULL),
(14, 14, 1, 25, 40, NULL, NULL, NULL, '2024-12-20 08:47:41', '2024-12-20 08:47:41', NULL),
(15, 15, 1, 35, 25, NULL, NULL, NULL, '2024-12-20 08:47:41', '2024-12-20 08:47:41', NULL),
(16, 16, 1, 30, 15, NULL, NULL, NULL, '2024-12-20 08:47:42', '2024-12-20 08:47:42', NULL),
(17, 17, 1, 40, 25, NULL, NULL, NULL, '2024-12-20 08:47:42', '2024-12-20 08:47:42', NULL),
(18, 18, 1, 16, 20, NULL, NULL, NULL, '2024-12-20 08:47:42', '2024-12-20 08:47:42', NULL),
(19, 19, 1, 10, 35, NULL, NULL, NULL, '2024-12-20 08:47:42', '2024-12-20 08:47:42', NULL),
(20, 20, 1, 20, 45, NULL, NULL, NULL, '2024-12-20 08:47:42', '2024-12-20 08:47:42', NULL),
(21, 21, 1, 35, 25, NULL, NULL, NULL, '2024-12-20 08:47:42', '2024-12-20 08:47:42', NULL),
(22, 22, 1, 40, 40, NULL, NULL, NULL, '2024-12-20 08:47:42', '2024-12-20 08:47:42', NULL),
(23, 23, 1, 20, 20, NULL, NULL, NULL, '2024-12-20 08:47:43', '2024-12-20 08:47:43', NULL),
(24, 24, 1, 10, 20, NULL, NULL, NULL, '2024-12-20 08:47:43', '2024-12-20 08:47:43', NULL),
(25, 25, 1, 20, 30, NULL, NULL, NULL, '2024-12-20 08:47:43', '2024-12-20 08:47:43', NULL),
(26, 26, 1, 30, 40, NULL, NULL, NULL, '2024-12-20 08:47:43', '2024-12-20 08:47:43', NULL),
(27, 27, 1, 20, 50, NULL, NULL, NULL, '2024-12-20 08:47:43', '2024-12-20 08:47:43', NULL),
(28, 28, 1, 42, 20, NULL, NULL, NULL, '2024-12-20 08:47:43', '2024-12-20 08:47:43', NULL),
(29, 29, 1, 53, 30, NULL, NULL, NULL, '2024-12-20 08:47:44', '2024-12-20 08:47:44', NULL),
(30, 30, 1, 16, 35, NULL, NULL, NULL, '2024-12-20 08:47:44', '2024-12-20 08:47:44', NULL),
(31, 31, 1, 18, 40, NULL, NULL, NULL, '2024-12-20 08:47:44', '2024-12-20 08:47:44', NULL),
(32, 32, 1, 20, 50, NULL, NULL, NULL, '2024-12-20 08:47:44', '2024-12-20 08:47:44', NULL),
(33, 33, 1, 30, 40, NULL, NULL, NULL, '2024-12-20 08:47:44', '2024-12-20 08:47:44', NULL),
(34, 34, 1, 35, 30, NULL, NULL, NULL, '2024-12-20 08:47:44', '2024-12-20 08:47:44', NULL),
(35, 35, 1, 10, 20, NULL, NULL, NULL, '2024-12-20 08:47:45', '2024-12-20 08:47:45', NULL),
(36, 36, 1, 35, 40, NULL, NULL, NULL, '2024-12-20 08:47:45', '2024-12-20 08:47:45', NULL),
(37, 37, 1, 26, 50, NULL, NULL, NULL, '2024-12-20 08:47:45', '2024-12-20 08:47:45', NULL),
(38, 38, 1, 25, 20, NULL, NULL, NULL, '2024-12-20 08:47:45', '2024-12-20 08:47:45', NULL),
(39, 39, 1, 35, 30, NULL, NULL, NULL, '2024-12-20 08:47:45', '2024-12-20 08:47:45', NULL),
(40, 40, 1, 10, 35, NULL, NULL, NULL, '2024-12-20 08:47:45', '2024-12-20 08:47:45', NULL),
(41, 41, 1, 20, 20, NULL, NULL, NULL, '2024-12-20 08:47:46', '2024-12-20 08:47:46', NULL),
(42, 42, 1, 15, 30, NULL, NULL, NULL, '2024-12-20 08:47:50', '2024-12-20 08:47:50', NULL),
(43, 43, 1, 10, 45, NULL, NULL, NULL, '2024-12-20 08:47:50', '2024-12-20 08:47:50', NULL),
(44, 44, 1, 20, 30, NULL, NULL, NULL, '2024-12-20 08:47:50', '2024-12-20 08:47:50', NULL),
(45, 45, 1, 30, 35, NULL, NULL, NULL, '2024-12-20 08:47:50', '2024-12-20 08:47:50', NULL),
(46, 46, 1, 32, 20, NULL, NULL, NULL, '2024-12-20 08:47:50', '2024-12-20 08:47:50', NULL),
(47, 47, 1, 15, 10, NULL, NULL, NULL, '2024-12-20 08:47:50', '2024-12-20 08:47:50', NULL),
(48, 48, 1, 50, 50, NULL, NULL, NULL, '2024-12-20 08:47:51', '2024-12-20 08:47:51', NULL),
(49, 49, 1, 10, 20, NULL, NULL, NULL, '2024-12-20 08:47:52', '2024-12-20 08:47:52', NULL),
(50, 50, 1, 20, 30, NULL, NULL, NULL, '2024-12-20 08:47:52', '2024-12-20 08:47:52', NULL),
(51, 51, 1, 30, 35, NULL, NULL, NULL, '2024-12-20 08:47:52', '2024-12-20 08:47:52', NULL),
(52, 52, 1, 40, 20, NULL, NULL, NULL, '2024-12-20 08:47:52', '2024-12-20 08:47:52', NULL),
(53, 53, 1, 25, 30, NULL, NULL, NULL, '2024-12-20 08:47:52', '2024-12-20 08:47:52', NULL),
(54, 54, 1, 32, 30, NULL, NULL, NULL, '2024-12-20 08:47:53', '2024-12-20 08:47:53', NULL),
(55, 55, 1, 42, 35, NULL, NULL, NULL, '2024-12-20 08:47:53', '2024-12-20 08:47:53', NULL),
(56, 56, 1, 14, 20, NULL, NULL, NULL, '2024-12-20 08:47:53', '2024-12-20 08:47:53', NULL),
(57, 57, 1, 16, 10, NULL, NULL, NULL, '2024-12-20 08:47:53', '2024-12-20 08:47:53', NULL),
(58, 58, 1, 25, 20, NULL, NULL, NULL, '2024-12-20 08:47:53', '2024-12-20 08:47:53', NULL),
(59, 59, 1, 35, 40, NULL, NULL, NULL, '2024-12-20 08:47:53', '2024-12-20 08:47:53', NULL),
(60, 60, 1, 40, 20, NULL, NULL, NULL, '2024-12-20 08:47:53', '2024-12-20 08:47:53', NULL),
(61, 61, 1, 20, 20, NULL, NULL, NULL, '2024-12-20 08:47:54', '2024-12-20 08:47:54', NULL),
(62, 62, 1, 40, 10, NULL, NULL, NULL, '2024-12-20 08:47:54', '2024-12-20 08:47:54', NULL),
(63, 63, 1, 25, 20, NULL, NULL, NULL, '2024-12-20 08:47:54', '2024-12-20 08:47:54', NULL),
(64, 64, 1, 35, 30, NULL, NULL, NULL, '2024-12-20 08:47:54', '2024-12-20 08:47:54', NULL),
(65, 65, 1, 40, 35, NULL, NULL, NULL, '2024-12-20 08:47:54', '2024-12-20 08:47:54', NULL),
(66, 66, 1, 30, 20, NULL, NULL, NULL, '2024-12-20 08:47:54', '2024-12-20 08:47:54', NULL),
(67, 67, 1, 50, 40, NULL, NULL, NULL, '2024-12-20 08:47:55', '2024-12-20 08:47:55', NULL),
(68, 68, 1, 14, 50, NULL, NULL, NULL, '2024-12-20 08:47:55', '2024-12-20 08:47:55', NULL),
(69, 69, 1, 16, 40, NULL, NULL, NULL, '2024-12-20 08:47:59', '2024-12-20 08:47:59', NULL),
(70, 70, 1, 25, 30, NULL, NULL, NULL, '2024-12-20 08:47:59', '2024-12-20 08:47:59', NULL),
(71, 71, 1, 35, 20, NULL, NULL, NULL, '2024-12-20 08:47:59', '2024-12-20 08:47:59', NULL),
(72, 72, 1, 40, 40, NULL, NULL, NULL, '2024-12-20 08:47:59', '2024-12-20 08:47:59', NULL),
(73, 73, 1, 30, 50, NULL, NULL, NULL, '2024-12-20 08:47:59', '2024-12-20 08:47:59', NULL),
(74, 74, 1, 50, 20, NULL, NULL, NULL, '2024-12-20 08:48:00', '2024-12-20 08:48:00', NULL),
(75, 75, 1, 10, 30, NULL, NULL, NULL, '2024-12-20 08:48:00', '2024-12-20 08:48:00', NULL),
(76, 76, 1, 16, 10, NULL, NULL, NULL, '2024-12-20 08:48:00', '2024-12-20 08:48:00', NULL),
(77, 77, 1, 40, 40, NULL, NULL, NULL, '2024-12-20 08:48:00', '2024-12-20 08:48:00', NULL),
(78, 78, 1, 25, 35, NULL, NULL, NULL, '2024-12-20 08:48:00', '2024-12-20 08:48:00', NULL),
(79, 79, 1, 28, 25, NULL, NULL, NULL, '2024-12-20 08:48:01', '2024-12-20 08:48:01', NULL),
(80, 80, 1, 35, 50, NULL, NULL, NULL, '2024-12-20 08:48:01', '2024-12-20 08:48:01', NULL),
(81, 81, 1, 30, 45, NULL, NULL, NULL, '2024-12-20 08:48:01', '2024-12-20 08:48:01', NULL),
(82, 82, 1, 20, 40, NULL, NULL, NULL, '2024-12-20 08:48:01', '2024-12-20 08:48:01', NULL),
(83, 83, 1, 30, 35, NULL, NULL, NULL, '2024-12-20 08:48:01', '2024-12-20 08:48:01', NULL),
(84, 84, 1, 40, 30, NULL, NULL, NULL, '2024-12-20 08:48:02', '2024-12-20 08:48:02', NULL),
(85, 85, 1, 20, 45, NULL, NULL, NULL, '2024-12-20 08:48:02', '2024-12-20 08:48:02', NULL),
(86, 86, 1, 10, 40, NULL, NULL, NULL, '2024-12-20 08:48:02', '2024-12-20 08:48:02', NULL),
(87, 87, 1, 32, 30, NULL, NULL, NULL, '2024-12-20 08:48:02', '2024-12-20 08:48:02', NULL),
(88, 88, 1, 30, 25, NULL, NULL, NULL, '2024-12-20 08:48:02', '2024-12-20 08:48:02', NULL),
(89, 89, 1, 16, 35, NULL, NULL, NULL, '2024-12-20 08:48:02', '2024-12-20 08:48:02', NULL),
(90, 90, 1, 90, 30, NULL, NULL, NULL, '2024-12-20 08:48:03', '2024-12-20 08:48:03', NULL),
(91, 91, 1, 90, 30, NULL, NULL, NULL, '2024-12-20 08:48:03', '2024-12-20 08:48:03', NULL);

-- --------------------------------------------------------

--
-- Table structure for table `service_categories`
--

CREATE TABLE `service_categories` (
  `id` bigint UNSIGNED NOT NULL,
  `slug` varchar(191) COLLATE utf8mb4_unicode_ci NOT NULL DEFAULT '1',
  `name` varchar(191) COLLATE utf8mb4_unicode_ci NOT NULL,
  `parent_id` bigint UNSIGNED DEFAULT NULL,
  `status` tinyint(1) NOT NULL DEFAULT '1',
  `created_by` int UNSIGNED DEFAULT NULL,
  `updated_by` int UNSIGNED DEFAULT NULL,
  `deleted_by` int UNSIGNED DEFAULT NULL,
  `created_at` timestamp NULL DEFAULT NULL,
  `updated_at` timestamp NULL DEFAULT NULL,
  `deleted_at` timestamp NULL DEFAULT NULL
) ENGINE=InnoDB DEFAULT CHARSET=utf8mb4 COLLATE=utf8mb4_unicode_ci;

-- --------------------------------------------------------

--
-- Table structure for table `service_duration`
--

CREATE TABLE `service_duration` (
  `id` bigint UNSIGNED NOT NULL,
  `duration` varchar(191) COLLATE utf8mb4_unicode_ci NOT NULL DEFAULT '15',
  `price` double(8,2) NOT NULL DEFAULT '0.00',
  `type` varchar(191) COLLATE utf8mb4_unicode_ci DEFAULT NULL,
  `status` tinyint(1) NOT NULL DEFAULT '1',
  `created_by` int UNSIGNED DEFAULT NULL,
  `updated_by` int UNSIGNED DEFAULT NULL,
  `deleted_by` int UNSIGNED DEFAULT NULL,
  `created_at` timestamp NULL DEFAULT NULL,
  `updated_at` timestamp NULL DEFAULT NULL,
  `deleted_at` timestamp NULL DEFAULT NULL
) ENGINE=InnoDB DEFAULT CHARSET=utf8mb4 COLLATE=utf8mb4_unicode_ci;

--
-- Dumping data for table `service_duration`
--

INSERT INTO `service_duration` (`id`, `duration`, `price`, `type`, `status`, `created_by`, `updated_by`, `deleted_by`, `created_at`, `updated_at`, `deleted_at`) VALUES
(1, '00:15', 30.00, 'training', 1, 1, 1, NULL, '2024-12-20 08:48:03', '2024-12-20 08:48:03', NULL),
(2, '00:20', 25.00, 'training', 1, 1, 1, NULL, '2024-12-20 08:48:03', '2024-12-20 08:48:03', NULL),
(3, '00:25', 34.00, 'training', 1, 1, 1, NULL, '2024-12-20 08:48:03', '2024-12-20 08:48:03', NULL),
(4, '00:30', 27.00, 'training', 1, 1, 1, NULL, '2024-12-20 08:48:03', '2024-12-20 08:48:03', NULL),
(5, '00:35', 15.00, 'training', 1, 1, 1, NULL, '2024-12-20 08:48:03', '2024-12-20 08:48:03', NULL),
(6, '00:40', 10.00, 'training', 1, 1, 1, NULL, '2024-12-20 08:48:03', '2024-12-20 08:48:03', NULL),
(7, '00:45', 20.00, 'training', 1, 1, 1, NULL, '2024-12-20 08:48:03', '2024-12-20 08:48:03', NULL),
(8, '00:50', 35.00, 'training', 1, 1, 1, NULL, '2024-12-20 08:48:03', '2024-12-20 08:48:03', NULL),
(9, '00:55', 40.00, 'training', 1, 1, 1, NULL, '2024-12-20 08:48:03', '2024-12-20 08:48:03', NULL),
(10, '00:15', 15.00, 'walking', 1, 1, 1, NULL, '2024-12-20 08:48:03', '2024-12-20 08:48:03', NULL),
(11, '00:20', 10.00, 'walking', 1, 1, 1, NULL, '2024-12-20 08:48:03', '2024-12-20 08:48:03', NULL),
(12, '00:25', 20.00, 'walking', 1, 1, 1, NULL, '2024-12-20 08:48:03', '2024-12-20 08:48:03', NULL),
(13, '00:30', 35.00, 'walking', 1, 1, 1, NULL, '2024-12-20 08:48:03', '2024-12-20 08:48:03', NULL),
(14, '00:35', 40.00, 'walking', 1, 1, 1, NULL, '2024-12-20 08:48:03', '2024-12-20 08:48:03', NULL),
(15, '00:40', 30.00, 'walking', 1, 1, 1, NULL, '2024-12-20 08:48:03', '2024-12-20 08:48:03', NULL),
(16, '00:45', 25.00, 'walking', 1, 1, 1, NULL, '2024-12-20 08:48:03', '2024-12-20 08:48:03', NULL),
(17, '00:50', 34.00, 'walking', 1, 1, 1, NULL, '2024-12-20 08:48:03', '2024-12-20 08:48:03', NULL),
(18, '00:55', 27.00, 'walking', 1, 1, 1, NULL, '2024-12-20 08:48:03', '2024-12-20 08:48:03', NULL);

-- --------------------------------------------------------

--
-- Table structure for table `service_employees`
--

CREATE TABLE `service_employees` (
  `id` bigint UNSIGNED NOT NULL,
  `service_id` bigint UNSIGNED NOT NULL,
  `employee_id` bigint UNSIGNED NOT NULL,
  `created_by` int UNSIGNED DEFAULT NULL,
  `updated_by` int UNSIGNED DEFAULT NULL,
  `deleted_by` int UNSIGNED DEFAULT NULL,
  `created_at` timestamp NULL DEFAULT NULL,
  `updated_at` timestamp NULL DEFAULT NULL,
  `deleted_at` timestamp NULL DEFAULT NULL
) ENGINE=InnoDB DEFAULT CHARSET=utf8mb4 COLLATE=utf8mb4_unicode_ci;

--
-- Dumping data for table `service_employees`
--

INSERT INTO `service_employees` (`id`, `service_id`, `employee_id`, `created_by`, `updated_by`, `deleted_by`, `created_at`, `updated_at`, `deleted_at`) VALUES
(1, 1, 18, NULL, NULL, NULL, '2024-12-20 08:47:35', '2024-12-20 08:47:35', NULL),
(2, 1, 19, NULL, NULL, NULL, '2024-12-20 08:47:35', '2024-12-20 08:47:35', NULL),
(3, 1, 20, NULL, NULL, NULL, '2024-12-20 08:47:35', '2024-12-20 08:47:35', NULL),
(4, 1, 21, NULL, NULL, NULL, '2024-12-20 08:47:35', '2024-12-20 08:47:35', NULL),
(5, 1, 22, NULL, NULL, NULL, '2024-12-20 08:47:35', '2024-12-20 08:47:35', NULL),
(6, 1, 23, NULL, NULL, NULL, '2024-12-20 08:47:35', '2024-12-20 08:47:35', NULL),
(7, 1, 24, NULL, NULL, NULL, '2024-12-20 08:47:35', '2024-12-20 08:47:35', NULL),
(8, 2, 18, NULL, NULL, NULL, '2024-12-20 08:47:36', '2024-12-20 08:47:36', NULL),
(9, 2, 19, NULL, NULL, NULL, '2024-12-20 08:47:36', '2024-12-20 08:47:36', NULL),
(10, 2, 20, NULL, NULL, NULL, '2024-12-20 08:47:36', '2024-12-20 08:47:36', NULL),
(11, 2, 21, NULL, NULL, NULL, '2024-12-20 08:47:36', '2024-12-20 08:47:36', NULL),
(12, 2, 22, NULL, NULL, NULL, '2024-12-20 08:47:36', '2024-12-20 08:47:36', NULL),
(13, 2, 23, NULL, NULL, NULL, '2024-12-20 08:47:36', '2024-12-20 08:47:36', NULL),
(14, 2, 24, NULL, NULL, NULL, '2024-12-20 08:47:36', '2024-12-20 08:47:36', NULL),
(15, 3, 18, NULL, NULL, NULL, '2024-12-20 08:47:36', '2024-12-20 08:47:36', NULL),
(16, 3, 19, NULL, NULL, NULL, '2024-12-20 08:47:36', '2024-12-20 08:47:36', NULL),
(17, 3, 20, NULL, NULL, NULL, '2024-12-20 08:47:36', '2024-12-20 08:47:36', NULL),
(18, 3, 21, NULL, NULL, NULL, '2024-12-20 08:47:36', '2024-12-20 08:47:36', NULL),
(19, 3, 22, NULL, NULL, NULL, '2024-12-20 08:47:36', '2024-12-20 08:47:36', NULL),
(20, 3, 23, NULL, NULL, NULL, '2024-12-20 08:47:36', '2024-12-20 08:47:36', NULL),
(21, 3, 24, NULL, NULL, NULL, '2024-12-20 08:47:36', '2024-12-20 08:47:36', NULL),
(22, 4, 18, NULL, NULL, NULL, '2024-12-20 08:47:36', '2024-12-20 08:47:36', NULL),
(23, 4, 19, NULL, NULL, NULL, '2024-12-20 08:47:36', '2024-12-20 08:47:36', NULL),
(24, 4, 20, NULL, NULL, NULL, '2024-12-20 08:47:36', '2024-12-20 08:47:36', NULL),
(25, 4, 21, NULL, NULL, NULL, '2024-12-20 08:47:36', '2024-12-20 08:47:36', NULL),
(26, 4, 22, NULL, NULL, NULL, '2024-12-20 08:47:36', '2024-12-20 08:47:36', NULL),
(27, 4, 23, NULL, NULL, NULL, '2024-12-20 08:47:36', '2024-12-20 08:47:36', NULL),
(28, 4, 24, NULL, NULL, NULL, '2024-12-20 08:47:36', '2024-12-20 08:47:36', NULL),
(29, 5, 18, NULL, NULL, NULL, '2024-12-20 08:47:36', '2024-12-20 08:47:36', NULL),
(30, 5, 19, NULL, NULL, NULL, '2024-12-20 08:47:37', '2024-12-20 08:47:37', NULL),
(31, 5, 20, NULL, NULL, NULL, '2024-12-20 08:47:40', '2024-12-20 08:47:40', NULL),
(32, 5, 21, NULL, NULL, NULL, '2024-12-20 08:47:40', '2024-12-20 08:47:40', NULL),
(33, 5, 22, NULL, NULL, NULL, '2024-12-20 08:47:40', '2024-12-20 08:47:40', NULL),
(34, 5, 23, NULL, NULL, NULL, '2024-12-20 08:47:40', '2024-12-20 08:47:40', NULL),
(35, 5, 24, NULL, NULL, NULL, '2024-12-20 08:47:40', '2024-12-20 08:47:40', NULL),
(36, 6, 18, NULL, NULL, NULL, '2024-12-20 08:47:40', '2024-12-20 08:47:40', NULL),
(37, 6, 19, NULL, NULL, NULL, '2024-12-20 08:47:40', '2024-12-20 08:47:40', NULL),
(38, 6, 20, NULL, NULL, NULL, '2024-12-20 08:47:40', '2024-12-20 08:47:40', NULL),
(39, 6, 21, NULL, NULL, NULL, '2024-12-20 08:47:40', '2024-12-20 08:47:40', NULL),
(40, 6, 22, NULL, NULL, NULL, '2024-12-20 08:47:40', '2024-12-20 08:47:40', NULL),
(41, 6, 23, NULL, NULL, NULL, '2024-12-20 08:47:40', '2024-12-20 08:47:40', NULL),
(42, 6, 24, NULL, NULL, NULL, '2024-12-20 08:47:40', '2024-12-20 08:47:40', NULL),
(43, 7, 18, NULL, NULL, NULL, '2024-12-20 08:47:40', '2024-12-20 08:47:40', NULL),
(44, 7, 19, NULL, NULL, NULL, '2024-12-20 08:47:40', '2024-12-20 08:47:40', NULL),
(45, 7, 20, NULL, NULL, NULL, '2024-12-20 08:47:40', '2024-12-20 08:47:40', NULL),
(46, 7, 21, NULL, NULL, NULL, '2024-12-20 08:47:40', '2024-12-20 08:47:40', NULL),
(47, 7, 22, NULL, NULL, NULL, '2024-12-20 08:47:40', '2024-12-20 08:47:40', NULL),
(48, 7, 23, NULL, NULL, NULL, '2024-12-20 08:47:40', '2024-12-20 08:47:40', NULL),
(49, 7, 24, NULL, NULL, NULL, '2024-12-20 08:47:40', '2024-12-20 08:47:40', NULL),
(50, 8, 18, NULL, NULL, NULL, '2024-12-20 08:47:40', '2024-12-20 08:47:40', NULL),
(51, 8, 19, NULL, NULL, NULL, '2024-12-20 08:47:40', '2024-12-20 08:47:40', NULL),
(52, 8, 20, NULL, NULL, NULL, '2024-12-20 08:47:40', '2024-12-20 08:47:40', NULL),
(53, 8, 21, NULL, NULL, NULL, '2024-12-20 08:47:40', '2024-12-20 08:47:40', NULL),
(54, 8, 22, NULL, NULL, NULL, '2024-12-20 08:47:40', '2024-12-20 08:47:40', NULL),
(55, 8, 23, NULL, NULL, NULL, '2024-12-20 08:47:40', '2024-12-20 08:47:40', NULL),
(56, 8, 24, NULL, NULL, NULL, '2024-12-20 08:47:40', '2024-12-20 08:47:40', NULL),
(57, 9, 18, NULL, NULL, NULL, '2024-12-20 08:47:41', '2024-12-20 08:47:41', NULL),
(58, 9, 19, NULL, NULL, NULL, '2024-12-20 08:47:41', '2024-12-20 08:47:41', NULL),
(59, 9, 20, NULL, NULL, NULL, '2024-12-20 08:47:41', '2024-12-20 08:47:41', NULL),
(60, 9, 21, NULL, NULL, NULL, '2024-12-20 08:47:41', '2024-12-20 08:47:41', NULL),
(61, 9, 22, NULL, NULL, NULL, '2024-12-20 08:47:41', '2024-12-20 08:47:41', NULL),
(62, 9, 23, NULL, NULL, NULL, '2024-12-20 08:47:41', '2024-12-20 08:47:41', NULL),
(63, 9, 24, NULL, NULL, NULL, '2024-12-20 08:47:41', '2024-12-20 08:47:41', NULL),
(64, 10, 18, NULL, NULL, NULL, '2024-12-20 08:47:41', '2024-12-20 08:47:41', NULL),
(65, 10, 19, NULL, NULL, NULL, '2024-12-20 08:47:41', '2024-12-20 08:47:41', NULL),
(66, 10, 20, NULL, NULL, NULL, '2024-12-20 08:47:41', '2024-12-20 08:47:41', NULL),
(67, 10, 21, NULL, NULL, NULL, '2024-12-20 08:47:41', '2024-12-20 08:47:41', NULL),
(68, 10, 22, NULL, NULL, NULL, '2024-12-20 08:47:41', '2024-12-20 08:47:41', NULL),
(69, 10, 23, NULL, NULL, NULL, '2024-12-20 08:47:41', '2024-12-20 08:47:41', NULL),
(70, 10, 24, NULL, NULL, NULL, '2024-12-20 08:47:41', '2024-12-20 08:47:41', NULL),
(71, 11, 18, NULL, NULL, NULL, '2024-12-20 08:47:41', '2024-12-20 08:47:41', NULL),
(72, 11, 19, NULL, NULL, NULL, '2024-12-20 08:47:41', '2024-12-20 08:47:41', NULL),
(73, 11, 20, NULL, NULL, NULL, '2024-12-20 08:47:41', '2024-12-20 08:47:41', NULL),
(74, 11, 21, NULL, NULL, NULL, '2024-12-20 08:47:41', '2024-12-20 08:47:41', NULL),
(75, 11, 22, NULL, NULL, NULL, '2024-12-20 08:47:41', '2024-12-20 08:47:41', NULL),
(76, 11, 23, NULL, NULL, NULL, '2024-12-20 08:47:41', '2024-12-20 08:47:41', NULL),
(77, 11, 24, NULL, NULL, NULL, '2024-12-20 08:47:41', '2024-12-20 08:47:41', NULL),
(78, 12, 18, NULL, NULL, NULL, '2024-12-20 08:47:41', '2024-12-20 08:47:41', NULL),
(79, 12, 19, NULL, NULL, NULL, '2024-12-20 08:47:41', '2024-12-20 08:47:41', NULL),
(80, 12, 20, NULL, NULL, NULL, '2024-12-20 08:47:41', '2024-12-20 08:47:41', NULL),
(81, 12, 21, NULL, NULL, NULL, '2024-12-20 08:47:41', '2024-12-20 08:47:41', NULL),
(82, 12, 22, NULL, NULL, NULL, '2024-12-20 08:47:41', '2024-12-20 08:47:41', NULL),
(83, 12, 23, NULL, NULL, NULL, '2024-12-20 08:47:41', '2024-12-20 08:47:41', NULL),
(84, 12, 24, NULL, NULL, NULL, '2024-12-20 08:47:41', '2024-12-20 08:47:41', NULL),
(85, 13, 18, NULL, NULL, NULL, '2024-12-20 08:47:41', '2024-12-20 08:47:41', NULL),
(86, 13, 19, NULL, NULL, NULL, '2024-12-20 08:47:41', '2024-12-20 08:47:41', NULL),
(87, 13, 20, NULL, NULL, NULL, '2024-12-20 08:47:41', '2024-12-20 08:47:41', NULL),
(88, 13, 21, NULL, NULL, NULL, '2024-12-20 08:47:41', '2024-12-20 08:47:41', NULL),
(89, 13, 22, NULL, NULL, NULL, '2024-12-20 08:47:41', '2024-12-20 08:47:41', NULL),
(90, 13, 23, NULL, NULL, NULL, '2024-12-20 08:47:41', '2024-12-20 08:47:41', NULL),
(91, 13, 24, NULL, NULL, NULL, '2024-12-20 08:47:41', '2024-12-20 08:47:41', NULL),
(92, 14, 18, NULL, NULL, NULL, '2024-12-20 08:47:41', '2024-12-20 08:47:41', NULL),
(93, 14, 19, NULL, NULL, NULL, '2024-12-20 08:47:41', '2024-12-20 08:47:41', NULL),
(94, 14, 20, NULL, NULL, NULL, '2024-12-20 08:47:41', '2024-12-20 08:47:41', NULL),
(95, 14, 21, NULL, NULL, NULL, '2024-12-20 08:47:41', '2024-12-20 08:47:41', NULL),
(96, 14, 22, NULL, NULL, NULL, '2024-12-20 08:47:41', '2024-12-20 08:47:41', NULL),
(97, 14, 23, NULL, NULL, NULL, '2024-12-20 08:47:41', '2024-12-20 08:47:41', NULL),
(98, 14, 24, NULL, NULL, NULL, '2024-12-20 08:47:41', '2024-12-20 08:47:41', NULL),
(99, 15, 18, NULL, NULL, NULL, '2024-12-20 08:47:41', '2024-12-20 08:47:41', NULL),
(100, 15, 19, NULL, NULL, NULL, '2024-12-20 08:47:41', '2024-12-20 08:47:41', NULL),
(101, 15, 20, NULL, NULL, NULL, '2024-12-20 08:47:41', '2024-12-20 08:47:41', NULL),
(102, 15, 21, NULL, NULL, NULL, '2024-12-20 08:47:41', '2024-12-20 08:47:41', NULL),
(103, 15, 22, NULL, NULL, NULL, '2024-12-20 08:47:41', '2024-12-20 08:47:41', NULL),
(104, 15, 23, NULL, NULL, NULL, '2024-12-20 08:47:41', '2024-12-20 08:47:41', NULL),
(105, 15, 24, NULL, NULL, NULL, '2024-12-20 08:47:41', '2024-12-20 08:47:41', NULL),
(106, 16, 18, NULL, NULL, NULL, '2024-12-20 08:47:42', '2024-12-20 08:47:42', NULL),
(107, 16, 19, NULL, NULL, NULL, '2024-12-20 08:47:42', '2024-12-20 08:47:42', NULL),
(108, 16, 20, NULL, NULL, NULL, '2024-12-20 08:47:42', '2024-12-20 08:47:42', NULL),
(109, 16, 21, NULL, NULL, NULL, '2024-12-20 08:47:42', '2024-12-20 08:47:42', NULL),
(110, 16, 22, NULL, NULL, NULL, '2024-12-20 08:47:42', '2024-12-20 08:47:42', NULL),
(111, 16, 23, NULL, NULL, NULL, '2024-12-20 08:47:42', '2024-12-20 08:47:42', NULL),
(112, 16, 24, NULL, NULL, NULL, '2024-12-20 08:47:42', '2024-12-20 08:47:42', NULL),
(113, 17, 18, NULL, NULL, NULL, '2024-12-20 08:47:42', '2024-12-20 08:47:42', NULL),
(114, 17, 19, NULL, NULL, NULL, '2024-12-20 08:47:42', '2024-12-20 08:47:42', NULL),
(115, 17, 20, NULL, NULL, NULL, '2024-12-20 08:47:42', '2024-12-20 08:47:42', NULL),
(116, 17, 21, NULL, NULL, NULL, '2024-12-20 08:47:42', '2024-12-20 08:47:42', NULL),
(117, 17, 22, NULL, NULL, NULL, '2024-12-20 08:47:42', '2024-12-20 08:47:42', NULL),
(118, 17, 23, NULL, NULL, NULL, '2024-12-20 08:47:42', '2024-12-20 08:47:42', NULL),
(119, 17, 24, NULL, NULL, NULL, '2024-12-20 08:47:42', '2024-12-20 08:47:42', NULL),
(120, 18, 18, NULL, NULL, NULL, '2024-12-20 08:47:42', '2024-12-20 08:47:42', NULL),
(121, 18, 19, NULL, NULL, NULL, '2024-12-20 08:47:42', '2024-12-20 08:47:42', NULL),
(122, 18, 20, NULL, NULL, NULL, '2024-12-20 08:47:42', '2024-12-20 08:47:42', NULL),
(123, 18, 21, NULL, NULL, NULL, '2024-12-20 08:47:42', '2024-12-20 08:47:42', NULL),
(124, 18, 22, NULL, NULL, NULL, '2024-12-20 08:47:42', '2024-12-20 08:47:42', NULL),
(125, 18, 23, NULL, NULL, NULL, '2024-12-20 08:47:42', '2024-12-20 08:47:42', NULL),
(126, 18, 24, NULL, NULL, NULL, '2024-12-20 08:47:42', '2024-12-20 08:47:42', NULL),
(127, 19, 18, NULL, NULL, NULL, '2024-12-20 08:47:42', '2024-12-20 08:47:42', NULL),
(128, 19, 19, NULL, NULL, NULL, '2024-12-20 08:47:42', '2024-12-20 08:47:42', NULL),
(129, 19, 20, NULL, NULL, NULL, '2024-12-20 08:47:42', '2024-12-20 08:47:42', NULL),
(130, 19, 21, NULL, NULL, NULL, '2024-12-20 08:47:42', '2024-12-20 08:47:42', NULL),
(131, 19, 22, NULL, NULL, NULL, '2024-12-20 08:47:42', '2024-12-20 08:47:42', NULL),
(132, 19, 23, NULL, NULL, NULL, '2024-12-20 08:47:42', '2024-12-20 08:47:42', NULL),
(133, 19, 24, NULL, NULL, NULL, '2024-12-20 08:47:42', '2024-12-20 08:47:42', NULL),
(134, 20, 18, NULL, NULL, NULL, '2024-12-20 08:47:42', '2024-12-20 08:47:42', NULL),
(135, 20, 19, NULL, NULL, NULL, '2024-12-20 08:47:42', '2024-12-20 08:47:42', NULL),
(136, 20, 20, NULL, NULL, NULL, '2024-12-20 08:47:42', '2024-12-20 08:47:42', NULL),
(137, 20, 21, NULL, NULL, NULL, '2024-12-20 08:47:42', '2024-12-20 08:47:42', NULL),
(138, 20, 22, NULL, NULL, NULL, '2024-12-20 08:47:42', '2024-12-20 08:47:42', NULL),
(139, 20, 23, NULL, NULL, NULL, '2024-12-20 08:47:42', '2024-12-20 08:47:42', NULL),
(140, 20, 24, NULL, NULL, NULL, '2024-12-20 08:47:42', '2024-12-20 08:47:42', NULL),
(141, 21, 18, NULL, NULL, NULL, '2024-12-20 08:47:42', '2024-12-20 08:47:42', NULL),
(142, 21, 19, NULL, NULL, NULL, '2024-12-20 08:47:42', '2024-12-20 08:47:42', NULL),
(143, 21, 20, NULL, NULL, NULL, '2024-12-20 08:47:42', '2024-12-20 08:47:42', NULL),
(144, 21, 21, NULL, NULL, NULL, '2024-12-20 08:47:42', '2024-12-20 08:47:42', NULL),
(145, 21, 22, NULL, NULL, NULL, '2024-12-20 08:47:42', '2024-12-20 08:47:42', NULL),
(146, 21, 23, NULL, NULL, NULL, '2024-12-20 08:47:42', '2024-12-20 08:47:42', NULL),
(147, 21, 24, NULL, NULL, NULL, '2024-12-20 08:47:42', '2024-12-20 08:47:42', NULL),
(148, 22, 18, NULL, NULL, NULL, '2024-12-20 08:47:42', '2024-12-20 08:47:42', NULL),
(149, 22, 19, NULL, NULL, NULL, '2024-12-20 08:47:42', '2024-12-20 08:47:42', NULL),
(150, 22, 20, NULL, NULL, NULL, '2024-12-20 08:47:43', '2024-12-20 08:47:43', NULL),
(151, 22, 21, NULL, NULL, NULL, '2024-12-20 08:47:43', '2024-12-20 08:47:43', NULL),
(152, 22, 22, NULL, NULL, NULL, '2024-12-20 08:47:43', '2024-12-20 08:47:43', NULL),
(153, 22, 23, NULL, NULL, NULL, '2024-12-20 08:47:43', '2024-12-20 08:47:43', NULL),
(154, 22, 24, NULL, NULL, NULL, '2024-12-20 08:47:43', '2024-12-20 08:47:43', NULL),
(155, 23, 18, NULL, NULL, NULL, '2024-12-20 08:47:43', '2024-12-20 08:47:43', NULL),
(156, 23, 19, NULL, NULL, NULL, '2024-12-20 08:47:43', '2024-12-20 08:47:43', NULL),
(157, 23, 20, NULL, NULL, NULL, '2024-12-20 08:47:43', '2024-12-20 08:47:43', NULL),
(158, 23, 21, NULL, NULL, NULL, '2024-12-20 08:47:43', '2024-12-20 08:47:43', NULL),
(159, 23, 22, NULL, NULL, NULL, '2024-12-20 08:47:43', '2024-12-20 08:47:43', NULL),
(160, 23, 23, NULL, NULL, NULL, '2024-12-20 08:47:43', '2024-12-20 08:47:43', NULL),
(161, 23, 24, NULL, NULL, NULL, '2024-12-20 08:47:43', '2024-12-20 08:47:43', NULL),
(162, 24, 25, NULL, NULL, NULL, '2024-12-20 08:47:43', '2024-12-20 08:47:43', NULL),
(163, 24, 26, NULL, NULL, NULL, '2024-12-20 08:47:43', '2024-12-20 08:47:43', NULL),
(164, 24, 27, NULL, NULL, NULL, '2024-12-20 08:47:43', '2024-12-20 08:47:43', NULL),
(165, 24, 28, NULL, NULL, NULL, '2024-12-20 08:47:43', '2024-12-20 08:47:43', NULL),
(166, 24, 29, NULL, NULL, NULL, '2024-12-20 08:47:43', '2024-12-20 08:47:43', NULL),
(167, 24, 30, NULL, NULL, NULL, '2024-12-20 08:47:43', '2024-12-20 08:47:43', NULL),
(168, 24, 31, NULL, NULL, NULL, '2024-12-20 08:47:43', '2024-12-20 08:47:43', NULL),
(169, 24, 32, NULL, NULL, NULL, '2024-12-20 08:47:43', '2024-12-20 08:47:43', NULL),
(170, 25, 25, NULL, NULL, NULL, '2024-12-20 08:47:43', '2024-12-20 08:47:43', NULL),
(171, 25, 26, NULL, NULL, NULL, '2024-12-20 08:47:43', '2024-12-20 08:47:43', NULL),
(172, 25, 27, NULL, NULL, NULL, '2024-12-20 08:47:43', '2024-12-20 08:47:43', NULL),
(173, 25, 28, NULL, NULL, NULL, '2024-12-20 08:47:43', '2024-12-20 08:47:43', NULL),
(174, 25, 29, NULL, NULL, NULL, '2024-12-20 08:47:43', '2024-12-20 08:47:43', NULL),
(175, 25, 30, NULL, NULL, NULL, '2024-12-20 08:47:43', '2024-12-20 08:47:43', NULL),
(176, 25, 31, NULL, NULL, NULL, '2024-12-20 08:47:43', '2024-12-20 08:47:43', NULL),
(177, 25, 32, NULL, NULL, NULL, '2024-12-20 08:47:43', '2024-12-20 08:47:43', NULL),
(178, 26, 25, NULL, NULL, NULL, '2024-12-20 08:47:43', '2024-12-20 08:47:43', NULL),
(179, 26, 26, NULL, NULL, NULL, '2024-12-20 08:47:43', '2024-12-20 08:47:43', NULL),
(180, 26, 27, NULL, NULL, NULL, '2024-12-20 08:47:43', '2024-12-20 08:47:43', NULL),
(181, 26, 28, NULL, NULL, NULL, '2024-12-20 08:47:43', '2024-12-20 08:47:43', NULL),
(182, 26, 29, NULL, NULL, NULL, '2024-12-20 08:47:43', '2024-12-20 08:47:43', NULL),
(183, 26, 30, NULL, NULL, NULL, '2024-12-20 08:47:43', '2024-12-20 08:47:43', NULL),
(184, 26, 31, NULL, NULL, NULL, '2024-12-20 08:47:43', '2024-12-20 08:47:43', NULL),
(185, 26, 32, NULL, NULL, NULL, '2024-12-20 08:47:43', '2024-12-20 08:47:43', NULL),
(186, 27, 25, NULL, NULL, NULL, '2024-12-20 08:47:43', '2024-12-20 08:47:43', NULL),
(187, 27, 26, NULL, NULL, NULL, '2024-12-20 08:47:43', '2024-12-20 08:47:43', NULL),
(188, 27, 27, NULL, NULL, NULL, '2024-12-20 08:47:43', '2024-12-20 08:47:43', NULL),
(189, 27, 28, NULL, NULL, NULL, '2024-12-20 08:47:43', '2024-12-20 08:47:43', NULL),
(190, 27, 29, NULL, NULL, NULL, '2024-12-20 08:47:43', '2024-12-20 08:47:43', NULL),
(191, 27, 30, NULL, NULL, NULL, '2024-12-20 08:47:43', '2024-12-20 08:47:43', NULL),
(192, 27, 31, NULL, NULL, NULL, '2024-12-20 08:47:43', '2024-12-20 08:47:43', NULL),
(193, 27, 32, NULL, NULL, NULL, '2024-12-20 08:47:43', '2024-12-20 08:47:43', NULL),
(194, 28, 25, NULL, NULL, NULL, '2024-12-20 08:47:43', '2024-12-20 08:47:43', NULL),
(195, 28, 26, NULL, NULL, NULL, '2024-12-20 08:47:43', '2024-12-20 08:47:43', NULL),
(196, 28, 27, NULL, NULL, NULL, '2024-12-20 08:47:43', '2024-12-20 08:47:43', NULL),
(197, 28, 28, NULL, NULL, NULL, '2024-12-20 08:47:43', '2024-12-20 08:47:43', NULL),
(198, 28, 29, NULL, NULL, NULL, '2024-12-20 08:47:43', '2024-12-20 08:47:43', NULL),
(199, 28, 30, NULL, NULL, NULL, '2024-12-20 08:47:43', '2024-12-20 08:47:43', NULL),
(200, 28, 31, NULL, NULL, NULL, '2024-12-20 08:47:43', '2024-12-20 08:47:43', NULL),
(201, 28, 32, NULL, NULL, NULL, '2024-12-20 08:47:43', '2024-12-20 08:47:43', NULL),
(202, 29, 25, NULL, NULL, NULL, '2024-12-20 08:47:44', '2024-12-20 08:47:44', NULL),
(203, 29, 26, NULL, NULL, NULL, '2024-12-20 08:47:44', '2024-12-20 08:47:44', NULL),
(204, 29, 27, NULL, NULL, NULL, '2024-12-20 08:47:44', '2024-12-20 08:47:44', NULL),
(205, 29, 28, NULL, NULL, NULL, '2024-12-20 08:47:44', '2024-12-20 08:47:44', NULL),
(206, 29, 29, NULL, NULL, NULL, '2024-12-20 08:47:44', '2024-12-20 08:47:44', NULL),
(207, 29, 30, NULL, NULL, NULL, '2024-12-20 08:47:44', '2024-12-20 08:47:44', NULL),
(208, 29, 31, NULL, NULL, NULL, '2024-12-20 08:47:44', '2024-12-20 08:47:44', NULL),
(209, 29, 32, NULL, NULL, NULL, '2024-12-20 08:47:44', '2024-12-20 08:47:44', NULL),
(210, 30, 25, NULL, NULL, NULL, '2024-12-20 08:47:44', '2024-12-20 08:47:44', NULL),
(211, 30, 26, NULL, NULL, NULL, '2024-12-20 08:47:44', '2024-12-20 08:47:44', NULL),
(212, 30, 27, NULL, NULL, NULL, '2024-12-20 08:47:44', '2024-12-20 08:47:44', NULL),
(213, 30, 28, NULL, NULL, NULL, '2024-12-20 08:47:44', '2024-12-20 08:47:44', NULL),
(214, 30, 29, NULL, NULL, NULL, '2024-12-20 08:47:44', '2024-12-20 08:47:44', NULL),
(215, 30, 30, NULL, NULL, NULL, '2024-12-20 08:47:44', '2024-12-20 08:47:44', NULL),
(216, 30, 31, NULL, NULL, NULL, '2024-12-20 08:47:44', '2024-12-20 08:47:44', NULL),
(217, 30, 32, NULL, NULL, NULL, '2024-12-20 08:47:44', '2024-12-20 08:47:44', NULL),
(218, 31, 25, NULL, NULL, NULL, '2024-12-20 08:47:44', '2024-12-20 08:47:44', NULL),
(219, 31, 26, NULL, NULL, NULL, '2024-12-20 08:47:44', '2024-12-20 08:47:44', NULL),
(220, 31, 27, NULL, NULL, NULL, '2024-12-20 08:47:44', '2024-12-20 08:47:44', NULL),
(221, 31, 28, NULL, NULL, NULL, '2024-12-20 08:47:44', '2024-12-20 08:47:44', NULL),
(222, 31, 29, NULL, NULL, NULL, '2024-12-20 08:47:44', '2024-12-20 08:47:44', NULL),
(223, 31, 30, NULL, NULL, NULL, '2024-12-20 08:47:44', '2024-12-20 08:47:44', NULL),
(224, 31, 31, NULL, NULL, NULL, '2024-12-20 08:47:44', '2024-12-20 08:47:44', NULL),
(225, 31, 32, NULL, NULL, NULL, '2024-12-20 08:47:44', '2024-12-20 08:47:44', NULL),
(226, 32, 25, NULL, NULL, NULL, '2024-12-20 08:47:44', '2024-12-20 08:47:44', NULL),
(227, 32, 26, NULL, NULL, NULL, '2024-12-20 08:47:44', '2024-12-20 08:47:44', NULL),
(228, 32, 27, NULL, NULL, NULL, '2024-12-20 08:47:44', '2024-12-20 08:47:44', NULL),
(229, 32, 28, NULL, NULL, NULL, '2024-12-20 08:47:44', '2024-12-20 08:47:44', NULL),
(230, 32, 29, NULL, NULL, NULL, '2024-12-20 08:47:44', '2024-12-20 08:47:44', NULL),
(231, 32, 30, NULL, NULL, NULL, '2024-12-20 08:47:44', '2024-12-20 08:47:44', NULL),
(232, 32, 31, NULL, NULL, NULL, '2024-12-20 08:47:44', '2024-12-20 08:47:44', NULL),
(233, 32, 32, NULL, NULL, NULL, '2024-12-20 08:47:44', '2024-12-20 08:47:44', NULL),
(234, 33, 25, NULL, NULL, NULL, '2024-12-20 08:47:44', '2024-12-20 08:47:44', NULL),
(235, 33, 26, NULL, NULL, NULL, '2024-12-20 08:47:44', '2024-12-20 08:47:44', NULL),
(236, 33, 27, NULL, NULL, NULL, '2024-12-20 08:47:44', '2024-12-20 08:47:44', NULL),
(237, 33, 28, NULL, NULL, NULL, '2024-12-20 08:47:44', '2024-12-20 08:47:44', NULL),
(238, 33, 29, NULL, NULL, NULL, '2024-12-20 08:47:44', '2024-12-20 08:47:44', NULL),
(239, 33, 30, NULL, NULL, NULL, '2024-12-20 08:47:44', '2024-12-20 08:47:44', NULL),
(240, 33, 31, NULL, NULL, NULL, '2024-12-20 08:47:44', '2024-12-20 08:47:44', NULL),
(241, 33, 32, NULL, NULL, NULL, '2024-12-20 08:47:44', '2024-12-20 08:47:44', NULL),
(242, 34, 25, NULL, NULL, NULL, '2024-12-20 08:47:44', '2024-12-20 08:47:44', NULL),
(243, 34, 26, NULL, NULL, NULL, '2024-12-20 08:47:44', '2024-12-20 08:47:44', NULL),
(244, 34, 27, NULL, NULL, NULL, '2024-12-20 08:47:44', '2024-12-20 08:47:44', NULL),
(245, 34, 28, NULL, NULL, NULL, '2024-12-20 08:47:44', '2024-12-20 08:47:44', NULL),
(246, 34, 29, NULL, NULL, NULL, '2024-12-20 08:47:44', '2024-12-20 08:47:44', NULL),
(247, 34, 30, NULL, NULL, NULL, '2024-12-20 08:47:44', '2024-12-20 08:47:44', NULL),
(248, 34, 31, NULL, NULL, NULL, '2024-12-20 08:47:44', '2024-12-20 08:47:44', NULL),
(249, 34, 32, NULL, NULL, NULL, '2024-12-20 08:47:44', '2024-12-20 08:47:44', NULL),
(250, 35, 25, NULL, NULL, NULL, '2024-12-20 08:47:45', '2024-12-20 08:47:45', NULL),
(251, 35, 26, NULL, NULL, NULL, '2024-12-20 08:47:45', '2024-12-20 08:47:45', NULL),
(252, 35, 27, NULL, NULL, NULL, '2024-12-20 08:47:45', '2024-12-20 08:47:45', NULL),
(253, 35, 28, NULL, NULL, NULL, '2024-12-20 08:47:45', '2024-12-20 08:47:45', NULL),
(254, 35, 29, NULL, NULL, NULL, '2024-12-20 08:47:45', '2024-12-20 08:47:45', NULL),
(255, 35, 30, NULL, NULL, NULL, '2024-12-20 08:47:45', '2024-12-20 08:47:45', NULL),
(256, 35, 31, NULL, NULL, NULL, '2024-12-20 08:47:45', '2024-12-20 08:47:45', NULL),
(257, 35, 32, NULL, NULL, NULL, '2024-12-20 08:47:45', '2024-12-20 08:47:45', NULL),
(258, 36, 25, NULL, NULL, NULL, '2024-12-20 08:47:45', '2024-12-20 08:47:45', NULL),
(259, 36, 26, NULL, NULL, NULL, '2024-12-20 08:47:45', '2024-12-20 08:47:45', NULL),
(260, 36, 27, NULL, NULL, NULL, '2024-12-20 08:47:45', '2024-12-20 08:47:45', NULL),
(261, 36, 28, NULL, NULL, NULL, '2024-12-20 08:47:45', '2024-12-20 08:47:45', NULL),
(262, 36, 29, NULL, NULL, NULL, '2024-12-20 08:47:45', '2024-12-20 08:47:45', NULL),
(263, 36, 30, NULL, NULL, NULL, '2024-12-20 08:47:45', '2024-12-20 08:47:45', NULL),
(264, 36, 31, NULL, NULL, NULL, '2024-12-20 08:47:45', '2024-12-20 08:47:45', NULL),
(265, 36, 32, NULL, NULL, NULL, '2024-12-20 08:47:45', '2024-12-20 08:47:45', NULL),
(266, 37, 25, NULL, NULL, NULL, '2024-12-20 08:47:45', '2024-12-20 08:47:45', NULL),
(267, 37, 26, NULL, NULL, NULL, '2024-12-20 08:47:45', '2024-12-20 08:47:45', NULL),
(268, 37, 27, NULL, NULL, NULL, '2024-12-20 08:47:45', '2024-12-20 08:47:45', NULL),
(269, 37, 28, NULL, NULL, NULL, '2024-12-20 08:47:45', '2024-12-20 08:47:45', NULL),
(270, 37, 29, NULL, NULL, NULL, '2024-12-20 08:47:45', '2024-12-20 08:47:45', NULL),
(271, 37, 30, NULL, NULL, NULL, '2024-12-20 08:47:45', '2024-12-20 08:47:45', NULL),
(272, 37, 31, NULL, NULL, NULL, '2024-12-20 08:47:45', '2024-12-20 08:47:45', NULL),
(273, 37, 32, NULL, NULL, NULL, '2024-12-20 08:47:45', '2024-12-20 08:47:45', NULL),
(274, 38, 25, NULL, NULL, NULL, '2024-12-20 08:47:45', '2024-12-20 08:47:45', NULL),
(275, 38, 26, NULL, NULL, NULL, '2024-12-20 08:47:45', '2024-12-20 08:47:45', NULL),
(276, 38, 27, NULL, NULL, NULL, '2024-12-20 08:47:45', '2024-12-20 08:47:45', NULL),
(277, 38, 28, NULL, NULL, NULL, '2024-12-20 08:47:45', '2024-12-20 08:47:45', NULL),
(278, 38, 29, NULL, NULL, NULL, '2024-12-20 08:47:45', '2024-12-20 08:47:45', NULL),
(279, 38, 30, NULL, NULL, NULL, '2024-12-20 08:47:45', '2024-12-20 08:47:45', NULL),
(280, 38, 31, NULL, NULL, NULL, '2024-12-20 08:47:45', '2024-12-20 08:47:45', NULL),
(281, 38, 32, NULL, NULL, NULL, '2024-12-20 08:47:45', '2024-12-20 08:47:45', NULL),
(282, 39, 25, NULL, NULL, NULL, '2024-12-20 08:47:45', '2024-12-20 08:47:45', NULL),
(283, 39, 26, NULL, NULL, NULL, '2024-12-20 08:47:45', '2024-12-20 08:47:45', NULL),
(284, 39, 27, NULL, NULL, NULL, '2024-12-20 08:47:45', '2024-12-20 08:47:45', NULL),
(285, 39, 28, NULL, NULL, NULL, '2024-12-20 08:47:45', '2024-12-20 08:47:45', NULL),
(286, 39, 29, NULL, NULL, NULL, '2024-12-20 08:47:45', '2024-12-20 08:47:45', NULL),
(287, 39, 30, NULL, NULL, NULL, '2024-12-20 08:47:45', '2024-12-20 08:47:45', NULL),
(288, 39, 31, NULL, NULL, NULL, '2024-12-20 08:47:45', '2024-12-20 08:47:45', NULL),
(289, 39, 32, NULL, NULL, NULL, '2024-12-20 08:47:45', '2024-12-20 08:47:45', NULL),
(290, 40, 25, NULL, NULL, NULL, '2024-12-20 08:47:45', '2024-12-20 08:47:45', NULL),
(291, 40, 26, NULL, NULL, NULL, '2024-12-20 08:47:45', '2024-12-20 08:47:45', NULL),
(292, 40, 27, NULL, NULL, NULL, '2024-12-20 08:47:45', '2024-12-20 08:47:45', NULL),
(293, 40, 28, NULL, NULL, NULL, '2024-12-20 08:47:45', '2024-12-20 08:47:45', NULL),
(294, 40, 29, NULL, NULL, NULL, '2024-12-20 08:47:45', '2024-12-20 08:47:45', NULL),
(295, 40, 30, NULL, NULL, NULL, '2024-12-20 08:47:45', '2024-12-20 08:47:45', NULL),
(296, 40, 31, NULL, NULL, NULL, '2024-12-20 08:47:45', '2024-12-20 08:47:45', NULL),
(297, 40, 32, NULL, NULL, NULL, '2024-12-20 08:47:45', '2024-12-20 08:47:45', NULL),
(298, 41, 25, NULL, NULL, NULL, '2024-12-20 08:47:46', '2024-12-20 08:47:46', NULL),
(299, 41, 26, NULL, NULL, NULL, '2024-12-20 08:47:46', '2024-12-20 08:47:46', NULL),
(300, 41, 27, NULL, NULL, NULL, '2024-12-20 08:47:46', '2024-12-20 08:47:46', NULL),
(301, 41, 28, NULL, NULL, NULL, '2024-12-20 08:47:46', '2024-12-20 08:47:46', NULL),
(302, 41, 29, NULL, NULL, NULL, '2024-12-20 08:47:46', '2024-12-20 08:47:46', NULL),
(303, 41, 30, NULL, NULL, NULL, '2024-12-20 08:47:46', '2024-12-20 08:47:46', NULL),
(304, 41, 31, NULL, NULL, NULL, '2024-12-20 08:47:46', '2024-12-20 08:47:46', NULL),
(305, 41, 32, NULL, NULL, NULL, '2024-12-20 08:47:46', '2024-12-20 08:47:46', NULL),
(306, 42, 25, NULL, NULL, NULL, '2024-12-20 08:47:50', '2024-12-20 08:47:50', NULL),
(307, 42, 26, NULL, NULL, NULL, '2024-12-20 08:47:50', '2024-12-20 08:47:50', NULL),
(308, 42, 27, NULL, NULL, NULL, '2024-12-20 08:47:50', '2024-12-20 08:47:50', NULL),
(309, 42, 28, NULL, NULL, NULL, '2024-12-20 08:47:50', '2024-12-20 08:47:50', NULL),
(310, 42, 29, NULL, NULL, NULL, '2024-12-20 08:47:50', '2024-12-20 08:47:50', NULL),
(311, 42, 30, NULL, NULL, NULL, '2024-12-20 08:47:50', '2024-12-20 08:47:50', NULL),
(312, 42, 31, NULL, NULL, NULL, '2024-12-20 08:47:50', '2024-12-20 08:47:50', NULL),
(313, 42, 32, NULL, NULL, NULL, '2024-12-20 08:47:50', '2024-12-20 08:47:50', NULL),
(314, 43, 25, NULL, NULL, NULL, '2024-12-20 08:47:50', '2024-12-20 08:47:50', NULL),
(315, 43, 26, NULL, NULL, NULL, '2024-12-20 08:47:50', '2024-12-20 08:47:50', NULL),
(316, 43, 27, NULL, NULL, NULL, '2024-12-20 08:47:50', '2024-12-20 08:47:50', NULL),
(317, 43, 28, NULL, NULL, NULL, '2024-12-20 08:47:50', '2024-12-20 08:47:50', NULL),
(318, 43, 29, NULL, NULL, NULL, '2024-12-20 08:47:50', '2024-12-20 08:47:50', NULL),
(319, 43, 30, NULL, NULL, NULL, '2024-12-20 08:47:50', '2024-12-20 08:47:50', NULL),
(320, 43, 31, NULL, NULL, NULL, '2024-12-20 08:47:50', '2024-12-20 08:47:50', NULL),
(321, 43, 32, NULL, NULL, NULL, '2024-12-20 08:47:50', '2024-12-20 08:47:50', NULL),
(322, 44, 25, NULL, NULL, NULL, '2024-12-20 08:47:50', '2024-12-20 08:47:50', NULL),
(323, 44, 26, NULL, NULL, NULL, '2024-12-20 08:47:50', '2024-12-20 08:47:50', NULL),
(324, 44, 27, NULL, NULL, NULL, '2024-12-20 08:47:50', '2024-12-20 08:47:50', NULL),
(325, 44, 28, NULL, NULL, NULL, '2024-12-20 08:47:50', '2024-12-20 08:47:50', NULL),
(326, 44, 29, NULL, NULL, NULL, '2024-12-20 08:47:50', '2024-12-20 08:47:50', NULL),
(327, 44, 30, NULL, NULL, NULL, '2024-12-20 08:47:50', '2024-12-20 08:47:50', NULL),
(328, 44, 31, NULL, NULL, NULL, '2024-12-20 08:47:50', '2024-12-20 08:47:50', NULL),
(329, 44, 32, NULL, NULL, NULL, '2024-12-20 08:47:50', '2024-12-20 08:47:50', NULL),
(330, 45, 25, NULL, NULL, NULL, '2024-12-20 08:47:50', '2024-12-20 08:47:50', NULL),
(331, 45, 26, NULL, NULL, NULL, '2024-12-20 08:47:50', '2024-12-20 08:47:50', NULL),
(332, 45, 27, NULL, NULL, NULL, '2024-12-20 08:47:50', '2024-12-20 08:47:50', NULL),
(333, 45, 28, NULL, NULL, NULL, '2024-12-20 08:47:50', '2024-12-20 08:47:50', NULL),
(334, 45, 29, NULL, NULL, NULL, '2024-12-20 08:47:50', '2024-12-20 08:47:50', NULL),
(335, 45, 30, NULL, NULL, NULL, '2024-12-20 08:47:50', '2024-12-20 08:47:50', NULL),
(336, 45, 31, NULL, NULL, NULL, '2024-12-20 08:47:50', '2024-12-20 08:47:50', NULL),
(337, 45, 32, NULL, NULL, NULL, '2024-12-20 08:47:50', '2024-12-20 08:47:50', NULL),
(338, 46, 25, NULL, NULL, NULL, '2024-12-20 08:47:50', '2024-12-20 08:47:50', NULL),
(339, 46, 26, NULL, NULL, NULL, '2024-12-20 08:47:50', '2024-12-20 08:47:50', NULL),
(340, 46, 27, NULL, NULL, NULL, '2024-12-20 08:47:50', '2024-12-20 08:47:50', NULL),
(341, 46, 28, NULL, NULL, NULL, '2024-12-20 08:47:50', '2024-12-20 08:47:50', NULL),
(342, 46, 29, NULL, NULL, NULL, '2024-12-20 08:47:50', '2024-12-20 08:47:50', NULL),
(343, 46, 30, NULL, NULL, NULL, '2024-12-20 08:47:50', '2024-12-20 08:47:50', NULL),
(344, 46, 31, NULL, NULL, NULL, '2024-12-20 08:47:50', '2024-12-20 08:47:50', NULL),
(345, 46, 32, NULL, NULL, NULL, '2024-12-20 08:47:50', '2024-12-20 08:47:50', NULL),
(346, 47, 25, NULL, NULL, NULL, '2024-12-20 08:47:50', '2024-12-20 08:47:50', NULL),
(347, 47, 26, NULL, NULL, NULL, '2024-12-20 08:47:50', '2024-12-20 08:47:50', NULL),
(348, 47, 27, NULL, NULL, NULL, '2024-12-20 08:47:50', '2024-12-20 08:47:50', NULL),
(349, 47, 28, NULL, NULL, NULL, '2024-12-20 08:47:50', '2024-12-20 08:47:50', NULL),
(350, 47, 29, NULL, NULL, NULL, '2024-12-20 08:47:51', '2024-12-20 08:47:51', NULL),
(351, 47, 30, NULL, NULL, NULL, '2024-12-20 08:47:51', '2024-12-20 08:47:51', NULL),
(352, 47, 31, NULL, NULL, NULL, '2024-12-20 08:47:51', '2024-12-20 08:47:51', NULL),
(353, 47, 32, NULL, NULL, NULL, '2024-12-20 08:47:51', '2024-12-20 08:47:51', NULL),
(354, 48, 25, NULL, NULL, NULL, '2024-12-20 08:47:51', '2024-12-20 08:47:51', NULL),
(355, 48, 26, NULL, NULL, NULL, '2024-12-20 08:47:51', '2024-12-20 08:47:51', NULL),
(356, 48, 27, NULL, NULL, NULL, '2024-12-20 08:47:51', '2024-12-20 08:47:51', NULL),
(357, 48, 28, NULL, NULL, NULL, '2024-12-20 08:47:51', '2024-12-20 08:47:51', NULL),
(358, 48, 29, NULL, NULL, NULL, '2024-12-20 08:47:51', '2024-12-20 08:47:51', NULL),
(359, 48, 30, NULL, NULL, NULL, '2024-12-20 08:47:51', '2024-12-20 08:47:51', NULL),
(360, 48, 31, NULL, NULL, NULL, '2024-12-20 08:47:51', '2024-12-20 08:47:51', NULL),
(361, 48, 32, NULL, NULL, NULL, '2024-12-20 08:47:51', '2024-12-20 08:47:51', NULL),
(362, 49, 25, NULL, NULL, NULL, '2024-12-20 08:47:52', '2024-12-20 08:47:52', NULL),
(363, 49, 26, NULL, NULL, NULL, '2024-12-20 08:47:52', '2024-12-20 08:47:52', NULL),
(364, 49, 27, NULL, NULL, NULL, '2024-12-20 08:47:52', '2024-12-20 08:47:52', NULL),
(365, 49, 28, NULL, NULL, NULL, '2024-12-20 08:47:52', '2024-12-20 08:47:52', NULL),
(366, 49, 29, NULL, NULL, NULL, '2024-12-20 08:47:52', '2024-12-20 08:47:52', NULL),
(367, 49, 30, NULL, NULL, NULL, '2024-12-20 08:47:52', '2024-12-20 08:47:52', NULL),
(368, 49, 31, NULL, NULL, NULL, '2024-12-20 08:47:52', '2024-12-20 08:47:52', NULL),
(369, 49, 32, NULL, NULL, NULL, '2024-12-20 08:47:52', '2024-12-20 08:47:52', NULL),
(370, 50, 25, NULL, NULL, NULL, '2024-12-20 08:47:52', '2024-12-20 08:47:52', NULL),
(371, 50, 26, NULL, NULL, NULL, '2024-12-20 08:47:52', '2024-12-20 08:47:52', NULL),
(372, 50, 27, NULL, NULL, NULL, '2024-12-20 08:47:52', '2024-12-20 08:47:52', NULL),
(373, 50, 28, NULL, NULL, NULL, '2024-12-20 08:47:52', '2024-12-20 08:47:52', NULL),
(374, 50, 29, NULL, NULL, NULL, '2024-12-20 08:47:52', '2024-12-20 08:47:52', NULL),
(375, 50, 30, NULL, NULL, NULL, '2024-12-20 08:47:52', '2024-12-20 08:47:52', NULL),
(376, 50, 31, NULL, NULL, NULL, '2024-12-20 08:47:52', '2024-12-20 08:47:52', NULL),
(377, 50, 32, NULL, NULL, NULL, '2024-12-20 08:47:52', '2024-12-20 08:47:52', NULL),
(378, 51, 25, NULL, NULL, NULL, '2024-12-20 08:47:52', '2024-12-20 08:47:52', NULL),
(379, 51, 26, NULL, NULL, NULL, '2024-12-20 08:47:52', '2024-12-20 08:47:52', NULL),
(380, 51, 27, NULL, NULL, NULL, '2024-12-20 08:47:52', '2024-12-20 08:47:52', NULL),
(381, 51, 28, NULL, NULL, NULL, '2024-12-20 08:47:52', '2024-12-20 08:47:52', NULL),
(382, 51, 29, NULL, NULL, NULL, '2024-12-20 08:47:52', '2024-12-20 08:47:52', NULL),
(383, 51, 30, NULL, NULL, NULL, '2024-12-20 08:47:52', '2024-12-20 08:47:52', NULL),
(384, 51, 31, NULL, NULL, NULL, '2024-12-20 08:47:52', '2024-12-20 08:47:52', NULL),
(385, 51, 32, NULL, NULL, NULL, '2024-12-20 08:47:52', '2024-12-20 08:47:52', NULL),
(386, 52, 25, NULL, NULL, NULL, '2024-12-20 08:47:52', '2024-12-20 08:47:52', NULL),
(387, 52, 26, NULL, NULL, NULL, '2024-12-20 08:47:52', '2024-12-20 08:47:52', NULL),
(388, 52, 27, NULL, NULL, NULL, '2024-12-20 08:47:52', '2024-12-20 08:47:52', NULL),
(389, 52, 28, NULL, NULL, NULL, '2024-12-20 08:47:52', '2024-12-20 08:47:52', NULL),
(390, 52, 29, NULL, NULL, NULL, '2024-12-20 08:47:52', '2024-12-20 08:47:52', NULL),
(391, 52, 30, NULL, NULL, NULL, '2024-12-20 08:47:52', '2024-12-20 08:47:52', NULL),
(392, 52, 31, NULL, NULL, NULL, '2024-12-20 08:47:52', '2024-12-20 08:47:52', NULL),
(393, 52, 32, NULL, NULL, NULL, '2024-12-20 08:47:52', '2024-12-20 08:47:52', NULL),
(394, 53, 25, NULL, NULL, NULL, '2024-12-20 08:47:52', '2024-12-20 08:47:52', NULL),
(395, 53, 26, NULL, NULL, NULL, '2024-12-20 08:47:52', '2024-12-20 08:47:52', NULL),
(396, 53, 27, NULL, NULL, NULL, '2024-12-20 08:47:52', '2024-12-20 08:47:52', NULL),
(397, 53, 28, NULL, NULL, NULL, '2024-12-20 08:47:52', '2024-12-20 08:47:52', NULL),
(398, 53, 29, NULL, NULL, NULL, '2024-12-20 08:47:52', '2024-12-20 08:47:52', NULL),
(399, 53, 30, NULL, NULL, NULL, '2024-12-20 08:47:52', '2024-12-20 08:47:52', NULL),
(400, 53, 31, NULL, NULL, NULL, '2024-12-20 08:47:52', '2024-12-20 08:47:52', NULL),
(401, 53, 32, NULL, NULL, NULL, '2024-12-20 08:47:52', '2024-12-20 08:47:52', NULL),
(402, 54, 25, NULL, NULL, NULL, '2024-12-20 08:47:53', '2024-12-20 08:47:53', NULL),
(403, 54, 26, NULL, NULL, NULL, '2024-12-20 08:47:53', '2024-12-20 08:47:53', NULL),
(404, 54, 27, NULL, NULL, NULL, '2024-12-20 08:47:53', '2024-12-20 08:47:53', NULL),
(405, 54, 28, NULL, NULL, NULL, '2024-12-20 08:47:53', '2024-12-20 08:47:53', NULL),
(406, 54, 29, NULL, NULL, NULL, '2024-12-20 08:47:53', '2024-12-20 08:47:53', NULL),
(407, 54, 30, NULL, NULL, NULL, '2024-12-20 08:47:53', '2024-12-20 08:47:53', NULL),
(408, 54, 31, NULL, NULL, NULL, '2024-12-20 08:47:53', '2024-12-20 08:47:53', NULL),
(409, 54, 32, NULL, NULL, NULL, '2024-12-20 08:47:53', '2024-12-20 08:47:53', NULL),
(410, 55, 25, NULL, NULL, NULL, '2024-12-20 08:47:53', '2024-12-20 08:47:53', NULL),
(411, 55, 26, NULL, NULL, NULL, '2024-12-20 08:47:53', '2024-12-20 08:47:53', NULL),
(412, 55, 27, NULL, NULL, NULL, '2024-12-20 08:47:53', '2024-12-20 08:47:53', NULL),
(413, 55, 28, NULL, NULL, NULL, '2024-12-20 08:47:53', '2024-12-20 08:47:53', NULL),
(414, 55, 29, NULL, NULL, NULL, '2024-12-20 08:47:53', '2024-12-20 08:47:53', NULL),
(415, 55, 30, NULL, NULL, NULL, '2024-12-20 08:47:53', '2024-12-20 08:47:53', NULL),
(416, 55, 31, NULL, NULL, NULL, '2024-12-20 08:47:53', '2024-12-20 08:47:53', NULL),
(417, 55, 32, NULL, NULL, NULL, '2024-12-20 08:47:53', '2024-12-20 08:47:53', NULL),
(418, 56, 25, NULL, NULL, NULL, '2024-12-20 08:47:53', '2024-12-20 08:47:53', NULL),
(419, 56, 26, NULL, NULL, NULL, '2024-12-20 08:47:53', '2024-12-20 08:47:53', NULL),
(420, 56, 27, NULL, NULL, NULL, '2024-12-20 08:47:53', '2024-12-20 08:47:53', NULL),
(421, 56, 28, NULL, NULL, NULL, '2024-12-20 08:47:53', '2024-12-20 08:47:53', NULL),
(422, 56, 29, NULL, NULL, NULL, '2024-12-20 08:47:53', '2024-12-20 08:47:53', NULL),
(423, 56, 30, NULL, NULL, NULL, '2024-12-20 08:47:53', '2024-12-20 08:47:53', NULL),
(424, 56, 31, NULL, NULL, NULL, '2024-12-20 08:47:53', '2024-12-20 08:47:53', NULL),
(425, 56, 32, NULL, NULL, NULL, '2024-12-20 08:47:53', '2024-12-20 08:47:53', NULL),
(426, 57, 25, NULL, NULL, NULL, '2024-12-20 08:47:53', '2024-12-20 08:47:53', NULL),
(427, 57, 26, NULL, NULL, NULL, '2024-12-20 08:47:53', '2024-12-20 08:47:53', NULL),
(428, 57, 27, NULL, NULL, NULL, '2024-12-20 08:47:53', '2024-12-20 08:47:53', NULL),
(429, 57, 28, NULL, NULL, NULL, '2024-12-20 08:47:53', '2024-12-20 08:47:53', NULL),
(430, 57, 29, NULL, NULL, NULL, '2024-12-20 08:47:53', '2024-12-20 08:47:53', NULL),
(431, 57, 30, NULL, NULL, NULL, '2024-12-20 08:47:53', '2024-12-20 08:47:53', NULL),
(432, 57, 31, NULL, NULL, NULL, '2024-12-20 08:47:53', '2024-12-20 08:47:53', NULL),
(433, 57, 32, NULL, NULL, NULL, '2024-12-20 08:47:53', '2024-12-20 08:47:53', NULL),
(434, 58, 25, NULL, NULL, NULL, '2024-12-20 08:47:53', '2024-12-20 08:47:53', NULL),
(435, 58, 26, NULL, NULL, NULL, '2024-12-20 08:47:53', '2024-12-20 08:47:53', NULL),
(436, 58, 27, NULL, NULL, NULL, '2024-12-20 08:47:53', '2024-12-20 08:47:53', NULL),
(437, 58, 28, NULL, NULL, NULL, '2024-12-20 08:47:53', '2024-12-20 08:47:53', NULL),
(438, 58, 29, NULL, NULL, NULL, '2024-12-20 08:47:53', '2024-12-20 08:47:53', NULL),
(439, 58, 30, NULL, NULL, NULL, '2024-12-20 08:47:53', '2024-12-20 08:47:53', NULL),
(440, 58, 31, NULL, NULL, NULL, '2024-12-20 08:47:53', '2024-12-20 08:47:53', NULL),
(441, 58, 32, NULL, NULL, NULL, '2024-12-20 08:47:53', '2024-12-20 08:47:53', NULL),
(442, 59, 25, NULL, NULL, NULL, '2024-12-20 08:47:53', '2024-12-20 08:47:53', NULL),
(443, 59, 26, NULL, NULL, NULL, '2024-12-20 08:47:53', '2024-12-20 08:47:53', NULL),
(444, 59, 27, NULL, NULL, NULL, '2024-12-20 08:47:53', '2024-12-20 08:47:53', NULL),
(445, 59, 28, NULL, NULL, NULL, '2024-12-20 08:47:53', '2024-12-20 08:47:53', NULL),
(446, 59, 29, NULL, NULL, NULL, '2024-12-20 08:47:53', '2024-12-20 08:47:53', NULL),
(447, 59, 30, NULL, NULL, NULL, '2024-12-20 08:47:53', '2024-12-20 08:47:53', NULL),
(448, 59, 31, NULL, NULL, NULL, '2024-12-20 08:47:53', '2024-12-20 08:47:53', NULL),
(449, 59, 32, NULL, NULL, NULL, '2024-12-20 08:47:53', '2024-12-20 08:47:53', NULL),
(450, 60, 25, NULL, NULL, NULL, '2024-12-20 08:47:53', '2024-12-20 08:47:53', NULL),
(451, 60, 26, NULL, NULL, NULL, '2024-12-20 08:47:53', '2024-12-20 08:47:53', NULL),
(452, 60, 27, NULL, NULL, NULL, '2024-12-20 08:47:54', '2024-12-20 08:47:54', NULL),
(453, 60, 28, NULL, NULL, NULL, '2024-12-20 08:47:54', '2024-12-20 08:47:54', NULL),
(454, 60, 29, NULL, NULL, NULL, '2024-12-20 08:47:54', '2024-12-20 08:47:54', NULL),
(455, 60, 30, NULL, NULL, NULL, '2024-12-20 08:47:54', '2024-12-20 08:47:54', NULL),
(456, 60, 31, NULL, NULL, NULL, '2024-12-20 08:47:54', '2024-12-20 08:47:54', NULL),
(457, 60, 32, NULL, NULL, NULL, '2024-12-20 08:47:54', '2024-12-20 08:47:54', NULL),
(458, 61, 25, NULL, NULL, NULL, '2024-12-20 08:47:54', '2024-12-20 08:47:54', NULL),
(459, 61, 26, NULL, NULL, NULL, '2024-12-20 08:47:54', '2024-12-20 08:47:54', NULL),
(460, 61, 27, NULL, NULL, NULL, '2024-12-20 08:47:54', '2024-12-20 08:47:54', NULL),
(461, 61, 28, NULL, NULL, NULL, '2024-12-20 08:47:54', '2024-12-20 08:47:54', NULL),
(462, 61, 29, NULL, NULL, NULL, '2024-12-20 08:47:54', '2024-12-20 08:47:54', NULL),
(463, 61, 30, NULL, NULL, NULL, '2024-12-20 08:47:54', '2024-12-20 08:47:54', NULL),
(464, 61, 31, NULL, NULL, NULL, '2024-12-20 08:47:54', '2024-12-20 08:47:54', NULL),
(465, 61, 32, NULL, NULL, NULL, '2024-12-20 08:47:54', '2024-12-20 08:47:54', NULL),
(466, 62, 25, NULL, NULL, NULL, '2024-12-20 08:47:54', '2024-12-20 08:47:54', NULL),
(467, 62, 26, NULL, NULL, NULL, '2024-12-20 08:47:54', '2024-12-20 08:47:54', NULL),
(468, 62, 27, NULL, NULL, NULL, '2024-12-20 08:47:54', '2024-12-20 08:47:54', NULL),
(469, 62, 28, NULL, NULL, NULL, '2024-12-20 08:47:54', '2024-12-20 08:47:54', NULL),
(470, 62, 29, NULL, NULL, NULL, '2024-12-20 08:47:54', '2024-12-20 08:47:54', NULL),
(471, 62, 30, NULL, NULL, NULL, '2024-12-20 08:47:54', '2024-12-20 08:47:54', NULL),
(472, 62, 31, NULL, NULL, NULL, '2024-12-20 08:47:54', '2024-12-20 08:47:54', NULL),
(473, 62, 32, NULL, NULL, NULL, '2024-12-20 08:47:54', '2024-12-20 08:47:54', NULL),
(474, 63, 25, NULL, NULL, NULL, '2024-12-20 08:47:54', '2024-12-20 08:47:54', NULL),
(475, 63, 26, NULL, NULL, NULL, '2024-12-20 08:47:54', '2024-12-20 08:47:54', NULL),
(476, 63, 27, NULL, NULL, NULL, '2024-12-20 08:47:54', '2024-12-20 08:47:54', NULL),
(477, 63, 28, NULL, NULL, NULL, '2024-12-20 08:47:54', '2024-12-20 08:47:54', NULL),
(478, 63, 29, NULL, NULL, NULL, '2024-12-20 08:47:54', '2024-12-20 08:47:54', NULL),
(479, 63, 30, NULL, NULL, NULL, '2024-12-20 08:47:54', '2024-12-20 08:47:54', NULL),
(480, 63, 31, NULL, NULL, NULL, '2024-12-20 08:47:54', '2024-12-20 08:47:54', NULL),
(481, 63, 32, NULL, NULL, NULL, '2024-12-20 08:47:54', '2024-12-20 08:47:54', NULL),
(482, 64, 25, NULL, NULL, NULL, '2024-12-20 08:47:54', '2024-12-20 08:47:54', NULL),
(483, 64, 26, NULL, NULL, NULL, '2024-12-20 08:47:54', '2024-12-20 08:47:54', NULL),
(484, 64, 27, NULL, NULL, NULL, '2024-12-20 08:47:54', '2024-12-20 08:47:54', NULL),
(485, 64, 28, NULL, NULL, NULL, '2024-12-20 08:47:54', '2024-12-20 08:47:54', NULL),
(486, 64, 29, NULL, NULL, NULL, '2024-12-20 08:47:54', '2024-12-20 08:47:54', NULL),
(487, 64, 30, NULL, NULL, NULL, '2024-12-20 08:47:54', '2024-12-20 08:47:54', NULL),
(488, 64, 31, NULL, NULL, NULL, '2024-12-20 08:47:54', '2024-12-20 08:47:54', NULL),
(489, 64, 32, NULL, NULL, NULL, '2024-12-20 08:47:54', '2024-12-20 08:47:54', NULL),
(490, 65, 25, NULL, NULL, NULL, '2024-12-20 08:47:54', '2024-12-20 08:47:54', NULL),
(491, 65, 26, NULL, NULL, NULL, '2024-12-20 08:47:54', '2024-12-20 08:47:54', NULL),
(492, 65, 27, NULL, NULL, NULL, '2024-12-20 08:47:54', '2024-12-20 08:47:54', NULL),
(493, 65, 28, NULL, NULL, NULL, '2024-12-20 08:47:54', '2024-12-20 08:47:54', NULL),
(494, 65, 29, NULL, NULL, NULL, '2024-12-20 08:47:54', '2024-12-20 08:47:54', NULL),
(495, 65, 30, NULL, NULL, NULL, '2024-12-20 08:47:54', '2024-12-20 08:47:54', NULL),
(496, 65, 31, NULL, NULL, NULL, '2024-12-20 08:47:54', '2024-12-20 08:47:54', NULL),
(497, 65, 32, NULL, NULL, NULL, '2024-12-20 08:47:54', '2024-12-20 08:47:54', NULL),
(498, 66, 25, NULL, NULL, NULL, '2024-12-20 08:47:54', '2024-12-20 08:47:54', NULL),
(499, 66, 26, NULL, NULL, NULL, '2024-12-20 08:47:54', '2024-12-20 08:47:54', NULL),
(500, 66, 27, NULL, NULL, NULL, '2024-12-20 08:47:54', '2024-12-20 08:47:54', NULL),
(501, 66, 28, NULL, NULL, NULL, '2024-12-20 08:47:54', '2024-12-20 08:47:54', NULL),
(502, 66, 29, NULL, NULL, NULL, '2024-12-20 08:47:54', '2024-12-20 08:47:54', NULL),
(503, 66, 30, NULL, NULL, NULL, '2024-12-20 08:47:54', '2024-12-20 08:47:54', NULL),
(504, 66, 31, NULL, NULL, NULL, '2024-12-20 08:47:54', '2024-12-20 08:47:54', NULL),
(505, 66, 32, NULL, NULL, NULL, '2024-12-20 08:47:54', '2024-12-20 08:47:54', NULL),
(506, 67, 25, NULL, NULL, NULL, '2024-12-20 08:47:55', '2024-12-20 08:47:55', NULL),
(507, 67, 26, NULL, NULL, NULL, '2024-12-20 08:47:55', '2024-12-20 08:47:55', NULL),
(508, 67, 27, NULL, NULL, NULL, '2024-12-20 08:47:55', '2024-12-20 08:47:55', NULL),
(509, 67, 28, NULL, NULL, NULL, '2024-12-20 08:47:55', '2024-12-20 08:47:55', NULL),
(510, 67, 29, NULL, NULL, NULL, '2024-12-20 08:47:55', '2024-12-20 08:47:55', NULL),
(511, 67, 30, NULL, NULL, NULL, '2024-12-20 08:47:55', '2024-12-20 08:47:55', NULL),
(512, 67, 31, NULL, NULL, NULL, '2024-12-20 08:47:55', '2024-12-20 08:47:55', NULL),
(513, 67, 32, NULL, NULL, NULL, '2024-12-20 08:47:55', '2024-12-20 08:47:55', NULL),
(514, 68, 25, NULL, NULL, NULL, '2024-12-20 08:47:55', '2024-12-20 08:47:55', NULL),
(515, 68, 26, NULL, NULL, NULL, '2024-12-20 08:47:55', '2024-12-20 08:47:55', NULL),
(516, 68, 27, NULL, NULL, NULL, '2024-12-20 08:47:55', '2024-12-20 08:47:55', NULL),
(517, 68, 28, NULL, NULL, NULL, '2024-12-20 08:47:55', '2024-12-20 08:47:55', NULL),
(518, 68, 29, NULL, NULL, NULL, '2024-12-20 08:47:55', '2024-12-20 08:47:55', NULL),
(519, 68, 30, NULL, NULL, NULL, '2024-12-20 08:47:55', '2024-12-20 08:47:55', NULL),
(520, 68, 31, NULL, NULL, NULL, '2024-12-20 08:47:55', '2024-12-20 08:47:55', NULL),
(521, 68, 32, NULL, NULL, NULL, '2024-12-20 08:47:55', '2024-12-20 08:47:55', NULL),
(522, 69, 25, NULL, NULL, NULL, '2024-12-20 08:47:59', '2024-12-20 08:47:59', NULL),
(523, 69, 26, NULL, NULL, NULL, '2024-12-20 08:47:59', '2024-12-20 08:47:59', NULL),
(524, 69, 27, NULL, NULL, NULL, '2024-12-20 08:47:59', '2024-12-20 08:47:59', NULL),
(525, 69, 28, NULL, NULL, NULL, '2024-12-20 08:47:59', '2024-12-20 08:47:59', NULL),
(526, 69, 29, NULL, NULL, NULL, '2024-12-20 08:47:59', '2024-12-20 08:47:59', NULL),
(527, 69, 30, NULL, NULL, NULL, '2024-12-20 08:47:59', '2024-12-20 08:47:59', NULL),
(528, 69, 31, NULL, NULL, NULL, '2024-12-20 08:47:59', '2024-12-20 08:47:59', NULL),
(529, 69, 32, NULL, NULL, NULL, '2024-12-20 08:47:59', '2024-12-20 08:47:59', NULL),
(530, 70, 25, NULL, NULL, NULL, '2024-12-20 08:47:59', '2024-12-20 08:47:59', NULL),
(531, 70, 26, NULL, NULL, NULL, '2024-12-20 08:47:59', '2024-12-20 08:47:59', NULL),
(532, 70, 27, NULL, NULL, NULL, '2024-12-20 08:47:59', '2024-12-20 08:47:59', NULL),
(533, 70, 28, NULL, NULL, NULL, '2024-12-20 08:47:59', '2024-12-20 08:47:59', NULL),
(534, 70, 29, NULL, NULL, NULL, '2024-12-20 08:47:59', '2024-12-20 08:47:59', NULL),
(535, 70, 30, NULL, NULL, NULL, '2024-12-20 08:47:59', '2024-12-20 08:47:59', NULL),
(536, 70, 31, NULL, NULL, NULL, '2024-12-20 08:47:59', '2024-12-20 08:47:59', NULL),
(537, 70, 32, NULL, NULL, NULL, '2024-12-20 08:47:59', '2024-12-20 08:47:59', NULL),
(538, 71, 25, NULL, NULL, NULL, '2024-12-20 08:47:59', '2024-12-20 08:47:59', NULL),
(539, 71, 26, NULL, NULL, NULL, '2024-12-20 08:47:59', '2024-12-20 08:47:59', NULL),
(540, 71, 27, NULL, NULL, NULL, '2024-12-20 08:47:59', '2024-12-20 08:47:59', NULL),
(541, 71, 28, NULL, NULL, NULL, '2024-12-20 08:47:59', '2024-12-20 08:47:59', NULL),
(542, 71, 29, NULL, NULL, NULL, '2024-12-20 08:47:59', '2024-12-20 08:47:59', NULL),
(543, 71, 30, NULL, NULL, NULL, '2024-12-20 08:47:59', '2024-12-20 08:47:59', NULL),
(544, 71, 31, NULL, NULL, NULL, '2024-12-20 08:47:59', '2024-12-20 08:47:59', NULL),
(545, 71, 32, NULL, NULL, NULL, '2024-12-20 08:47:59', '2024-12-20 08:47:59', NULL),
(546, 72, 25, NULL, NULL, NULL, '2024-12-20 08:47:59', '2024-12-20 08:47:59', NULL),
(547, 72, 26, NULL, NULL, NULL, '2024-12-20 08:47:59', '2024-12-20 08:47:59', NULL),
(548, 72, 27, NULL, NULL, NULL, '2024-12-20 08:47:59', '2024-12-20 08:47:59', NULL),
(549, 72, 28, NULL, NULL, NULL, '2024-12-20 08:47:59', '2024-12-20 08:47:59', NULL),
(550, 72, 29, NULL, NULL, NULL, '2024-12-20 08:47:59', '2024-12-20 08:47:59', NULL),
(551, 72, 30, NULL, NULL, NULL, '2024-12-20 08:47:59', '2024-12-20 08:47:59', NULL),
(552, 72, 31, NULL, NULL, NULL, '2024-12-20 08:47:59', '2024-12-20 08:47:59', NULL),
(553, 72, 32, NULL, NULL, NULL, '2024-12-20 08:47:59', '2024-12-20 08:47:59', NULL),
(554, 73, 25, NULL, NULL, NULL, '2024-12-20 08:47:59', '2024-12-20 08:47:59', NULL),
(555, 73, 26, NULL, NULL, NULL, '2024-12-20 08:47:59', '2024-12-20 08:47:59', NULL),
(556, 73, 27, NULL, NULL, NULL, '2024-12-20 08:47:59', '2024-12-20 08:47:59', NULL),
(557, 73, 28, NULL, NULL, NULL, '2024-12-20 08:47:59', '2024-12-20 08:47:59', NULL),
(558, 73, 29, NULL, NULL, NULL, '2024-12-20 08:47:59', '2024-12-20 08:47:59', NULL),
(559, 73, 30, NULL, NULL, NULL, '2024-12-20 08:47:59', '2024-12-20 08:47:59', NULL),
(560, 73, 31, NULL, NULL, NULL, '2024-12-20 08:47:59', '2024-12-20 08:47:59', NULL),
(561, 73, 32, NULL, NULL, NULL, '2024-12-20 08:47:59', '2024-12-20 08:47:59', NULL),
(562, 74, 25, NULL, NULL, NULL, '2024-12-20 08:48:00', '2024-12-20 08:48:00', NULL),
(563, 74, 26, NULL, NULL, NULL, '2024-12-20 08:48:00', '2024-12-20 08:48:00', NULL),
(564, 74, 27, NULL, NULL, NULL, '2024-12-20 08:48:00', '2024-12-20 08:48:00', NULL),
(565, 74, 28, NULL, NULL, NULL, '2024-12-20 08:48:00', '2024-12-20 08:48:00', NULL),
(566, 74, 29, NULL, NULL, NULL, '2024-12-20 08:48:00', '2024-12-20 08:48:00', NULL),
(567, 74, 30, NULL, NULL, NULL, '2024-12-20 08:48:00', '2024-12-20 08:48:00', NULL),
(568, 74, 31, NULL, NULL, NULL, '2024-12-20 08:48:00', '2024-12-20 08:48:00', NULL),
(569, 74, 32, NULL, NULL, NULL, '2024-12-20 08:48:00', '2024-12-20 08:48:00', NULL),
(570, 75, 25, NULL, NULL, NULL, '2024-12-20 08:48:00', '2024-12-20 08:48:00', NULL),
(571, 75, 26, NULL, NULL, NULL, '2024-12-20 08:48:00', '2024-12-20 08:48:00', NULL),
(572, 75, 27, NULL, NULL, NULL, '2024-12-20 08:48:00', '2024-12-20 08:48:00', NULL),
(573, 75, 28, NULL, NULL, NULL, '2024-12-20 08:48:00', '2024-12-20 08:48:00', NULL),
(574, 75, 29, NULL, NULL, NULL, '2024-12-20 08:48:00', '2024-12-20 08:48:00', NULL),
(575, 75, 30, NULL, NULL, NULL, '2024-12-20 08:48:00', '2024-12-20 08:48:00', NULL),
(576, 75, 31, NULL, NULL, NULL, '2024-12-20 08:48:00', '2024-12-20 08:48:00', NULL),
(577, 75, 32, NULL, NULL, NULL, '2024-12-20 08:48:00', '2024-12-20 08:48:00', NULL),
(578, 76, 25, NULL, NULL, NULL, '2024-12-20 08:48:00', '2024-12-20 08:48:00', NULL),
(579, 76, 26, NULL, NULL, NULL, '2024-12-20 08:48:00', '2024-12-20 08:48:00', NULL),
(580, 76, 27, NULL, NULL, NULL, '2024-12-20 08:48:00', '2024-12-20 08:48:00', NULL),
(581, 76, 28, NULL, NULL, NULL, '2024-12-20 08:48:00', '2024-12-20 08:48:00', NULL),
(582, 76, 29, NULL, NULL, NULL, '2024-12-20 08:48:00', '2024-12-20 08:48:00', NULL),
(583, 76, 30, NULL, NULL, NULL, '2024-12-20 08:48:00', '2024-12-20 08:48:00', NULL),
(584, 76, 31, NULL, NULL, NULL, '2024-12-20 08:48:00', '2024-12-20 08:48:00', NULL),
(585, 76, 32, NULL, NULL, NULL, '2024-12-20 08:48:00', '2024-12-20 08:48:00', NULL),
(586, 77, 25, NULL, NULL, NULL, '2024-12-20 08:48:00', '2024-12-20 08:48:00', NULL),
(587, 77, 26, NULL, NULL, NULL, '2024-12-20 08:48:00', '2024-12-20 08:48:00', NULL),
(588, 77, 27, NULL, NULL, NULL, '2024-12-20 08:48:00', '2024-12-20 08:48:00', NULL),
(589, 77, 28, NULL, NULL, NULL, '2024-12-20 08:48:00', '2024-12-20 08:48:00', NULL),
(590, 77, 29, NULL, NULL, NULL, '2024-12-20 08:48:00', '2024-12-20 08:48:00', NULL),
(591, 77, 30, NULL, NULL, NULL, '2024-12-20 08:48:00', '2024-12-20 08:48:00', NULL),
(592, 77, 31, NULL, NULL, NULL, '2024-12-20 08:48:00', '2024-12-20 08:48:00', NULL),
(593, 77, 32, NULL, NULL, NULL, '2024-12-20 08:48:00', '2024-12-20 08:48:00', NULL),
(594, 78, 25, NULL, NULL, NULL, '2024-12-20 08:48:00', '2024-12-20 08:48:00', NULL),
(595, 78, 26, NULL, NULL, NULL, '2024-12-20 08:48:00', '2024-12-20 08:48:00', NULL),
(596, 78, 27, NULL, NULL, NULL, '2024-12-20 08:48:00', '2024-12-20 08:48:00', NULL),
(597, 78, 28, NULL, NULL, NULL, '2024-12-20 08:48:00', '2024-12-20 08:48:00', NULL),
(598, 78, 29, NULL, NULL, NULL, '2024-12-20 08:48:00', '2024-12-20 08:48:00', NULL),
(599, 78, 30, NULL, NULL, NULL, '2024-12-20 08:48:00', '2024-12-20 08:48:00', NULL),
(600, 78, 31, NULL, NULL, NULL, '2024-12-20 08:48:00', '2024-12-20 08:48:00', NULL),
(601, 78, 32, NULL, NULL, NULL, '2024-12-20 08:48:00', '2024-12-20 08:48:00', NULL),
(602, 79, 25, NULL, NULL, NULL, '2024-12-20 08:48:01', '2024-12-20 08:48:01', NULL);
INSERT INTO `service_employees` (`id`, `service_id`, `employee_id`, `created_by`, `updated_by`, `deleted_by`, `created_at`, `updated_at`, `deleted_at`) VALUES
(603, 79, 26, NULL, NULL, NULL, '2024-12-20 08:48:01', '2024-12-20 08:48:01', NULL),
(604, 79, 27, NULL, NULL, NULL, '2024-12-20 08:48:01', '2024-12-20 08:48:01', NULL),
(605, 79, 28, NULL, NULL, NULL, '2024-12-20 08:48:01', '2024-12-20 08:48:01', NULL),
(606, 79, 29, NULL, NULL, NULL, '2024-12-20 08:48:01', '2024-12-20 08:48:01', NULL),
(607, 79, 30, NULL, NULL, NULL, '2024-12-20 08:48:01', '2024-12-20 08:48:01', NULL),
(608, 79, 31, NULL, NULL, NULL, '2024-12-20 08:48:01', '2024-12-20 08:48:01', NULL),
(609, 79, 32, NULL, NULL, NULL, '2024-12-20 08:48:01', '2024-12-20 08:48:01', NULL),
(610, 80, 25, NULL, NULL, NULL, '2024-12-20 08:48:01', '2024-12-20 08:48:01', NULL),
(611, 80, 26, NULL, NULL, NULL, '2024-12-20 08:48:01', '2024-12-20 08:48:01', NULL),
(612, 80, 27, NULL, NULL, NULL, '2024-12-20 08:48:01', '2024-12-20 08:48:01', NULL),
(613, 80, 28, NULL, NULL, NULL, '2024-12-20 08:48:01', '2024-12-20 08:48:01', NULL),
(614, 80, 29, NULL, NULL, NULL, '2024-12-20 08:48:01', '2024-12-20 08:48:01', NULL),
(615, 80, 30, NULL, NULL, NULL, '2024-12-20 08:48:01', '2024-12-20 08:48:01', NULL),
(616, 80, 31, NULL, NULL, NULL, '2024-12-20 08:48:01', '2024-12-20 08:48:01', NULL),
(617, 80, 32, NULL, NULL, NULL, '2024-12-20 08:48:01', '2024-12-20 08:48:01', NULL),
(618, 81, 25, NULL, NULL, NULL, '2024-12-20 08:48:01', '2024-12-20 08:48:01', NULL),
(619, 81, 26, NULL, NULL, NULL, '2024-12-20 08:48:01', '2024-12-20 08:48:01', NULL),
(620, 81, 27, NULL, NULL, NULL, '2024-12-20 08:48:01', '2024-12-20 08:48:01', NULL),
(621, 81, 28, NULL, NULL, NULL, '2024-12-20 08:48:01', '2024-12-20 08:48:01', NULL),
(622, 81, 29, NULL, NULL, NULL, '2024-12-20 08:48:01', '2024-12-20 08:48:01', NULL),
(623, 81, 30, NULL, NULL, NULL, '2024-12-20 08:48:01', '2024-12-20 08:48:01', NULL),
(624, 81, 31, NULL, NULL, NULL, '2024-12-20 08:48:01', '2024-12-20 08:48:01', NULL),
(625, 81, 32, NULL, NULL, NULL, '2024-12-20 08:48:01', '2024-12-20 08:48:01', NULL),
(626, 82, 25, NULL, NULL, NULL, '2024-12-20 08:48:01', '2024-12-20 08:48:01', NULL),
(627, 82, 26, NULL, NULL, NULL, '2024-12-20 08:48:01', '2024-12-20 08:48:01', NULL),
(628, 82, 27, NULL, NULL, NULL, '2024-12-20 08:48:01', '2024-12-20 08:48:01', NULL),
(629, 82, 28, NULL, NULL, NULL, '2024-12-20 08:48:01', '2024-12-20 08:48:01', NULL),
(630, 82, 29, NULL, NULL, NULL, '2024-12-20 08:48:01', '2024-12-20 08:48:01', NULL),
(631, 82, 30, NULL, NULL, NULL, '2024-12-20 08:48:01', '2024-12-20 08:48:01', NULL),
(632, 82, 31, NULL, NULL, NULL, '2024-12-20 08:48:01', '2024-12-20 08:48:01', NULL),
(633, 82, 32, NULL, NULL, NULL, '2024-12-20 08:48:01', '2024-12-20 08:48:01', NULL),
(634, 83, 25, NULL, NULL, NULL, '2024-12-20 08:48:01', '2024-12-20 08:48:01', NULL),
(635, 83, 26, NULL, NULL, NULL, '2024-12-20 08:48:01', '2024-12-20 08:48:01', NULL),
(636, 83, 27, NULL, NULL, NULL, '2024-12-20 08:48:01', '2024-12-20 08:48:01', NULL),
(637, 83, 28, NULL, NULL, NULL, '2024-12-20 08:48:01', '2024-12-20 08:48:01', NULL),
(638, 83, 29, NULL, NULL, NULL, '2024-12-20 08:48:01', '2024-12-20 08:48:01', NULL),
(639, 83, 30, NULL, NULL, NULL, '2024-12-20 08:48:01', '2024-12-20 08:48:01', NULL),
(640, 83, 31, NULL, NULL, NULL, '2024-12-20 08:48:01', '2024-12-20 08:48:01', NULL),
(641, 83, 32, NULL, NULL, NULL, '2024-12-20 08:48:01', '2024-12-20 08:48:01', NULL),
(642, 84, 25, NULL, NULL, NULL, '2024-12-20 08:48:02', '2024-12-20 08:48:02', NULL),
(643, 84, 26, NULL, NULL, NULL, '2024-12-20 08:48:02', '2024-12-20 08:48:02', NULL),
(644, 84, 27, NULL, NULL, NULL, '2024-12-20 08:48:02', '2024-12-20 08:48:02', NULL),
(645, 84, 28, NULL, NULL, NULL, '2024-12-20 08:48:02', '2024-12-20 08:48:02', NULL),
(646, 84, 29, NULL, NULL, NULL, '2024-12-20 08:48:02', '2024-12-20 08:48:02', NULL),
(647, 84, 30, NULL, NULL, NULL, '2024-12-20 08:48:02', '2024-12-20 08:48:02', NULL),
(648, 84, 31, NULL, NULL, NULL, '2024-12-20 08:48:02', '2024-12-20 08:48:02', NULL),
(649, 84, 32, NULL, NULL, NULL, '2024-12-20 08:48:02', '2024-12-20 08:48:02', NULL),
(650, 85, 25, NULL, NULL, NULL, '2024-12-20 08:48:02', '2024-12-20 08:48:02', NULL),
(651, 85, 26, NULL, NULL, NULL, '2024-12-20 08:48:02', '2024-12-20 08:48:02', NULL),
(652, 85, 27, NULL, NULL, NULL, '2024-12-20 08:48:02', '2024-12-20 08:48:02', NULL),
(653, 85, 28, NULL, NULL, NULL, '2024-12-20 08:48:02', '2024-12-20 08:48:02', NULL),
(654, 85, 29, NULL, NULL, NULL, '2024-12-20 08:48:02', '2024-12-20 08:48:02', NULL),
(655, 85, 30, NULL, NULL, NULL, '2024-12-20 08:48:02', '2024-12-20 08:48:02', NULL),
(656, 85, 31, NULL, NULL, NULL, '2024-12-20 08:48:02', '2024-12-20 08:48:02', NULL),
(657, 85, 32, NULL, NULL, NULL, '2024-12-20 08:48:02', '2024-12-20 08:48:02', NULL),
(658, 86, 25, NULL, NULL, NULL, '2024-12-20 08:48:02', '2024-12-20 08:48:02', NULL),
(659, 86, 26, NULL, NULL, NULL, '2024-12-20 08:48:02', '2024-12-20 08:48:02', NULL),
(660, 86, 27, NULL, NULL, NULL, '2024-12-20 08:48:02', '2024-12-20 08:48:02', NULL),
(661, 86, 28, NULL, NULL, NULL, '2024-12-20 08:48:02', '2024-12-20 08:48:02', NULL),
(662, 86, 29, NULL, NULL, NULL, '2024-12-20 08:48:02', '2024-12-20 08:48:02', NULL),
(663, 86, 30, NULL, NULL, NULL, '2024-12-20 08:48:02', '2024-12-20 08:48:02', NULL),
(664, 86, 31, NULL, NULL, NULL, '2024-12-20 08:48:02', '2024-12-20 08:48:02', NULL),
(665, 86, 32, NULL, NULL, NULL, '2024-12-20 08:48:02', '2024-12-20 08:48:02', NULL),
(666, 87, 25, NULL, NULL, NULL, '2024-12-20 08:48:02', '2024-12-20 08:48:02', NULL),
(667, 87, 26, NULL, NULL, NULL, '2024-12-20 08:48:02', '2024-12-20 08:48:02', NULL),
(668, 87, 27, NULL, NULL, NULL, '2024-12-20 08:48:02', '2024-12-20 08:48:02', NULL),
(669, 87, 28, NULL, NULL, NULL, '2024-12-20 08:48:02', '2024-12-20 08:48:02', NULL),
(670, 87, 29, NULL, NULL, NULL, '2024-12-20 08:48:02', '2024-12-20 08:48:02', NULL),
(671, 87, 30, NULL, NULL, NULL, '2024-12-20 08:48:02', '2024-12-20 08:48:02', NULL),
(672, 87, 31, NULL, NULL, NULL, '2024-12-20 08:48:02', '2024-12-20 08:48:02', NULL),
(673, 87, 32, NULL, NULL, NULL, '2024-12-20 08:48:02', '2024-12-20 08:48:02', NULL),
(674, 88, 25, NULL, NULL, NULL, '2024-12-20 08:48:02', '2024-12-20 08:48:02', NULL),
(675, 88, 26, NULL, NULL, NULL, '2024-12-20 08:48:02', '2024-12-20 08:48:02', NULL),
(676, 88, 27, NULL, NULL, NULL, '2024-12-20 08:48:02', '2024-12-20 08:48:02', NULL),
(677, 88, 28, NULL, NULL, NULL, '2024-12-20 08:48:02', '2024-12-20 08:48:02', NULL),
(678, 88, 29, NULL, NULL, NULL, '2024-12-20 08:48:02', '2024-12-20 08:48:02', NULL),
(679, 88, 30, NULL, NULL, NULL, '2024-12-20 08:48:02', '2024-12-20 08:48:02', NULL),
(680, 88, 31, NULL, NULL, NULL, '2024-12-20 08:48:02', '2024-12-20 08:48:02', NULL),
(681, 88, 32, NULL, NULL, NULL, '2024-12-20 08:48:02', '2024-12-20 08:48:02', NULL),
(682, 89, 25, NULL, NULL, NULL, '2024-12-20 08:48:02', '2024-12-20 08:48:02', NULL),
(683, 89, 26, NULL, NULL, NULL, '2024-12-20 08:48:02', '2024-12-20 08:48:02', NULL),
(684, 89, 27, NULL, NULL, NULL, '2024-12-20 08:48:02', '2024-12-20 08:48:02', NULL),
(685, 89, 28, NULL, NULL, NULL, '2024-12-20 08:48:02', '2024-12-20 08:48:02', NULL),
(686, 89, 29, NULL, NULL, NULL, '2024-12-20 08:48:02', '2024-12-20 08:48:02', NULL),
(687, 89, 30, NULL, NULL, NULL, '2024-12-20 08:48:02', '2024-12-20 08:48:02', NULL),
(688, 89, 31, NULL, NULL, NULL, '2024-12-20 08:48:02', '2024-12-20 08:48:02', NULL),
(689, 89, 32, NULL, NULL, NULL, '2024-12-20 08:48:02', '2024-12-20 08:48:02', NULL),
(690, 90, 18, NULL, NULL, NULL, '2024-12-20 08:48:03', '2024-12-20 08:48:03', NULL),
(691, 90, 20, NULL, NULL, NULL, '2024-12-20 08:48:03', '2024-12-20 08:48:03', NULL),
(692, 90, 21, NULL, NULL, NULL, '2024-12-20 08:48:03', '2024-12-20 08:48:03', NULL),
(693, 90, 22, NULL, NULL, NULL, '2024-12-20 08:48:03', '2024-12-20 08:48:03', NULL),
(694, 90, 23, NULL, NULL, NULL, '2024-12-20 08:48:03', '2024-12-20 08:48:03', NULL),
(695, 90, 24, NULL, NULL, NULL, '2024-12-20 08:48:03', '2024-12-20 08:48:03', NULL),
(696, 91, 18, NULL, NULL, NULL, '2024-12-20 08:48:03', '2024-12-20 08:48:03', NULL),
(697, 91, 19, NULL, NULL, NULL, '2024-12-20 08:48:03', '2024-12-20 08:48:03', NULL),
(698, 91, 20, NULL, NULL, NULL, '2024-12-20 08:48:03', '2024-12-20 08:48:03', NULL),
(699, 91, 21, NULL, NULL, NULL, '2024-12-20 08:48:03', '2024-12-20 08:48:03', NULL),
(700, 91, 22, NULL, NULL, NULL, '2024-12-20 08:48:03', '2024-12-20 08:48:03', NULL),
(701, 91, 23, NULL, NULL, NULL, '2024-12-20 08:48:03', '2024-12-20 08:48:03', NULL),
(702, 91, 24, NULL, NULL, NULL, '2024-12-20 08:48:03', '2024-12-20 08:48:03', NULL);

-- --------------------------------------------------------

--
